40.77.167.8 - - [04/Dec/2022:04:18:35 -0800] "GET /sitebuilder/images/000_0023-268x199.jpg HTTP/1.1" 200 12819 "-" "Mozilla/5.0 (compatible; bingbot/2.0; +http://www.bing.com/bingbot.htm)" "www.specialtymovingrigging.com"
40.77.167.8 - - [04/Dec/2022:04:27:17 -0800] "GET /images/DSC00047.JPG HTTP/1.1" 200 6658567 "-" "Mozilla/5.0 (compatible; bingbot/2.0; +http://www.bing.com/bingbot.htm)" "specialtymovingrigging.com"
61.135.159.155 - - [04/Dec/2022:04:29:51 -0800] "GET / HTTP/1.1" 200 4168 "-" "Sogou web spider/4.0(+http://www.sogou.com/docs/help/webmasters.htm#07)" "www.specialtymovingrigging.com"
157.55.39.152 - - [04/Dec/2022:04:34:59 -0800] "GET /sitebuilder/images/scan0001-210x120.jpg HTTP/1.1" 200 9003 "-" "Mozilla/5.0 (compatible; bingbot/2.0; +http://www.bing.com/bingbot.htm)" "www.specialtymovingrigging.com"
157.55.39.152 - - [04/Dec/2022:05:07:22 -0800] "GET /images/IMG_0021.JPG HTTP/1.1" 200 115570 "-" "Mozilla/5.0 (compatible; bingbot/2.0; +http://www.bing.com/bingbot.htm)" "www.specialtymovingrigging.com"
207.46.13.206 - - [04/Dec/2022:05:09:25 -0800] "GET /images/DSC00024.JPG HTTP/1.1" 200 6468104 "-" "Mozilla/5.0 AppleWebKit/537.36 (KHTML, like Gecko; compatible; bingbot/2.0; +http://www.bing.com/bingbot.htm) Chrome/103.0.5060.134 Safari/537.36" "specialtymovingrigging.com"
114.119.142.19 - - [04/Dec/2022:05:25:26 -0800] "GET /sitebuilder/images/image1144-225x187.jpg HTTP/1.1" 200 9696 "https://specialtymovingrigging.com/Service.html" "Mozilla/5.0 (Linux; Android 7.0;) AppleWebKit/537.36 (KHTML, like Gecko) Mobile Safari/537.36 (compatible; PetalBot;+https://webmaster.petalsearch.com/site/petalbot)" "specialtymovingrigging.com"
114.119.149.252 - - [04/Dec/2022:05:28:08 -0800] "GET / HTTP/1.1" 200 4168 "http://oh-burgers.com/images/100-pounds.html" "Mozilla/5.0 (Linux; Android 7.0;) AppleWebKit/537.36 (KHTML, like Gecko) Mobile Safari/537.36 (compatible; PetalBot;+https://webmaster.petalsearch.com/site/petalbot)" "specialtymovingrigging.com"
207.46.13.21 - - [04/Dec/2022:05:47:34 -0800] "GET /images/DSC00142.JPG HTTP/1.1" 200 6698566 "-" "Mozilla/5.0 (compatible; bingbot/2.0; +http://www.bing.com/bingbot.htm)" "specialtymovingrigging.com"
40.77.167.49 - - [04/Dec/2022:06:20:38 -0800] "GET /Whoweare.html HTTP/1.1" 200 3062 "-" "Mozilla/5.0 (compatible; bingbot/2.0; +http://www.bing.com/bingbot.htm)" "specialtymovingrigging.com"
207.46.13.21 - - [04/Dec/2022:06:23:07 -0800] "GET /images/DSC00142.JPG HTTP/1.1" 200 6698566 "-" "Mozilla/5.0 AppleWebKit/537.36 (KHTML, like Gecko; compatible; bingbot/2.0; +http://www.bing.com/bingbot.htm) Chrome/103.0.5060.134 Safari/537.36" "www.specialtymovingrigging.com"
40.77.167.8 - - [04/Dec/2022:06:50:09 -0800] "GET /sitemap.xml HTTP/1.1" 200 178 "-" "Mozilla/5.0 (compatible; bingbot/2.0; +http://www.bing.com/bingbot.htm)" "www.specialtymovingrigging.com"
40.77.167.49 - - [04/Dec/2022:07:22:00 -0800] "GET /image494.jpg HTTP/1.1" 200 319104 "-" "Mozilla/5.0 AppleWebKit/537.36 (KHTML, like Gecko; compatible; bingbot/2.0; +http://www.bing.com/bingbot.htm) Chrome/103.0.5060.134 Safari/537.36" "www.specialtymovingrigging.com"
10.247.24.52 - - [04/Dec/2022:07:41:04 -0800] "POST /blog/wp-cron.php?doing_wp_cron HTTP/1.1" 200 - "-" "WordPress/2.8.4; http://specialtymovingrigging.com/blog" "specialtymovingrigging.com"
52.8.2.58 - - [04/Dec/2022:07:41:03 -0800] "GET /blog/index.php/feed/ HTTP/1.1" 200 1721 "-" "robot;Owler;sthiyagarajan@owler-inc.com" "specialtymovingrigging.com"
77.88.5.84 - - [04/Dec/2022:08:27:09 -0800] "GET /robots.txt HTTP/1.1" 200 53 "-" "Mozilla/5.0 (compatible; YandexBot/3.0; +http://yandex.com/bots)" "www.specialtymovingrigging.com"
77.88.5.45 - - [04/Dec/2022:08:27:09 -0800] "GET /robots.txt HTTP/1.1" 200 53 "-" "Mozilla/5.0 (compatible; YandexBot/3.0; +http://yandex.com/bots)" "specialtymovingrigging.com"
93.158.161.66 - - [04/Dec/2022:08:27:09 -0800] "GET /robots.txt HTTP/1.1" 200 53 "-" "Mozilla/5.0 (compatible; YandexBot/3.0; +http://yandex.com/bots)" "specialtymovingrigging.com"
77.88.5.242 - - [04/Dec/2022:08:27:09 -0800] "GET /robots.txt HTTP/1.1" 200 53 "-" "Mozilla/5.0 (compatible; YandexBot/3.0; +http://yandex.com/bots)" "www.specialtymovingrigging.com"
77.88.5.250 - - [04/Dec/2022:08:27:13 -0800] "GET / HTTP/1.1" 200 4168 "-" "Mozilla/5.0 (compatible; YandexBot/3.0; +http://yandex.com/bots)" "www.specialtymovingrigging.com"
77.88.5.84 - - [04/Dec/2022:08:27:13 -0800] "GET / HTTP/1.1" 200 4168 "-" "Mozilla/5.0 (compatible; YandexBot/3.0; +http://yandex.com/bots)" "specialtymovingrigging.com"
77.88.5.45 - - [04/Dec/2022:08:27:13 -0800] "GET / HTTP/1.1" 200 4168 "-" "Mozilla/5.0 (compatible; YandexBot/3.0; +http://yandex.com/bots)" "specialtymovingrigging.com"
77.88.5.242 - - [04/Dec/2022:08:27:13 -0800] "GET / HTTP/1.1" 200 4168 "-" "Mozilla/5.0 (compatible; YandexBot/3.0; +http://yandex.com/bots)" "www.specialtymovingrigging.com"
207.46.13.206 - - [04/Dec/2022:08:32:25 -0800] "GET /images/CIMG0655_1_.JPG HTTP/1.1" 200 2210250 "-" "Mozilla/5.0 (compatible; bingbot/2.0; +http://www.bing.com/bingbot.htm)" "specialtymovingrigging.com"
40.77.167.49 - - [04/Dec/2022:08:39:57 -0800] "GET /images/000_0198.jpg HTTP/1.1" 200 680492 "-" "Mozilla/5.0 AppleWebKit/537.36 (KHTML, like Gecko; compatible; bingbot/2.0; +http://www.bing.com/bingbot.htm) Chrome/103.0.5060.134 Safari/537.36" "www.specialtymovingrigging.com"
207.46.13.21 - - [04/Dec/2022:08:50:51 -0800] "GET /images/DSC00060.JPG HTTP/1.1" 200 6700782 "-" "Mozilla/5.0 (compatible; bingbot/2.0; +http://www.bing.com/bingbot.htm)" "specialtymovingrigging.com"
51.222.253.6 - - [04/Dec/2022:08:57:11 -0800] "GET /robots.txt HTTP/1.1" 200 67 "-" "Mozilla/5.0 (compatible; AhrefsBot/7.0; +http://ahrefs.com/robot/)" "specialtymovingrigging.com"
51.222.253.11 - - [04/Dec/2022:08:57:12 -0800] "GET / HTTP/1.1" 200 4168 "-" "Mozilla/5.0 (compatible; AhrefsBot/7.0; +http://ahrefs.com/robot/)" "specialtymovingrigging.com"
114.119.136.224 - - [04/Dec/2022:09:05:00 -0800] "GET /robots.txt HTTP/1.1" 200 67 "-" "Mozilla/5.0 (compatible;PetalBot;+https://webmaster.petalsearch.com/site/petalbot)" "www.specialtymovingrigging.com"
40.77.167.8 - - [04/Dec/2022:09:08:04 -0800] "GET /sitemap.xml HTTP/1.1" 200 178 "-" "Mozilla/5.0 (compatible; bingbot/2.0; +http://www.bing.com/bingbot.htm)" "specialtymovingrigging.com"
35.205.230.247 - - [04/Dec/2022:09:10:45 -0800] "HEAD / HTTP/1.1" 200 - "-" "Apache-HttpClient/4.5.5 (Java/11.0.9)" "www.specialtymovingrigging.com"
207.46.13.206 - - [04/Dec/2022:09:20:30 -0800] "GET /sitebuilder/images/1049183_10151540335744685_1366322238_o-187x250.jpg HTTP/1.1" 200 11552 "-" "Mozilla/5.0 (compatible; bingbot/2.0; +http://www.bing.com/bingbot.htm)" "www.specialtymovingrigging.com"
157.55.39.152 - - [04/Dec/2022:09:22:26 -0800] "GET /images/IMG00217.jpg HTTP/1.1" 200 599089 "-" "Mozilla/5.0 AppleWebKit/537.36 (KHTML, like Gecko; compatible; bingbot/2.0; +http://www.bing.com/bingbot.htm) Chrome/103.0.5060.134 Safari/537.36" "www.specialtymovingrigging.com"
207.46.13.21 - - [04/Dec/2022:10:00:58 -0800] "GET /sitebuilder/images/IMG00413-219x133.jpg HTTP/1.1" 200 7445 "-" "Mozilla/5.0 AppleWebKit/537.36 (KHTML, like Gecko; compatible; bingbot/2.0; +http://www.bing.com/bingbot.htm) Chrome/103.0.5060.134 Safari/537.36" "www.specialtymovingrigging.com"
207.46.13.206 - - [04/Dec/2022:10:02:23 -0800] "GET /images/DSC00158.JPG HTTP/1.1" 200 6636385 "-" "Mozilla/5.0 (compatible; bingbot/2.0; +http://www.bing.com/bingbot.htm)" "www.specialtymovingrigging.com"
157.55.39.152 - - [04/Dec/2022:10:05:31 -0800] "GET /images/IMG_1056.jpg HTTP/1.1" 200 948966 "-" "Mozilla/5.0 (compatible; bingbot/2.0; +http://www.bing.com/bingbot.htm)" "www.specialtymovingrigging.com"
40.77.167.8 - - [04/Dec/2022:10:18:39 -0800] "GET /images/DSC00088.JPG HTTP/1.1" 200 6580628 "-" "Mozilla/5.0 AppleWebKit/537.36 (KHTML, like Gecko; compatible; bingbot/2.0; +http://www.bing.com/bingbot.htm) Chrome/103.0.5060.134 Safari/537.36" "specialtymovingrigging.com"
157.55.39.152 - - [04/Dec/2022:10:53:05 -0800] "GET /images/000_0034.JPG HTTP/1.1" 200 660604 "-" "Mozilla/5.0 AppleWebKit/537.36 (KHTML, like Gecko; compatible; bingbot/2.0; +http://www.bing.com/bingbot.htm) Chrome/103.0.5060.134 Safari/537.36" "www.specialtymovingrigging.com"
207.46.13.206 - - [04/Dec/2022:11:01:38 -0800] "GET /images/DSC00024.JPG HTTP/1.1" 200 6468104 "-" "Mozilla/5.0 AppleWebKit/537.36 (KHTML, like Gecko; compatible; bingbot/2.0; +http://www.bing.com/bingbot.htm) Chrome/103.0.5060.134 Safari/537.36" "www.specialtymovingrigging.com"
157.55.39.152 - - [04/Dec/2022:11:16:38 -0800] "GET /images/IMG00228.jpg HTTP/1.1" 200 525510 "-" "Mozilla/5.0 (compatible; bingbot/2.0; +http://www.bing.com/bingbot.htm)" "www.specialtymovingrigging.com"
157.55.39.152 - - [04/Dec/2022:11:26:08 -0800] "GET /images/100_1251.JPG HTTP/1.1" 200 671274 "-" "Mozilla/5.0 AppleWebKit/537.36 (KHTML, like Gecko; compatible; bingbot/2.0; +http://www.bing.com/bingbot.htm) Chrome/103.0.5060.134 Safari/537.36" "specialtymovingrigging.com"
114.119.145.42 - - [04/Dec/2022:11:27:33 -0800] "GET /index.html HTTP/1.1" 200 4168 "https://specialtymovingrigging.com/Phothos.html" "Mozilla/5.0 (Linux; Android 7.0;) AppleWebKit/537.36 (KHTML, like Gecko) Mobile Safari/537.36 (compatible; PetalBot;+https://webmaster.petalsearch.com/site/petalbot)" "specialtymovingrigging.com"
157.55.39.152 - - [04/Dec/2022:11:33:39 -0800] "GET /images/000_0048.JPG HTTP/1.1" 200 677778 "-" "Mozilla/5.0 (compatible; bingbot/2.0; +http://www.bing.com/bingbot.htm)" "www.specialtymovingrigging.com"
207.46.13.21 - - [04/Dec/2022:11:45:48 -0800] "GET /images/DSC00060.JPG HTTP/1.1" 200 6700782 "-" "Mozilla/5.0 (compatible; bingbot/2.0; +http://www.bing.com/bingbot.htm)" "www.specialtymovingrigging.com"
207.46.13.206 - - [04/Dec/2022:11:53:04 -0800] "GET /sitebuilder/images/100_0778-360x217.jpg HTTP/1.1" 200 18083 "-" "Mozilla/5.0 (compatible; bingbot/2.0; +http://www.bing.com/bingbot.htm)" "www.specialtymovingrigging.com"
14.116.152.84 - - [04/Dec/2022:12:00:30 -0800] "GET / HTTP/1.1" 200 4168 "-" "Mozilla/5.0 (iPhone; CPU iPhone OS 13_2_3 like Mac OS X) AppleWebKit/605.1.15 (KHTML, like Gecko) Version/13.0.3 Mobile/15E148 Safari/604.1" "specialtymovingrigging.com"
157.55.39.152 - - [04/Dec/2022:12:45:16 -0800] "GET /images/000_0199.jpg HTTP/1.1" 200 658354 "-" "Mozilla/5.0 (compatible; bingbot/2.0; +http://www.bing.com/bingbot.htm)" "www.specialtymovingrigging.com"
40.77.167.49 - - [04/Dec/2022:13:00:55 -0800] "GET /sitebuilder/images/000_0151-255x184.jpg HTTP/1.1" 200 12453 "-" "Mozilla/5.0 AppleWebKit/537.36 (KHTML, like Gecko; compatible; bingbot/2.0; +http://www.bing.com/bingbot.htm) Chrome/103.0.5060.134 Safari/537.36" "specialtymovingrigging.com"
207.46.13.206 - - [04/Dec/2022:13:08:10 -0800] "GET /images/DSC00143.JPG HTTP/1.1" 200 6590821 "-" "Mozilla/5.0 (compatible; bingbot/2.0; +http://www.bing.com/bingbot.htm)" "www.specialtymovingrigging.com"
157.55.39.152 - - [04/Dec/2022:13:41:22 -0800] "GET /images/IMG_0061.JPG HTTP/1.1" 200 139662 "-" "Mozilla/5.0 (compatible; bingbot/2.0; +http://www.bing.com/bingbot.htm)" "www.specialtymovingrigging.com"
157.55.39.152 - - [04/Dec/2022:13:41:23 -0800] "GET /sitebuilder/images/smr-1109x122.png HTTP/1.1" 200 78641 "-" "Mozilla/5.0 (compatible; bingbot/2.0; +http://www.bing.com/bingbot.htm)" "www.specialtymovingrigging.com"
114.119.130.33 - - [04/Dec/2022:13:41:26 -0800] "GET /robots.txt HTTP/1.1" 200 67 "-" "Mozilla/5.0 (compatible;PetalBot;+https://webmaster.petalsearch.com/site/petalbot)" "www.specialtymovingrigging.com"
207.46.13.206 - - [04/Dec/2022:13:49:24 -0800] "GET / HTTP/1.1" 304 - "-" "Mozilla/5.0 (compatible; bingbot/2.0; +http://www.bing.com/bingbot.htm)" "specialtymovingrigging.com"
95.163.255.66 - - [04/Dec/2022:14:05:05 -0800] "GET /robots.txt HTTP/1.1" 200 53 "-" "Mozilla/5.0 (compatible; Linux x86_64; Mail.RU_Bot/2.0; +https://help.mail.ru/webmaster/indexing/robots)" "specialtymovingrigging.com"
114.119.158.251 - - [04/Dec/2022:14:05:43 -0800] "GET /robots.txt HTTP/1.1" 200 67 "-" "Mozilla/5.0 (compatible;PetalBot;+https://webmaster.petalsearch.com/site/petalbot)" "specialtymovingrigging.com"
185.191.171.8 - - [04/Dec/2022:14:05:53 -0800] "GET /robots.txt HTTP/1.1" 200 67 "-" "Mozilla/5.0 (compatible; SemrushBot/7~bl; +http://www.semrush.com/bot.html)" "specialtymovingrigging.com"
185.191.171.2 - - [04/Dec/2022:14:05:54 -0800] "GET /Aircasters.html HTTP/1.1" 200 934 "-" "Mozilla/5.0 (compatible; SemrushBot/7~bl; +http://www.semrush.com/bot.html)" "specialtymovingrigging.com"
185.191.171.23 - - [04/Dec/2022:14:05:57 -0800] "GET /sitemap.xml HTTP/1.1" 200 178 "-" "Mozilla/5.0 (compatible; SemrushBot/7~bl; +http://www.semrush.com/bot.html)" "specialtymovingrigging.com"
40.77.167.104 - - [04/Dec/2022:14:06:07 -0800] "GET /robots.txt HTTP/1.1" 200 67 "-" "Mozilla/5.0 AppleWebKit/537.36 (KHTML, like Gecko; compatible; bingbot/2.0; +http://www.bing.com/bingbot.htm) Chrome/103.0.5060.134 Safari/537.36" "www.specialtymovingrigging.com"
207.46.13.21 - - [04/Dec/2022:14:06:32 -0800] "GET /sitebuilder/images/000_0052-173x126.jpg HTTP/1.1" 200 5913 "-" "Mozilla/5.0 AppleWebKit/537.36 (KHTML, like Gecko; compatible; bingbot/2.0; +http://www.bing.com/bingbot.htm) Chrome/103.0.5060.134 Safari/537.36" "www.specialtymovingrigging.com"
95.163.255.69 - - [04/Dec/2022:14:17:21 -0800] "GET / HTTP/1.1" 200 4168 "-" "Mozilla/5.0 (compatible; Linux x86_64; Mail.RU_Bot/2.0; +https://help.mail.ru/webmaster/indexing/robots)" "specialtymovingrigging.com"
40.77.167.8 - - [04/Dec/2022:14:17:42 -0800] "GET /images/DSC00093.JPG HTTP/1.1" 200 6675949 "-" "Mozilla/5.0 AppleWebKit/537.36 (KHTML, like Gecko; compatible; bingbot/2.0; +http://www.bing.com/bingbot.htm) Chrome/103.0.5060.134 Safari/537.36" "www.specialtymovingrigging.com"
54.202.170.206 - - [04/Dec/2022:14:32:43 -0800] "GET / HTTP/1.1" 200 4168 "-" "Mozilla/5.0 (X11; Linux x86_64) AppleWebKit/537.36 (KHTML, like Gecko) Chrome/83.0.4103.97 Safari/537.36" "specialtymovingrigging.com"
54.212.195.15 - - [04/Dec/2022:14:32:56 -0800] "GET /favicon.ico HTTP/1.1" 404 88 "-" "Mozilla/5.0 (X11; Linux x86_64) AppleWebKit/537.36 (KHTML, like Gecko) Chrome/83.0.4103.97 Safari/537.36" "specialtymovingrigging.com"
54.212.195.15 - - [04/Dec/2022:14:32:57 -0800] "GET / HTTP/1.1" 200 4168 "-" "Mozilla/5.0 (X11; Linux x86_64) AppleWebKit/537.36 (KHTML, like Gecko) Chrome/83.0.4103.97 Safari/537.36" "specialtymovingrigging.com"
157.55.39.152 - - [04/Dec/2022:14:53:59 -0800] "GET /images/IMG_00482.JPG HTTP/1.1" 200 128606 "-" "Mozilla/5.0 (compatible; bingbot/2.0; +http://www.bing.com/bingbot.htm)" "www.specialtymovingrigging.com"
40.77.167.49 - - [04/Dec/2022:14:55:36 -0800] "GET /images/DSC00020.JPG HTTP/1.1" 200 6469778 "-" "Mozilla/5.0 (compatible; bingbot/2.0; +http://www.bing.com/bingbot.htm)" "www.specialtymovingrigging.com"
207.46.13.206 - - [04/Dec/2022:15:04:32 -0800] "GET /images/000_0032.JPG HTTP/1.1" 200 656676 "-" "Mozilla/5.0 (compatible; bingbot/2.0; +http://www.bing.com/bingbot.htm)" "www.specialtymovingrigging.com"
40.77.167.104 - - [04/Dec/2022:15:09:41 -0800] "GET /robots.txt HTTP/1.1" 200 67 "-" "Mozilla/5.0 (compatible; bingbot/2.0; +http://www.bing.com/bingbot.htm)" "specialtymovingrigging.com"
157.55.39.152 - - [04/Dec/2022:15:09:51 -0800] "GET /images/IMG00143.jpg HTTP/1.1" 200 588422 "-" "Mozilla/5.0 AppleWebKit/537.36 (KHTML, like Gecko; compatible; bingbot/2.0; +http://www.bing.com/bingbot.htm) Chrome/103.0.5060.134 Safari/537.36" "specialtymovingrigging.com"
114.119.140.239 - - [04/Dec/2022:15:10:53 -0800] "GET /robots.txt HTTP/1.1" 200 67 "-" "Mozilla/5.0 (compatible;PetalBot;+https://webmaster.petalsearch.com/site/petalbot)" "specialtymovingrigging.com"
174.138.17.121 - - [04/Dec/2022:15:11:53 -0800] "GET / HTTP/1.1" 200 21060 "-" "Mozilla/5.0 (Windows NT 10.0; Win64; x64) AppleWebKit/537.36 (KHTML, like Gecko) Chrome/95.0.4638.69 Safari/537.36" "specialtymovingrigging.com"
174.138.17.121 - - [04/Dec/2022:15:11:55 -0800] "GET /feed/ HTTP/1.1" 404 73 "-" "Mozilla/5.0 (Windows NT 10.0; Win64; x64) AppleWebKit/537.36 (KHTML, like Gecko) Chrome/95.0.4638.69 Safari/537.36" "specialtymovingrigging.com"
174.138.17.121 - - [04/Dec/2022:15:11:55 -0800] "GET /xmlrpc.php?rsd HTTP/1.1" 500 5707 "-" "Mozilla/5.0 (Windows NT 10.0; Win64; x64) AppleWebKit/537.36 (KHTML, like Gecko) Chrome/95.0.4638.69 Safari/537.36" "specialtymovingrigging.com"
174.138.17.121 - - [04/Dec/2022:15:11:56 -0800] "GET /blog/wp-includes/wlwmanifest.xml HTTP/1.1" 200 1053 "-" "Mozilla/5.0 (Windows NT 10.0; Win64; x64) AppleWebKit/537.36 (KHTML, like Gecko) Chrome/95.0.4638.69 Safari/537.36" "specialtymovingrigging.com"
174.138.17.121 - - [04/Dec/2022:15:11:57 -0800] "GET /blog/index.php//wp-login.php HTTP/1.1" 500 6123 "-" "Mozilla/5.0 (Windows NT 10.0; Win64; x64) AppleWebKit/537.36 (KHTML, like Gecko) Chrome/95.0.4638.69 Safari/537.36" "specialtymovingrigging.com"
207.46.13.21 - - [04/Dec/2022:15:20:49 -0800] "GET /images/IMG00142.jpg HTTP/1.1" 200 462721 "-" "Mozilla/5.0 AppleWebKit/537.36 (KHTML, like Gecko; compatible; bingbot/2.0; +http://www.bing.com/bingbot.htm) Chrome/103.0.5060.134 Safari/537.36" "www.specialtymovingrigging.com"
40.77.167.49 - - [04/Dec/2022:15:42:20 -0800] "GET /sitebuilder/images/000_0151-255x184.jpg HTTP/1.1" 200 12453 "-" "Mozilla/5.0 (compatible; bingbot/2.0; +http://www.bing.com/bingbot.htm)" "www.specialtymovingrigging.com"
74.84.150.150 - - [04/Dec/2022:15:59:02 -0800] "GET /robots.txt HTTP/1.1" 200 67 "-" "test" "specialtymovingrigging.com"
68.69.184.202 - - [04/Dec/2022:15:59:02 -0800] "GET / HTTP/1.1" 200 4168 "-" "test" "specialtymovingrigging.com"
157.55.39.152 - - [04/Dec/2022:16:11:06 -0800] "GET /images/IMG_0049.JPG HTTP/1.1" 200 124632 "-" "Mozilla/5.0 (compatible; bingbot/2.0; +http://www.bing.com/bingbot.htm)" "www.specialtymovingrigging.com"
199.244.88.221 - - [04/Dec/2022:16:17:58 -0800] "GET / HTTP/1.1" 200 4168 "-" "Mozilla/5.0 (X11; Linux x86_64) AppleWebKit/537.36 (KHTML, like Gecko) Chrome/105.0.0.0 Safari/537.36" "specialtymovingrigging.com"
40.77.167.49 - - [04/Dec/2022:16:23:45 -0800] "GET /images/000_0045.JPG HTTP/1.1" 200 638882 "-" "Mozilla/5.0 (compatible; bingbot/2.0; +http://www.bing.com/bingbot.htm)" "www.specialtymovingrigging.com"
207.46.13.206 - - [04/Dec/2022:16:38:51 -0800] "GET /images/DSC00149.JPG HTTP/1.1" 200 6596914 "-" "Mozilla/5.0 AppleWebKit/537.36 (KHTML, like Gecko; compatible; bingbot/2.0; +http://www.bing.com/bingbot.htm) Chrome/103.0.5060.134 Safari/537.36" "specialtymovingrigging.com"
207.46.13.21 - - [04/Dec/2022:16:39:37 -0800] "GET /sitebuilder/images/IMG-20130826-WA0004-175x153.jpg HTTP/1.1" 200 8528 "-" "Mozilla/5.0 (compatible; bingbot/2.0; +http://www.bing.com/bingbot.htm)" "www.specialtymovingrigging.com"
157.55.39.179 - - [04/Dec/2022:16:54:35 -0800] "GET /service.html HTTP/1.1" 404 88 "-" "Mozilla/5.0 (compatible; bingbot/2.0; +http://www.bing.com/bingbot.htm)" "specialtymovingrigging.com"
157.55.39.152 - - [04/Dec/2022:17:39:54 -0800] "GET /images/IMG_0024.JPG HTTP/1.1" 200 122152 "-" "Mozilla/5.0 (compatible; bingbot/2.0; +http://www.bing.com/bingbot.htm)" "www.specialtymovingrigging.com"
157.55.39.179 - - [04/Dec/2022:17:46:19 -0800] "GET /images/DSC00164.JPG HTTP/1.1" 200 6610681 "-" "Mozilla/5.0 (compatible; bingbot/2.0; +http://www.bing.com/bingbot.htm)" "specialtymovingrigging.com"
157.55.39.152 - - [04/Dec/2022:17:49:16 -0800] "GET /images/IMG00236.jpg HTTP/1.1" 200 838159 "-" "Mozilla/5.0 (compatible; bingbot/2.0; +http://www.bing.com/bingbot.htm)" "www.specialtymovingrigging.com"
157.55.39.179 - - [04/Dec/2022:17:49:40 -0800] "GET /sitebuilder/images/461-187x250.jpg HTTP/1.1" 200 12486 "-" "Mozilla/5.0 AppleWebKit/537.36 (KHTML, like Gecko; compatible; bingbot/2.0; +http://www.bing.com/bingbot.htm) Chrome/103.0.5060.134 Safari/537.36" "www.specialtymovingrigging.com"
40.77.167.8 - - [04/Dec/2022:17:54:53 -0800] "GET /images/DSC00047.JPG HTTP/1.1" 200 6658567 "-" "Mozilla/5.0 (compatible; bingbot/2.0; +http://www.bing.com/bingbot.htm)" "www.specialtymovingrigging.com"
40.77.167.49 - - [04/Dec/2022:18:00:23 -0800] "GET /sitebuilder/images/image490-225x150.jpg HTTP/1.1" 200 7889 "-" "Mozilla/5.0 (compatible; bingbot/2.0; +http://www.bing.com/bingbot.htm)" "www.specialtymovingrigging.com"
157.55.39.152 - - [04/Dec/2022:18:03:07 -0800] "GET /images/IMG00217.jpg HTTP/1.1" 200 599089 "-" "Mozilla/5.0 AppleWebKit/537.36 (KHTML, like Gecko; compatible; bingbot/2.0; +http://www.bing.com/bingbot.htm) Chrome/103.0.5060.134 Safari/537.36" "specialtymovingrigging.com"
3.253.79.185 - - [04/Dec/2022:18:06:14 -0800] "GET /wp-login.php HTTP/1.1" 404 88 "-" "Mozilla/5.0" "specialtymovingrigging.com"
157.55.39.179 - - [04/Dec/2022:18:13:51 -0800] "GET /images/IMG_0404.jpg HTTP/1.1" 200 1478051 "-" "Mozilla/5.0 AppleWebKit/537.36 (KHTML, like Gecko; compatible; bingbot/2.0; +http://www.bing.com/bingbot.htm) Chrome/103.0.5060.134 Safari/537.36" "www.specialtymovingrigging.com"
207.46.13.21 - - [04/Dec/2022:18:26:47 -0800] "GET /images/IMG_0023.JPG HTTP/1.1" 200 129556 "-" "Mozilla/5.0 AppleWebKit/537.36 (KHTML, like Gecko; compatible; bingbot/2.0; +http://www.bing.com/bingbot.htm) Chrome/103.0.5060.134 Safari/537.36" "www.specialtymovingrigging.com"
40.77.167.49 - - [04/Dec/2022:18:41:37 -0800] "GET /images/DSC00141.JPG HTTP/1.1" 200 6641120 "-" "Mozilla/5.0 (compatible; bingbot/2.0; +http://www.bing.com/bingbot.htm)" "www.specialtymovingrigging.com"
10.247.24.52 - - [04/Dec/2022:19:35:17 -0800] "POST /blog/wp-cron.php?doing_wp_cron HTTP/1.1" 200 - "-" "WordPress/2.8.4; http://specialtymovingrigging.com/blog" "specialtymovingrigging.com"
52.8.2.58 - - [04/Dec/2022:19:35:16 -0800] "GET /blog/index.php/feed/ HTTP/1.1" 200 1721 "-" "robot;Owler;sthiyagarajan@owler-inc.com" "specialtymovingrigging.com"
40.77.167.8 - - [04/Dec/2022:19:45:23 -0800] "GET /images/IMG00210.jpg HTTP/1.1" 200 534525 "-" "Mozilla/5.0 (compatible; bingbot/2.0; +http://www.bing.com/bingbot.htm)" "www.specialtymovingrigging.com"
40.77.167.49 - - [04/Dec/2022:19:48:43 -0800] "GET /sitebuilder/images/482667_10151335818434685_2113971027_n-187x249.jpg HTTP/1.1" 200 9740 "-" "Mozilla/5.0 (compatible; bingbot/2.0; +http://www.bing.com/bingbot.htm)" "www.specialtymovingrigging.com"
157.55.39.152 - - [04/Dec/2022:20:04:49 -0800] "GET /images/000_0023.JPG HTTP/1.1" 200 602828 "-" "Mozilla/5.0 AppleWebKit/537.36 (KHTML, like Gecko; compatible; bingbot/2.0; +http://www.bing.com/bingbot.htm) Chrome/103.0.5060.134 Safari/537.36" "www.specialtymovingrigging.com"
40.77.167.49 - - [04/Dec/2022:20:20:27 -0800] "GET /images/DSCF0129.JPG HTTP/1.1" 200 126862 "-" "Mozilla/5.0 (compatible; bingbot/2.0; +http://www.bing.com/bingbot.htm)" "www.specialtymovingrigging.com"
49.7.21.71 - - [04/Dec/2022:20:25:54 -0800] "GET / HTTP/1.1" 200 4168 "-" "Sogou web spider/4.0(+http://www.sogou.com/docs/help/webmasters.htm#07)" "specialtymovingrigging.com"
49.7.21.71 - - [04/Dec/2022:20:34:57 -0800] "GET / HTTP/1.1" 200 4168 "-" "Sogou web spider/4.0(+http://www.sogou.com/docs/help/webmasters.htm#07)" "specialtymovingrigging.com"
49.7.21.71 - - [04/Dec/2022:20:39:21 -0800] "GET / HTTP/1.1" 200 4168 "-" "Sogou web spider/4.0(+http://www.sogou.com/docs/help/webmasters.htm#07)" "specialtymovingrigging.com"
49.7.21.71 - - [04/Dec/2022:20:41:34 -0800] "GET / HTTP/1.1" 200 4168 "-" "Sogou web spider/4.0(+http://www.sogou.com/docs/help/webmasters.htm#07)" "specialtymovingrigging.com"
40.77.167.8 - - [04/Dec/2022:20:41:39 -0800] "GET /images/DSC00002.JPG HTTP/1.1" 200 6712861 "-" "Mozilla/5.0 (compatible; bingbot/2.0; +http://www.bing.com/bingbot.htm)" "specialtymovingrigging.com"
49.7.21.71 - - [04/Dec/2022:20:43:41 -0800] "GET / HTTP/1.1" 200 4168 "-" "Sogou web spider/4.0(+http://www.sogou.com/docs/help/webmasters.htm#07)" "specialtymovingrigging.com"
49.7.21.71 - - [04/Dec/2022:20:45:52 -0800] "GET / HTTP/1.1" 200 4168 "-" "Sogou web spider/4.0(+http://www.sogou.com/docs/help/webmasters.htm#07)" "specialtymovingrigging.com"
49.7.21.71 - - [04/Dec/2022:20:49:04 -0800] "GET / HTTP/1.1" 200 4168 "-" "Sogou web spider/4.0(+http://www.sogou.com/docs/help/webmasters.htm#07)" "specialtymovingrigging.com"
54.36.148.215 - - [04/Dec/2022:20:50:57 -0800] "GET /robots.txt HTTP/1.1" 200 67 "-" "Mozilla/5.0 (compatible; AhrefsBot/7.0; +http://ahrefs.com/robot/)" "www.specialtymovingrigging.com"
51.222.253.16 - - [04/Dec/2022:20:50:58 -0800] "GET / HTTP/1.1" 200 4168 "-" "Mozilla/5.0 (compatible; AhrefsBot/7.0; +http://ahrefs.com/robot/)" "www.specialtymovingrigging.com"
49.7.21.71 - - [04/Dec/2022:20:54:19 -0800] "GET / HTTP/1.1" 200 4168 "-" "Sogou web spider/4.0(+http://www.sogou.com/docs/help/webmasters.htm#07)" "specialtymovingrigging.com"
157.55.39.152 - - [04/Dec/2022:22:17:32 -0800] "GET /images/DSC00143.JPG HTTP/1.1" 200 6590821 "-" "Mozilla/5.0 (compatible; bingbot/2.0; +http://www.bing.com/bingbot.htm)" "www.specialtymovingrigging.com"
185.191.171.1 - - [04/Dec/2022:22:39:50 -0800] "GET /robots.txt HTTP/1.1" 200 67 "-" "Mozilla/5.0 (compatible; SemrushBot/7~bl; +http://www.semrush.com/bot.html)" "specialtymovingrigging.com"
185.191.171.8 - - [04/Dec/2022:22:39:51 -0800] "GET /Aircasters.html HTTP/1.1" 200 934 "-" "Mozilla/5.0 (compatible; SemrushBot/7~bl; +http://www.semrush.com/bot.html)" "specialtymovingrigging.com"
157.55.39.179 - - [04/Dec/2022:22:42:58 -0800] "GET /sitebuilder/images/000_0240-225x135.jpg HTTP/1.1" 200 6533 "-" "Mozilla/5.0 AppleWebKit/537.36 (KHTML, like Gecko; compatible; bingbot/2.0; +http://www.bing.com/bingbot.htm) Chrome/103.0.5060.134 Safari/537.36" "www.specialtymovingrigging.com"
40.77.167.49 - - [04/Dec/2022:23:03:53 -0800] "GET /images/DSCF0113.JPG HTTP/1.1" 200 123383 "-" "Mozilla/5.0 (compatible; bingbot/2.0; +http://www.bing.com/bingbot.htm)" "www.specialtymovingrigging.com"
216.244.66.231 - - [04/Dec/2022:23:39:31 -0800] "GET /robots.txt HTTP/1.1" 200 53 "-" "Mozilla/5.0 (compatible; DotBot/1.2; +https://opensiteexplorer.org/dotbot; help@moz.com)" "www.specialtymovingrigging.com"
54.36.149.101 - - [04/Dec/2022:23:49:03 -0800] "GET /robots.txt HTTP/1.1" 200 67 "-" "Mozilla/5.0 (compatible; AhrefsBot/7.0; +http://ahrefs.com/robot/)" "specialtymovingrigging.com"
51.222.253.13 - - [04/Dec/2022:23:49:04 -0800] "GET / HTTP/1.1" 200 4168 "-" "Mozilla/5.0 (compatible; AhrefsBot/7.0; +http://ahrefs.com/robot/)" "specialtymovingrigging.com"
216.244.66.231 - - [04/Dec/2022:23:58:20 -0800] "GET /images/000_0029.JPG HTTP/1.1" 200 666266 "-" "Mozilla/5.0 (compatible; DotBot/1.2; +https://opensiteexplorer.org/dotbot; help@moz.com)" "www.specialtymovingrigging.com"
216.244.66.231 - - [04/Dec/2022:23:58:43 -0800] "GET /images/DSCF0110.JPG HTTP/1.1" 200 124078 "-" "Mozilla/5.0 (compatible; DotBot/1.2; +https://opensiteexplorer.org/dotbot; help@moz.com)" "www.specialtymovingrigging.com"
216.244.66.231 - - [04/Dec/2022:23:59:33 -0800] "GET /images/IMG00123.jpg HTTP/1.1" 200 615119 "-" "Mozilla/5.0 (compatible; DotBot/1.2; +https://opensiteexplorer.org/dotbot; help@moz.com)" "www.specialtymovingrigging.com"
61.135.159.155 - - [05/Dec/2022:00:00:23 -0800] "GET / HTTP/1.1" 200 4168 "-" "Sogou web spider/4.0(+http://www.sogou.com/docs/help/webmasters.htm#07)" "specialtymovingrigging.com"
216.244.66.231 - - [05/Dec/2022:00:00:23 -0800] "GET /images/IMG00144.jpg HTTP/1.1" 200 702931 "-" "Mozilla/5.0 (compatible; DotBot/1.2; +https://opensiteexplorer.org/dotbot; help@moz.com)" "www.specialtymovingrigging.com"
216.244.66.231 - - [05/Dec/2022:00:01:13 -0800] "GET /images/IMG_0021.JPG HTTP/1.1" 200 115570 "-" "Mozilla/5.0 (compatible; DotBot/1.2; +https://opensiteexplorer.org/dotbot; help@moz.com)" "www.specialtymovingrigging.com"
40.77.167.8 - - [05/Dec/2022:00:06:18 -0800] "GET /images/000_0021.JPG HTTP/1.1" 200 633660 "-" "Mozilla/5.0 AppleWebKit/537.36 (KHTML, like Gecko; compatible; bingbot/2.0; +http://www.bing.com/bingbot.htm) Chrome/103.0.5060.134 Safari/537.36" "www.specialtymovingrigging.com"
207.46.13.21 - - [05/Dec/2022:00:15:21 -0800] "GET /images/IMG_0055.JPG HTTP/1.1" 200 122534 "-" "Mozilla/5.0 (compatible; bingbot/2.0; +http://www.bing.com/bingbot.htm)" "www.specialtymovingrigging.com"
118.184.177.8 - - [05/Dec/2022:00:18:55 -0800] "GET / HTTP/1.1" 200 4168 "-" "Sogou web spider/4.0(+http://www.sogou.com/docs/help/webmasters.htm#07)" "www.specialtymovingrigging.com"
157.55.39.179 - - [05/Dec/2022:00:59:42 -0800] "GET /images/DSCF0124.JPG HTTP/1.1" 200 127364 "-" "Mozilla/5.0 AppleWebKit/537.36 (KHTML, like Gecko; compatible; bingbot/2.0; +http://www.bing.com/bingbot.htm) Chrome/103.0.5060.134 Safari/537.36" "www.specialtymovingrigging.com"
46.101.26.151 - - [05/Dec/2022:01:07:34 -0800] "HEAD / HTTP/1.1" 200 - "https://www.bing.com" "Mozilla/5.0 (Windows NT 5.1) AppleWebKit/537.36 (KHTML, like Gecko) Chrome/31.0.1650.16 Safari/537.36" "specialtymovingrigging.com"
46.101.26.151 - - [05/Dec/2022:01:07:35 -0800] "GET /wp-login.php HTTP/1.1" 404 88 "http://specialtymovingrigging.com" "Mozilla/5.0 (Windows NT 5.1) AppleWebKit/537.36 (KHTML, like Gecko) Chrome/31.0.1650.16 Safari/537.36" "specialtymovingrigging.com"
46.101.26.151 - - [05/Dec/2022:01:07:35 -0800] "GET /wordpress/wp-login.php HTTP/1.1" 404 88 "http://specialtymovingrigging.com" "Mozilla/5.0 (Windows NT 5.1) AppleWebKit/537.36 (KHTML, like Gecko) Chrome/31.0.1650.16 Safari/537.36" "specialtymovingrigging.com"
46.101.26.151 - - [05/Dec/2022:01:07:36 -0800] "GET /blog/wp-login.php HTTP/1.1" 200 2108 "http://specialtymovingrigging.com" "Mozilla/5.0 (Windows NT 5.1) AppleWebKit/537.36 (KHTML, like Gecko) Chrome/31.0.1650.16 Safari/537.36" "specialtymovingrigging.com"
46.101.26.151 - - [05/Dec/2022:01:07:37 -0800] "GET /blog/?author=1 HTTP/1.1" 200 5805 "specialtymovingrigging.com/blog" "Mozilla/5.0 (Windows NT 5.1) AppleWebKit/537.36 (KHTML, like Gecko) Chrome/31.0.1650.16 Safari/537.36" "specialtymovingrigging.com"
46.101.26.151 - - [05/Dec/2022:01:07:38 -0800] "GET /blog/?author=2 HTTP/1.1" 200 4991 "specialtymovingrigging.com/blog" "Mozilla/5.0 (Windows NT 5.1) AppleWebKit/537.36 (KHTML, like Gecko) Chrome/31.0.1650.16 Safari/537.36" "specialtymovingrigging.com"
46.101.26.151 - - [05/Dec/2022:01:07:39 -0800] "GET /blog/?author=3 HTTP/1.1" 200 4991 "specialtymovingrigging.com/blog" "Mozilla/5.0 (Windows NT 5.1) AppleWebKit/537.36 (KHTML, like Gecko) Chrome/31.0.1650.16 Safari/537.36" "specialtymovingrigging.com"
46.101.26.151 - - [05/Dec/2022:01:07:40 -0800] "GET /blog/index.php/wp-json/wp/v2/users/1 HTTP/1.1" 404 4611 "specialtymovingrigging.com/blog" "Mozilla/5.0 (Windows NT 5.1) AppleWebKit/537.36 (KHTML, like Gecko) Chrome/31.0.1650.16 Safari/537.36" "specialtymovingrigging.com"
46.101.26.151 - - [05/Dec/2022:01:07:41 -0800] "GET /blog/index.php/wp-json/wp/v2/users/2 HTTP/1.1" 404 4619 "specialtymovingrigging.com/blog" "Mozilla/5.0 (Windows NT 5.1) AppleWebKit/537.36 (KHTML, like Gecko) Chrome/31.0.1650.16 Safari/537.36" "specialtymovingrigging.com"
46.101.26.151 - - [05/Dec/2022:01:07:42 -0800] "GET /blog/index.php/wp-json/wp/v2/users/3 HTTP/1.1" 404 4619 "specialtymovingrigging.com/blog" "Mozilla/5.0 (Windows NT 5.1) AppleWebKit/537.36 (KHTML, like Gecko) Chrome/31.0.1650.16 Safari/537.36" "specialtymovingrigging.com"
46.101.26.151 - - [05/Dec/2022:01:07:42 -0800] "POST /blog/wp-login.php HTTP/1.1" 200 2462 "specialtymovingrigging.com/blog" "Mozilla/5.0 (Windows NT 5.1) AppleWebKit/537.36 (KHTML, like Gecko) Chrome/31.0.1650.16 Safari/537.36" "specialtymovingrigging.com"
46.101.26.151 - - [05/Dec/2022:01:07:43 -0800] "POST /blog/wp-login.php HTTP/1.1" 200 2465 "specialtymovingrigging.com/blog" "Mozilla/5.0 (Windows NT 5.1) AppleWebKit/537.36 (KHTML, like Gecko) Chrome/31.0.1650.16 Safari/537.36" "specialtymovingrigging.com"
46.101.26.151 - - [05/Dec/2022:01:07:43 -0800] "POST /blog/wp-login.php HTTP/1.1" 200 2466 "specialtymovingrigging.com/blog" "Mozilla/5.0 (Windows NT 5.1) AppleWebKit/537.36 (KHTML, like Gecko) Chrome/31.0.1650.16 Safari/537.36" "specialtymovingrigging.com"
46.101.26.151 - - [05/Dec/2022:01:07:44 -0800] "POST /blog/wp-login.php HTTP/1.1" 200 2463 "specialtymovingrigging.com/blog" "Mozilla/5.0 (Windows NT 5.1) AppleWebKit/537.36 (KHTML, like Gecko) Chrome/31.0.1650.16 Safari/537.36" "specialtymovingrigging.com"
46.101.26.151 - - [05/Dec/2022:01:07:45 -0800] "POST /blog/wp-login.php HTTP/1.1" 200 2462 "specialtymovingrigging.com/blog" "Mozilla/5.0 (Windows NT 5.1) AppleWebKit/537.36 (KHTML, like Gecko) Chrome/31.0.1650.16 Safari/537.36" "specialtymovingrigging.com"
46.101.26.151 - - [05/Dec/2022:01:07:45 -0800] "POST /blog/wp-login.php HTTP/1.1" 200 2463 "specialtymovingrigging.com/blog" "Mozilla/5.0 (Windows NT 5.1) AppleWebKit/537.36 (KHTML, like Gecko) Chrome/31.0.1650.16 Safari/537.36" "specialtymovingrigging.com"
46.101.26.151 - - [05/Dec/2022:01:07:46 -0800] "POST /blog/wp-login.php HTTP/1.1" 200 2462 "specialtymovingrigging.com/blog" "Mozilla/5.0 (Windows NT 5.1) AppleWebKit/537.36 (KHTML, like Gecko) Chrome/31.0.1650.16 Safari/537.36" "specialtymovingrigging.com"
46.101.26.151 - - [05/Dec/2022:01:07:46 -0800] "POST /blog/wp-login.php HTTP/1.1" 200 2470 "specialtymovingrigging.com/blog" "Mozilla/5.0 (Windows NT 5.1) AppleWebKit/537.36 (KHTML, like Gecko) Chrome/31.0.1650.16 Safari/537.36" "specialtymovingrigging.com"
46.101.26.151 - - [05/Dec/2022:01:07:47 -0800] "POST /blog/wp-login.php HTTP/1.1" 200 2468 "specialtymovingrigging.com/blog" "Mozilla/5.0 (Windows NT 5.1) AppleWebKit/537.36 (KHTML, like Gecko) Chrome/31.0.1650.16 Safari/537.36" "specialtymovingrigging.com"
46.101.26.151 - - [05/Dec/2022:01:07:47 -0800] "POST /blog/wp-login.php HTTP/1.1" 200 2463 "specialtymovingrigging.com/blog" "Mozilla/5.0 (Windows NT 5.1) AppleWebKit/537.36 (KHTML, like Gecko) Chrome/31.0.1650.16 Safari/537.36" "specialtymovingrigging.com"
46.101.26.151 - - [05/Dec/2022:01:07:48 -0800] "POST /blog/wp-login.php HTTP/1.1" 200 2467 "specialtymovingrigging.com/blog" "Mozilla/5.0 (Windows NT 5.1) AppleWebKit/537.36 (KHTML, like Gecko) Chrome/31.0.1650.16 Safari/537.36" "specialtymovingrigging.com"
46.101.26.151 - - [05/Dec/2022:01:07:49 -0800] "POST /blog/wp-login.php HTTP/1.1" 200 2466 "specialtymovingrigging.com/blog" "Mozilla/5.0 (Windows NT 5.1) AppleWebKit/537.36 (KHTML, like Gecko) Chrome/31.0.1650.16 Safari/537.36" "specialtymovingrigging.com"
46.101.26.151 - - [05/Dec/2022:01:07:49 -0800] "POST /blog/wp-login.php HTTP/1.1" 200 2469 "specialtymovingrigging.com/blog" "Mozilla/5.0 (Windows NT 5.1) AppleWebKit/537.36 (KHTML, like Gecko) Chrome/31.0.1650.16 Safari/537.36" "specialtymovingrigging.com"
46.101.26.151 - - [05/Dec/2022:01:07:50 -0800] "POST /blog/wp-login.php HTTP/1.1" 200 2469 "specialtymovingrigging.com/blog" "Mozilla/5.0 (Windows NT 5.1) AppleWebKit/537.36 (KHTML, like Gecko) Chrome/31.0.1650.16 Safari/537.36" "specialtymovingrigging.com"
46.101.26.151 - - [05/Dec/2022:01:07:51 -0800] "POST /blog/wp-login.php HTTP/1.1" 200 2463 "specialtymovingrigging.com/blog" "Mozilla/5.0 (Windows NT 5.1) AppleWebKit/537.36 (KHTML, like Gecko) Chrome/31.0.1650.16 Safari/537.36" "specialtymovingrigging.com"
46.101.26.151 - - [05/Dec/2022:01:07:52 -0800] "POST /blog/wp-login.php HTTP/1.1" 200 2464 "specialtymovingrigging.com/blog" "Mozilla/5.0 (Windows NT 5.1) AppleWebKit/537.36 (KHTML, like Gecko) Chrome/31.0.1650.16 Safari/537.36" "specialtymovingrigging.com"
46.101.26.151 - - [05/Dec/2022:01:07:52 -0800] "POST /blog/wp-login.php HTTP/1.1" 200 2472 "specialtymovingrigging.com/blog" "Mozilla/5.0 (Windows NT 5.1) AppleWebKit/537.36 (KHTML, like Gecko) Chrome/31.0.1650.16 Safari/537.36" "specialtymovingrigging.com"
46.101.26.151 - - [05/Dec/2022:01:07:53 -0800] "POST /blog/wp-login.php HTTP/1.1" 200 2465 "specialtymovingrigging.com/blog" "Mozilla/5.0 (Windows NT 5.1) AppleWebKit/537.36 (KHTML, like Gecko) Chrome/31.0.1650.16 Safari/537.36" "specialtymovingrigging.com"
46.101.26.151 - - [05/Dec/2022:01:07:54 -0800] "POST /blog/wp-login.php HTTP/1.1" 200 2465 "specialtymovingrigging.com/blog" "Mozilla/5.0 (Windows NT 5.1) AppleWebKit/537.36 (KHTML, like Gecko) Chrome/31.0.1650.16 Safari/537.36" "specialtymovingrigging.com"
46.101.26.151 - - [05/Dec/2022:01:07:55 -0800] "POST /blog/wp-login.php HTTP/1.1" 200 2463 "specialtymovingrigging.com/blog" "Mozilla/5.0 (Windows NT 5.1) AppleWebKit/537.36 (KHTML, like Gecko) Chrome/31.0.1650.16 Safari/537.36" "specialtymovingrigging.com"
46.101.26.151 - - [05/Dec/2022:01:07:55 -0800] "POST /blog/wp-login.php HTTP/1.1" 200 2470 "specialtymovingrigging.com/blog" "Mozilla/5.0 (Windows NT 5.1) AppleWebKit/537.36 (KHTML, like Gecko) Chrome/31.0.1650.16 Safari/537.36" "specialtymovingrigging.com"
185.213.154.213 - - [05/Dec/2022:03:52:23 -0800] "GET / HTTP/1.1" 200 4168 "-" "Mozilla/5.0 (Windows NT 10.0; rv:105.0) Gecko/20100101 Firefox/105.0" "specialtymovingrigging.com"
