51.222.253.3 - - [26/Nov/2022:04:00:56 -0800] "GET /robots.txt HTTP/1.1" 200 67 "-" "Mozilla/5.0 (compatible; AhrefsBot/7.0; +http://ahrefs.com/robot/)" "specialtymovingrigging.com"
51.222.253.10 - - [26/Nov/2022:04:00:58 -0800] "GET / HTTP/1.1" 200 4168 "-" "Mozilla/5.0 (compatible; AhrefsBot/7.0; +http://ahrefs.com/robot/)" "specialtymovingrigging.com"
51.222.253.14 - - [26/Nov/2022:04:01:05 -0800] "GET /sitebuilder/images/100_1251-312x216.jpg HTTP/1.1" 200 16638 "-" "Mozilla/5.0 (compatible; AhrefsBot/7.0; +http://ahrefs.com/robot/)" "specialtymovingrigging.com"
51.222.253.19 - - [26/Nov/2022:04:01:11 -0800] "GET /sitebuilder/images/IMG_1010-396x187.jpg HTTP/1.1" 200 16395 "-" "Mozilla/5.0 (compatible; AhrefsBot/7.0; +http://ahrefs.com/robot/)" "specialtymovingrigging.com"
51.222.253.8 - - [26/Nov/2022:04:01:16 -0800] "GET /sitebuilder/images/371-468x309.jpg HTTP/1.1" 200 29787 "-" "Mozilla/5.0 (compatible; AhrefsBot/7.0; +http://ahrefs.com/robot/)" "specialtymovingrigging.com"
51.222.253.6 - - [26/Nov/2022:04:01:22 -0800] "GET /sitebuilder/images/000_0023-268x199.jpg HTTP/1.1" 200 12819 "-" "Mozilla/5.0 (compatible; AhrefsBot/7.0; +http://ahrefs.com/robot/)" "specialtymovingrigging.com"
51.222.253.5 - - [26/Nov/2022:04:01:27 -0800] "GET /sitebuilder/images/100_0778-360x217.jpg HTTP/1.1" 200 18083 "-" "Mozilla/5.0 (compatible; AhrefsBot/7.0; +http://ahrefs.com/robot/)" "specialtymovingrigging.com"
51.222.253.2 - - [26/Nov/2022:04:01:33 -0800] "GET /sitebuilder/images/image1099-247x271.png HTTP/1.1" 200 8088 "-" "Mozilla/5.0 (compatible; AhrefsBot/7.0; +http://ahrefs.com/robot/)" "specialtymovingrigging.com"
51.222.253.18 - - [26/Nov/2022:04:01:38 -0800] "GET /sitebuilder/images/smr-1109x122.png HTTP/1.1" 200 78641 "-" "Mozilla/5.0 (compatible; AhrefsBot/7.0; +http://ahrefs.com/robot/)" "specialtymovingrigging.com"
51.222.253.19 - - [26/Nov/2022:04:01:44 -0800] "GET /sitebuilder/scripts/layers.js HTTP/1.1" 200 1140 "-" "Mozilla/5.0 (compatible; AhrefsBot/7.0; +http://ahrefs.com/robot/)" "specialtymovingrigging.com"
51.222.253.9 - - [26/Nov/2022:04:01:45 -0800] "GET /sitebuilder/images/bar-4-inactive-30375.png HTTP/1.1" 200 2501 "-" "Mozilla/5.0 (compatible; AhrefsBot/7.0; +http://ahrefs.com/robot/)" "specialtymovingrigging.com"
51.222.253.16 - - [26/Nov/2022:04:01:50 -0800] "GET /sitebuilder/images/IMG00490_1_-180x313.jpg HTTP/1.1" 200 11444 "-" "Mozilla/5.0 (compatible; AhrefsBot/7.0; +http://ahrefs.com/robot/)" "specialtymovingrigging.com"
51.222.253.10 - - [26/Nov/2022:04:01:56 -0800] "GET /sitebuilder/images/DSC00162-421x323.jpg HTTP/1.1" 200 30025 "-" "Mozilla/5.0 (compatible; AhrefsBot/7.0; +http://ahrefs.com/robot/)" "specialtymovingrigging.com"
51.222.253.16 - - [26/Nov/2022:04:02:02 -0800] "GET /sitebuilder/images/100_1628-287x209.jpg HTTP/1.1" 200 14485 "-" "Mozilla/5.0 (compatible; AhrefsBot/7.0; +http://ahrefs.com/robot/)" "specialtymovingrigging.com"
51.222.253.12 - - [26/Nov/2022:04:02:09 -0800] "GET /sitebuilder/images/000_0039-467x319.jpg HTTP/1.1" 200 35368 "-" "Mozilla/5.0 (compatible; AhrefsBot/7.0; +http://ahrefs.com/robot/)" "specialtymovingrigging.com"
51.222.253.6 - - [26/Nov/2022:04:02:15 -0800] "GET /sitebuilder/images/20130806_085117-695x507.jpg HTTP/1.1" 200 52763 "-" "Mozilla/5.0 (compatible; AhrefsBot/7.0; +http://ahrefs.com/robot/)" "specialtymovingrigging.com"
51.222.253.16 - - [26/Nov/2022:04:02:21 -0800] "GET /sitebuilder/images/IMG00036_1_-319x187.jpg HTTP/1.1" 200 14486 "-" "Mozilla/5.0 (compatible; AhrefsBot/7.0; +http://ahrefs.com/robot/)" "specialtymovingrigging.com"
51.222.253.18 - - [26/Nov/2022:04:02:22 -0800] "GET /sitebuilder/images/bar-0-active-29906.png HTTP/1.1" 200 2339 "-" "Mozilla/5.0 (compatible; AhrefsBot/7.0; +http://ahrefs.com/robot/)" "specialtymovingrigging.com"
51.222.253.6 - - [26/Nov/2022:04:02:27 -0800] "GET /sitebuilder/images/bar-1-inactive-29984.png HTTP/1.1" 200 2693 "-" "Mozilla/5.0 (compatible; AhrefsBot/7.0; +http://ahrefs.com/robot/)" "specialtymovingrigging.com"
51.222.253.9 - - [26/Nov/2022:04:02:32 -0800] "GET /sitebuilder/images/100_1631-364x228.jpg HTTP/1.1" 200 18502 "-" "Mozilla/5.0 (compatible; AhrefsBot/7.0; +http://ahrefs.com/robot/)" "specialtymovingrigging.com"
51.222.253.18 - - [26/Nov/2022:04:02:38 -0800] "GET /sitebuilder/images/DSC00078-417x319.jpg HTTP/1.1" 200 28022 "-" "Mozilla/5.0 (compatible; AhrefsBot/7.0; +http://ahrefs.com/robot/)" "specialtymovingrigging.com"
51.222.253.20 - - [26/Nov/2022:04:02:44 -0800] "GET /sitebuilder/images/35536_10151324149554685_372572478_n-400x250.jpg HTTP/1.1" 200 21981 "-" "Mozilla/5.0 (compatible; AhrefsBot/7.0; +http://ahrefs.com/robot/)" "specialtymovingrigging.com"
51.222.253.2 - - [26/Nov/2022:04:02:50 -0800] "GET /sitebuilder/images/000_0091-405x330.jpg HTTP/1.1" 200 28383 "-" "Mozilla/5.0 (compatible; AhrefsBot/7.0; +http://ahrefs.com/robot/)" "specialtymovingrigging.com"
51.222.253.7 - - [26/Nov/2022:04:02:55 -0800] "GET /sitebuilder/images/bar-2-inactive-30125.png HTTP/1.1" 200 2681 "-" "Mozilla/5.0 (compatible; AhrefsBot/7.0; +http://ahrefs.com/robot/)" "specialtymovingrigging.com"
51.222.253.9 - - [26/Nov/2022:04:03:01 -0800] "GET /sitebuilder/images/72528_10151231096319685_1188432133_n-308x225.jpg HTTP/1.1" 200 11280 "-" "Mozilla/5.0 (compatible; AhrefsBot/7.0; +http://ahrefs.com/robot/)" "specialtymovingrigging.com"
51.222.253.10 - - [26/Nov/2022:04:03:06 -0800] "GET /sitebuilder/images/bar-3-inactive-30250.png HTTP/1.1" 200 2438 "-" "Mozilla/5.0 (compatible; AhrefsBot/7.0; +http://ahrefs.com/robot/)" "specialtymovingrigging.com"
194.38.20.161 - - [26/Nov/2022:04:10:52 -0800] "GET /wp-content/themes/seotheme/db.php?u HTTP/1.1" 404 73 "-" "ALittle Client" "specialtymovingrigging.com"
20.21.128.208 - - [26/Nov/2022:05:18:34 -0800] "GET /vendor/phpunit/phpunit/phpunit.xsd HTTP/1.1" 404 88 "-" "Mozilla/5.0 (X11; Linux x86_64; rv:52.0) Gecko/20100101 Firefox/52.0" "specialtymovingrigging.com"
114.119.153.214 - - [26/Nov/2022:05:25:31 -0800] "GET /robots.txt HTTP/1.1" 200 67 "-" "Mozilla/5.0 (compatible;PetalBot;+https://webmaster.petalsearch.com/site/petalbot)" "specialtymovingrigging.com"
40.77.167.8 - - [26/Nov/2022:05:28:02 -0800] "GET /sitemap.xml HTTP/1.1" 200 178 "-" "Mozilla/5.0 AppleWebKit/537.36 (KHTML, like Gecko; compatible; bingbot/2.0; +http://www.bing.com/bingbot.htm) Chrome/103.0.5060.134 Safari/537.36" "www.specialtymovingrigging.com"
40.77.167.49 - - [26/Nov/2022:05:36:08 -0800] "GET /sitebuilder/images/image1099-148x165.png HTTP/1.1" 200 4125 "-" "Mozilla/5.0 (compatible; bingbot/2.0; +http://www.bing.com/bingbot.htm)" "www.specialtymovingrigging.com"
207.46.13.174 - - [26/Nov/2022:05:43:03 -0800] "GET /sitebuilder/images/000_0050_0001-175x128.jpg HTTP/1.1" 200 4572 "-" "Mozilla/5.0 AppleWebKit/537.36 (KHTML, like Gecko; compatible; bingbot/2.0; +http://www.bing.com/bingbot.htm) Chrome/103.0.5060.134 Safari/537.36" "www.specialtymovingrigging.com"
192.29.97.49 - - [26/Nov/2022:05:48:26 -0800] "HEAD /robots.txt HTTP/1.1" 200 - "-" "DF Bot 1.0" "www.specialtymovingrigging.com"
192.29.97.49 - - [26/Nov/2022:05:48:27 -0800] "GET /robots.txt HTTP/1.1" 200 53 "-" "DF Bot 1.0" "www.specialtymovingrigging.com"
192.29.97.49 - - [26/Nov/2022:05:48:27 -0800] "GET / HTTP/1.1" 200 21060 "-" "DF Bot 1.0" "www.specialtymovingrigging.com"
40.77.167.104 - - [26/Nov/2022:06:13:07 -0800] "GET /robots.txt HTTP/1.1" 200 67 "-" "Mozilla/5.0 (compatible; bingbot/2.0; +http://www.bing.com/bingbot.htm)" "specialtymovingrigging.com"
157.55.39.152 - - [26/Nov/2022:06:13:17 -0800] "GET /Equipment.html HTTP/1.1" 200 7547 "-" "Mozilla/5.0 AppleWebKit/537.36 (KHTML, like Gecko; compatible; bingbot/2.0; +http://www.bing.com/bingbot.htm) Chrome/103.0.5060.134 Safari/537.36" "specialtymovingrigging.com"
40.77.167.49 - - [26/Nov/2022:06:20:04 -0800] "GET /sitebuilder/images/371-468x309.jpg HTTP/1.1" 200 29787 "-" "Mozilla/5.0 AppleWebKit/537.36 (KHTML, like Gecko; compatible; bingbot/2.0; +http://www.bing.com/bingbot.htm) Chrome/103.0.5060.134 Safari/537.36" "www.specialtymovingrigging.com"
77.88.5.45 - - [26/Nov/2022:06:41:54 -0800] "GET /robots.txt HTTP/1.1" 200 53 "-" "Mozilla/5.0 (compatible; YandexBot/3.0; +http://yandex.com/bots)" "specialtymovingrigging.com"
77.88.5.50 - - [26/Nov/2022:06:41:57 -0800] "GET /sitemap.xml HTTP/1.1" 200 178 "-" "Mozilla/5.0 (compatible; YandexBot/3.0; +http://yandex.com/bots)" "specialtymovingrigging.com"
40.77.167.49 - - [26/Nov/2022:07:09:07 -0800] "GET /sitebuilder/images/scan0003-225x120.jpg HTTP/1.1" 200 6346 "-" "Mozilla/5.0 AppleWebKit/537.36 (KHTML, like Gecko; compatible; bingbot/2.0; +http://www.bing.com/bingbot.htm) Chrome/103.0.5060.134 Safari/537.36" "www.specialtymovingrigging.com"
157.55.39.152 - - [26/Nov/2022:07:25:16 -0800] "GET /Phothos.html HTTP/1.1" 200 5419 "-" "Mozilla/5.0 (compatible; bingbot/2.0; +http://www.bing.com/bingbot.htm)" "specialtymovingrigging.com"
10.247.24.52 - - [26/Nov/2022:07:35:23 -0800] "POST /blog/wp-cron.php?doing_wp_cron HTTP/1.1" 200 - "-" "WordPress/2.8.4; http://specialtymovingrigging.com/blog" "specialtymovingrigging.com"
52.8.2.58 - - [26/Nov/2022:07:35:21 -0800] "GET /blog/index.php/feed/ HTTP/1.1" 200 1721 "-" "robot;Owler;sthiyagarajan@owler-inc.com" "specialtymovingrigging.com"
216.244.66.231 - - [26/Nov/2022:07:40:25 -0800] "GET /robots.txt HTTP/1.1" 200 53 "-" "Mozilla/5.0 (compatible; DotBot/1.2; +https://opensiteexplorer.org/dotbot; help@moz.com)" "www.specialtymovingrigging.com"
40.77.167.8 - - [26/Nov/2022:07:41:55 -0800] "GET /image662.jpg HTTP/1.1" 200 28266 "-" "Mozilla/5.0 (compatible; bingbot/2.0; +http://www.bing.com/bingbot.htm)" "www.specialtymovingrigging.com"
216.244.66.231 - - [26/Nov/2022:07:44:55 -0800] "GET /images/DSC00047.JPG HTTP/1.1" 200 6658567 "-" "Mozilla/5.0 (compatible; DotBot/1.2; +https://opensiteexplorer.org/dotbot; help@moz.com)" "www.specialtymovingrigging.com"
216.244.66.231 - - [26/Nov/2022:07:45:26 -0800] "GET /images/IMG00236.jpg HTTP/1.1" 200 838159 "-" "Mozilla/5.0 (compatible; DotBot/1.2; +https://opensiteexplorer.org/dotbot; help@moz.com)" "www.specialtymovingrigging.com"
216.244.66.231 - - [26/Nov/2022:07:45:58 -0800] "GET /images/IMG_00262.JPG HTTP/1.1" 200 123064 "-" "Mozilla/5.0 (compatible; DotBot/1.2; +https://opensiteexplorer.org/dotbot; help@moz.com)" "www.specialtymovingrigging.com"
216.244.66.231 - - [26/Nov/2022:07:46:24 -0800] "GET /images/IMG_1056.jpg HTTP/1.1" 200 948966 "-" "Mozilla/5.0 (compatible; DotBot/1.2; +https://opensiteexplorer.org/dotbot; help@moz.com)" "www.specialtymovingrigging.com"
51.222.253.17 - - [26/Nov/2022:08:40:39 -0800] "GET /robots.txt HTTP/1.1" 200 67 "-" "Mozilla/5.0 (compatible; AhrefsBot/7.0; +http://ahrefs.com/robot/)" "www.specialtymovingrigging.com"
51.222.253.13 - - [26/Nov/2022:08:40:40 -0800] "GET / HTTP/1.1" 200 4168 "-" "Mozilla/5.0 (compatible; AhrefsBot/7.0; +http://ahrefs.com/robot/)" "www.specialtymovingrigging.com"
51.222.253.14 - - [26/Nov/2022:08:40:47 -0800] "GET /sitebuilder/images/smr-1109x122.png HTTP/1.1" 200 78641 "-" "Mozilla/5.0 (compatible; AhrefsBot/7.0; +http://ahrefs.com/robot/)" "www.specialtymovingrigging.com"
51.222.253.2 - - [26/Nov/2022:08:40:53 -0800] "GET /sitebuilder/images/100_1251-312x216.jpg HTTP/1.1" 200 16638 "-" "Mozilla/5.0 (compatible; AhrefsBot/7.0; +http://ahrefs.com/robot/)" "www.specialtymovingrigging.com"
51.222.253.9 - - [26/Nov/2022:08:40:59 -0800] "GET /sitebuilder/images/IMG00036_1_-319x187.jpg HTTP/1.1" 200 14486 "-" "Mozilla/5.0 (compatible; AhrefsBot/7.0; +http://ahrefs.com/robot/)" "www.specialtymovingrigging.com"
51.222.253.11 - - [26/Nov/2022:08:41:04 -0800] "GET /sitebuilder/images/371-468x309.jpg HTTP/1.1" 200 29787 "-" "Mozilla/5.0 (compatible; AhrefsBot/7.0; +http://ahrefs.com/robot/)" "www.specialtymovingrigging.com"
51.222.253.18 - - [26/Nov/2022:08:41:10 -0800] "GET /sitebuilder/scripts/layers.js HTTP/1.1" 200 1140 "-" "Mozilla/5.0 (compatible; AhrefsBot/7.0; +http://ahrefs.com/robot/)" "www.specialtymovingrigging.com"
51.222.253.20 - - [26/Nov/2022:08:41:15 -0800] "GET /sitebuilder/images/bar-4-inactive-30375.png HTTP/1.1" 200 2501 "-" "Mozilla/5.0 (compatible; AhrefsBot/7.0; +http://ahrefs.com/robot/)" "www.specialtymovingrigging.com"
51.222.253.17 - - [26/Nov/2022:08:41:20 -0800] "GET /sitebuilder/images/000_0039-467x319.jpg HTTP/1.1" 200 35368 "-" "Mozilla/5.0 (compatible; AhrefsBot/7.0; +http://ahrefs.com/robot/)" "www.specialtymovingrigging.com"
51.222.253.18 - - [26/Nov/2022:08:41:26 -0800] "GET /sitebuilder/images/000_0023-268x199.jpg HTTP/1.1" 200 12819 "-" "Mozilla/5.0 (compatible; AhrefsBot/7.0; +http://ahrefs.com/robot/)" "www.specialtymovingrigging.com"
51.222.253.16 - - [26/Nov/2022:08:41:32 -0800] "GET /sitebuilder/images/IMG_1010-396x187.jpg HTTP/1.1" 200 16395 "-" "Mozilla/5.0 (compatible; AhrefsBot/7.0; +http://ahrefs.com/robot/)" "www.specialtymovingrigging.com"
51.222.253.10 - - [26/Nov/2022:08:41:37 -0800] "GET /sitebuilder/images/100_0778-360x217.jpg HTTP/1.1" 200 18083 "-" "Mozilla/5.0 (compatible; AhrefsBot/7.0; +http://ahrefs.com/robot/)" "www.specialtymovingrigging.com"
51.222.253.7 - - [26/Nov/2022:08:41:43 -0800] "GET /sitebuilder/images/20130806_085117-695x507.jpg HTTP/1.1" 200 52763 "-" "Mozilla/5.0 (compatible; AhrefsBot/7.0; +http://ahrefs.com/robot/)" "www.specialtymovingrigging.com"
51.222.253.8 - - [26/Nov/2022:08:41:49 -0800] "GET /sitebuilder/images/bar-2-inactive-30125.png HTTP/1.1" 200 2681 "-" "Mozilla/5.0 (compatible; AhrefsBot/7.0; +http://ahrefs.com/robot/)" "www.specialtymovingrigging.com"
51.222.253.9 - - [26/Nov/2022:08:41:54 -0800] "GET /sitebuilder/images/100_1628-287x209.jpg HTTP/1.1" 200 14485 "-" "Mozilla/5.0 (compatible; AhrefsBot/7.0; +http://ahrefs.com/robot/)" "www.specialtymovingrigging.com"
51.222.253.11 - - [26/Nov/2022:08:42:00 -0800] "GET /sitebuilder/images/35536_10151324149554685_372572478_n-400x250.jpg HTTP/1.1" 200 21981 "-" "Mozilla/5.0 (compatible; AhrefsBot/7.0; +http://ahrefs.com/robot/)" "www.specialtymovingrigging.com"
51.222.253.17 - - [26/Nov/2022:08:42:05 -0800] "GET /sitebuilder/images/IMG00490_1_-180x313.jpg HTTP/1.1" 200 11444 "-" "Mozilla/5.0 (compatible; AhrefsBot/7.0; +http://ahrefs.com/robot/)" "www.specialtymovingrigging.com"
51.222.253.11 - - [26/Nov/2022:08:42:11 -0800] "GET /sitebuilder/images/image1099-247x271.png HTTP/1.1" 200 8088 "-" "Mozilla/5.0 (compatible; AhrefsBot/7.0; +http://ahrefs.com/robot/)" "www.specialtymovingrigging.com"
51.222.253.6 - - [26/Nov/2022:08:42:16 -0800] "GET /sitebuilder/images/bar-1-inactive-29984.png HTTP/1.1" 200 2693 "-" "Mozilla/5.0 (compatible; AhrefsBot/7.0; +http://ahrefs.com/robot/)" "www.specialtymovingrigging.com"
51.222.253.11 - - [26/Nov/2022:08:42:21 -0800] "GET /sitebuilder/images/100_1631-364x228.jpg HTTP/1.1" 200 18502 "-" "Mozilla/5.0 (compatible; AhrefsBot/7.0; +http://ahrefs.com/robot/)" "www.specialtymovingrigging.com"
51.222.253.15 - - [26/Nov/2022:08:42:26 -0800] "GET /sitebuilder/images/72528_10151231096319685_1188432133_n-308x225.jpg HTTP/1.1" 200 11280 "-" "Mozilla/5.0 (compatible; AhrefsBot/7.0; +http://ahrefs.com/robot/)" "www.specialtymovingrigging.com"
51.222.253.9 - - [26/Nov/2022:08:42:32 -0800] "GET /sitebuilder/images/bar-0-active-29906.png HTTP/1.1" 200 2339 "-" "Mozilla/5.0 (compatible; AhrefsBot/7.0; +http://ahrefs.com/robot/)" "www.specialtymovingrigging.com"
51.222.253.2 - - [26/Nov/2022:08:42:37 -0800] "GET /sitebuilder/images/DSC00162-421x323.jpg HTTP/1.1" 200 30025 "-" "Mozilla/5.0 (compatible; AhrefsBot/7.0; +http://ahrefs.com/robot/)" "www.specialtymovingrigging.com"
51.222.253.2 - - [26/Nov/2022:08:42:43 -0800] "GET /sitebuilder/images/bar-3-inactive-30250.png HTTP/1.1" 200 2438 "-" "Mozilla/5.0 (compatible; AhrefsBot/7.0; +http://ahrefs.com/robot/)" "www.specialtymovingrigging.com"
51.222.253.14 - - [26/Nov/2022:08:42:48 -0800] "GET /sitebuilder/images/IMG00290-296x223.jpg HTTP/1.1" 200 15830 "-" "Mozilla/5.0 (compatible; AhrefsBot/7.0; +http://ahrefs.com/robot/)" "www.specialtymovingrigging.com"
51.222.253.11 - - [26/Nov/2022:08:42:52 -0800] "GET /sitebuilder/images/DSC00078-417x319.jpg HTTP/1.1" 200 28022 "-" "Mozilla/5.0 (compatible; AhrefsBot/7.0; +http://ahrefs.com/robot/)" "www.specialtymovingrigging.com"
95.163.255.121 - - [26/Nov/2022:08:46:37 -0800] "GET /robots.txt HTTP/1.1" 200 53 "-" "Mozilla/5.0 (compatible; Linux x86_64; Mail.RU_Bot/Robots/2.0; +https://help.mail.ru/webmaster/indexing/robots)" "www.specialtymovingrigging.com"
95.163.255.129 - - [26/Nov/2022:08:46:42 -0800] "GET / HTTP/1.1" 200 4168 "-" "Mozilla/5.0 (compatible; Linux x86_64; Mail.RU_Bot/Robots/2.0; +https://help.mail.ru/webmaster/indexing/robots)" "www.specialtymovingrigging.com"
207.46.13.21 - - [26/Nov/2022:09:06:54 -0800] "GET /images/IMG00159.jpg HTTP/1.1" 200 574640 "-" "Mozilla/5.0 (compatible; bingbot/2.0; +http://www.bing.com/bingbot.htm)" "specialtymovingrigging.com"
34.79.159.38 - - [26/Nov/2022:09:27:24 -0800] "HEAD / HTTP/1.1" 200 - "-" "Apache-HttpClient/4.5.5 (Java/11.0.9)" "www.specialtymovingrigging.com"
207.46.13.229 - - [26/Nov/2022:09:30:44 -0800] "GET /robots.txt HTTP/1.1" 200 67 "-" "Mozilla/5.0 (compatible; bingbot/2.0; +http://www.bing.com/bingbot.htm)" "specialtymovingrigging.com"
207.46.13.229 - - [26/Nov/2022:09:30:44 -0800] "GET /robots.txt HTTP/1.1" 200 67 "-" "Mozilla/5.0 (compatible; bingbot/2.0; +http://www.bing.com/bingbot.htm)" "specialtymovingrigging.com"
157.55.39.179 - - [26/Nov/2022:09:31:20 -0800] "GET /images/IMG00490_1_.jpg HTTP/1.1" 200 593272 "-" "Mozilla/5.0 AppleWebKit/537.36 (KHTML, like Gecko; compatible; bingbot/2.0; +http://www.bing.com/bingbot.htm) Chrome/103.0.5060.134 Safari/537.36" "specialtymovingrigging.com"
207.46.13.21 - - [26/Nov/2022:10:18:53 -0800] "GET /images/000_0039.JPG HTTP/1.1" 200 697790 "-" "Mozilla/5.0 AppleWebKit/537.36 (KHTML, like Gecko; compatible; bingbot/2.0; +http://www.bing.com/bingbot.htm) Chrome/103.0.5060.134 Safari/537.36" "specialtymovingrigging.com"
207.46.13.21 - - [26/Nov/2022:12:04:31 -0800] "GET /images/IMG_0001.JPG HTTP/1.1" 200 138202 "-" "Mozilla/5.0 AppleWebKit/537.36 (KHTML, like Gecko; compatible; bingbot/2.0; +http://www.bing.com/bingbot.htm) Chrome/103.0.5060.134 Safari/537.36" "specialtymovingrigging.com"
207.46.13.174 - - [26/Nov/2022:12:11:20 -0800] "GET /images/CIMG0655_1_.JPG HTTP/1.1" 200 2210250 "-" "Mozilla/5.0 (compatible; bingbot/2.0; +http://www.bing.com/bingbot.htm)" "www.specialtymovingrigging.com"
207.46.13.174 - - [26/Nov/2022:12:59:34 -0800] "GET / HTTP/1.1" 200 4168 "-" "Mozilla/5.0 (compatible; bingbot/2.0; +http://www.bing.com/bingbot.htm)" "specialtymovingrigging.com"
40.77.167.49 - - [26/Nov/2022:12:59:50 -0800] "GET /sitebuilder/scripts/layers.js HTTP/1.1" 200 1140 "-" "Mozilla/5.0 AppleWebKit/537.36 (KHTML, like Gecko; compatible; bingbot/2.0; +http://www.bing.com/bingbot.htm) Chrome/103.0.5060.134 Safari/537.36" "specialtymovingrigging.com"
207.46.13.174 - - [26/Nov/2022:13:03:35 -0800] "GET /images/DSC00154.JPG HTTP/1.1" 200 6570204 "-" "Mozilla/5.0 AppleWebKit/537.36 (KHTML, like Gecko; compatible; bingbot/2.0; +http://www.bing.com/bingbot.htm) Chrome/103.0.5060.134 Safari/537.36" "specialtymovingrigging.com"
157.55.39.179 - - [26/Nov/2022:13:18:42 -0800] "GET /images/DSC00157.JPG HTTP/1.1" 200 6683936 "-" "Mozilla/5.0 AppleWebKit/537.36 (KHTML, like Gecko; compatible; bingbot/2.0; +http://www.bing.com/bingbot.htm) Chrome/103.0.5060.134 Safari/537.36" "www.specialtymovingrigging.com"
207.46.13.174 - - [26/Nov/2022:13:32:38 -0800] "GET /images/000_0029.JPG HTTP/1.1" 200 666266 "-" "Mozilla/5.0 (compatible; bingbot/2.0; +http://www.bing.com/bingbot.htm)" "www.specialtymovingrigging.com"
114.119.136.78 - - [26/Nov/2022:13:34:03 -0800] "GET /Phothos.html HTTP/1.1" 200 5419 "http://specialtymovingrigging.com/Equipment.html" "Mozilla/5.0 (Linux; Android 7.0;) AppleWebKit/537.36 (KHTML, like Gecko) Mobile Safari/537.36 (compatible; PetalBot;+https://webmaster.petalsearch.com/site/petalbot)" "specialtymovingrigging.com"
185.191.171.22 - - [26/Nov/2022:13:51:48 -0800] "GET /robots.txt HTTP/1.1" 200 67 "-" "Mozilla/5.0 (compatible; SemrushBot/7~bl; +http://www.semrush.com/bot.html)" "specialtymovingrigging.com"
185.191.171.18 - - [26/Nov/2022:13:51:48 -0800] "GET /Phothos.html HTTP/1.1" 200 5419 "-" "Mozilla/5.0 (compatible; SemrushBot/7~bl; +http://www.semrush.com/bot.html)" "specialtymovingrigging.com"
157.55.39.152 - - [26/Nov/2022:13:54:42 -0800] "GET /images/000_0199.jpg HTTP/1.1" 200 658354 "-" "Mozilla/5.0 (compatible; bingbot/2.0; +http://www.bing.com/bingbot.htm)" "specialtymovingrigging.com"
54.36.148.32 - - [26/Nov/2022:13:57:47 -0800] "GET /robots.txt HTTP/1.1" 200 67 "-" "Mozilla/5.0 (compatible; AhrefsBot/7.0; +http://ahrefs.com/robot/)" "specialtymovingrigging.com"
51.222.253.2 - - [26/Nov/2022:13:57:48 -0800] "GET / HTTP/1.1" 200 4168 "-" "Mozilla/5.0 (compatible; AhrefsBot/7.0; +http://ahrefs.com/robot/)" "specialtymovingrigging.com"
51.222.253.2 - - [26/Nov/2022:13:57:52 -0800] "GET /sitebuilder/images/image1099-247x271.png HTTP/1.1" 200 8088 "-" "Mozilla/5.0 (compatible; AhrefsBot/7.0; +http://ahrefs.com/robot/)" "specialtymovingrigging.com"
51.222.253.15 - - [26/Nov/2022:13:57:58 -0800] "GET /sitebuilder/images/DSC00162-421x323.jpg HTTP/1.1" 200 30025 "-" "Mozilla/5.0 (compatible; AhrefsBot/7.0; +http://ahrefs.com/robot/)" "specialtymovingrigging.com"
51.222.253.9 - - [26/Nov/2022:13:58:03 -0800] "GET /sitebuilder/images/bar-3-inactive-30250.png HTTP/1.1" 200 2438 "-" "Mozilla/5.0 (compatible; AhrefsBot/7.0; +http://ahrefs.com/robot/)" "specialtymovingrigging.com"
51.222.253.7 - - [26/Nov/2022:13:58:09 -0800] "GET /sitebuilder/images/100_0778-360x217.jpg HTTP/1.1" 200 18083 "-" "Mozilla/5.0 (compatible; AhrefsBot/7.0; +http://ahrefs.com/robot/)" "specialtymovingrigging.com"
51.222.253.5 - - [26/Nov/2022:13:58:14 -0800] "GET /sitebuilder/images/100_1628-287x209.jpg HTTP/1.1" 200 14485 "-" "Mozilla/5.0 (compatible; AhrefsBot/7.0; +http://ahrefs.com/robot/)" "specialtymovingrigging.com"
51.222.253.11 - - [26/Nov/2022:13:58:20 -0800] "GET /sitebuilder/images/bar-4-inactive-30375.png HTTP/1.1" 200 2501 "-" "Mozilla/5.0 (compatible; AhrefsBot/7.0; +http://ahrefs.com/robot/)" "specialtymovingrigging.com"
51.222.253.9 - - [26/Nov/2022:13:58:20 -0800] "GET /sitebuilder/images/100_1251-312x216.jpg HTTP/1.1" 200 16638 "-" "Mozilla/5.0 (compatible; AhrefsBot/7.0; +http://ahrefs.com/robot/)" "specialtymovingrigging.com"
51.222.253.5 - - [26/Nov/2022:13:58:26 -0800] "GET /sitebuilder/images/371-468x309.jpg HTTP/1.1" 200 29787 "-" "Mozilla/5.0 (compatible; AhrefsBot/7.0; +http://ahrefs.com/robot/)" "specialtymovingrigging.com"
51.222.253.20 - - [26/Nov/2022:13:58:32 -0800] "GET /sitebuilder/images/DSC00078-417x319.jpg HTTP/1.1" 200 28022 "-" "Mozilla/5.0 (compatible; AhrefsBot/7.0; +http://ahrefs.com/robot/)" "specialtymovingrigging.com"
51.222.253.9 - - [26/Nov/2022:13:58:39 -0800] "GET /sitebuilder/images/bar-0-active-29906.png HTTP/1.1" 200 2339 "-" "Mozilla/5.0 (compatible; AhrefsBot/7.0; +http://ahrefs.com/robot/)" "specialtymovingrigging.com"
51.222.253.11 - - [26/Nov/2022:13:58:44 -0800] "GET /sitebuilder/images/bar-1-inactive-29984.png HTTP/1.1" 200 2693 "-" "Mozilla/5.0 (compatible; AhrefsBot/7.0; +http://ahrefs.com/robot/)" "specialtymovingrigging.com"
51.222.253.18 - - [26/Nov/2022:13:58:45 -0800] "GET /sitebuilder/images/bar-2-inactive-30125.png HTTP/1.1" 200 2681 "-" "Mozilla/5.0 (compatible; AhrefsBot/7.0; +http://ahrefs.com/robot/)" "specialtymovingrigging.com"
51.222.253.19 - - [26/Nov/2022:13:58:50 -0800] "GET /sitebuilder/images/35536_10151324149554685_372572478_n-400x250.jpg HTTP/1.1" 200 21981 "-" "Mozilla/5.0 (compatible; AhrefsBot/7.0; +http://ahrefs.com/robot/)" "specialtymovingrigging.com"
51.222.253.17 - - [26/Nov/2022:13:58:51 -0800] "GET /sitebuilder/images/IMG00290-296x223.jpg HTTP/1.1" 200 15830 "-" "Mozilla/5.0 (compatible; AhrefsBot/7.0; +http://ahrefs.com/robot/)" "specialtymovingrigging.com"
51.222.253.17 - - [26/Nov/2022:13:58:56 -0800] "GET /sitebuilder/images/72528_10151231096319685_1188432133_n-308x225.jpg HTTP/1.1" 200 11280 "-" "Mozilla/5.0 (compatible; AhrefsBot/7.0; +http://ahrefs.com/robot/)" "specialtymovingrigging.com"
51.222.253.10 - - [26/Nov/2022:13:59:01 -0800] "GET /sitebuilder/images/IMG_1010-396x187.jpg HTTP/1.1" 200 16395 "-" "Mozilla/5.0 (compatible; AhrefsBot/7.0; +http://ahrefs.com/robot/)" "specialtymovingrigging.com"
51.222.253.6 - - [26/Nov/2022:13:59:07 -0800] "GET /sitebuilder/images/20130806_085117-695x507.jpg HTTP/1.1" 200 52763 "-" "Mozilla/5.0 (compatible; AhrefsBot/7.0; +http://ahrefs.com/robot/)" "specialtymovingrigging.com"
51.222.253.9 - - [26/Nov/2022:13:59:13 -0800] "GET /sitebuilder/images/100_1631-364x228.jpg HTTP/1.1" 200 18502 "-" "Mozilla/5.0 (compatible; AhrefsBot/7.0; +http://ahrefs.com/robot/)" "specialtymovingrigging.com"
51.222.253.3 - - [26/Nov/2022:13:59:18 -0800] "GET /sitebuilder/images/000_0091-405x330.jpg HTTP/1.1" 200 28383 "-" "Mozilla/5.0 (compatible; AhrefsBot/7.0; +http://ahrefs.com/robot/)" "specialtymovingrigging.com"
51.222.253.2 - - [26/Nov/2022:13:59:24 -0800] "GET /sitebuilder/images/IMG00036_1_-319x187.jpg HTTP/1.1" 200 14486 "-" "Mozilla/5.0 (compatible; AhrefsBot/7.0; +http://ahrefs.com/robot/)" "specialtymovingrigging.com"
51.222.253.20 - - [26/Nov/2022:13:59:30 -0800] "GET /sitebuilder/scripts/layers.js HTTP/1.1" 200 1140 "-" "Mozilla/5.0 (compatible; AhrefsBot/7.0; +http://ahrefs.com/robot/)" "specialtymovingrigging.com"
51.222.253.4 - - [26/Nov/2022:13:59:35 -0800] "GET /sitebuilder/images/smr-1109x122.png HTTP/1.1" 200 78641 "-" "Mozilla/5.0 (compatible; AhrefsBot/7.0; +http://ahrefs.com/robot/)" "specialtymovingrigging.com"
51.222.253.19 - - [26/Nov/2022:13:59:42 -0800] "GET /sitebuilder/images/IMG00490_1_-180x313.jpg HTTP/1.1" 200 11444 "-" "Mozilla/5.0 (compatible; AhrefsBot/7.0; +http://ahrefs.com/robot/)" "specialtymovingrigging.com"
51.222.253.8 - - [26/Nov/2022:13:59:48 -0800] "GET /sitebuilder/images/000_0023-268x199.jpg HTTP/1.1" 200 12819 "-" "Mozilla/5.0 (compatible; AhrefsBot/7.0; +http://ahrefs.com/robot/)" "specialtymovingrigging.com"
216.244.66.231 - - [26/Nov/2022:14:04:10 -0800] "GET /robots.txt HTTP/1.1" 200 53 "-" "Mozilla/5.0 (compatible; DotBot/1.2; +https://opensiteexplorer.org/dotbot; help@moz.com)" "specialtymovingrigging.com"
35.167.48.225 - - [26/Nov/2022:14:10:59 -0800] "GET / HTTP/1.1" 200 4168 "-" "Mozilla/5.0 (X11; Linux x86_64) AppleWebKit/537.36 (KHTML, like Gecko) Chrome/83.0.4103.97 Safari/537.36" "specialtymovingrigging.com"
34.221.44.160 - - [26/Nov/2022:14:11:13 -0800] "GET / HTTP/1.1" 200 4168 "-" "Mozilla/5.0 (X11; Linux x86_64) AppleWebKit/537.36 (KHTML, like Gecko) Chrome/83.0.4103.97 Safari/537.36" "specialtymovingrigging.com"
35.92.4.134 - - [26/Nov/2022:14:11:28 -0800] "GET /favicon.ico HTTP/1.1" 404 88 "-" "Mozilla/5.0 (X11; Linux x86_64) AppleWebKit/537.36 (KHTML, like Gecko) Chrome/83.0.4103.97 Safari/537.36" "specialtymovingrigging.com"
35.92.4.134 - - [26/Nov/2022:14:11:33 -0800] "GET / HTTP/1.1" 200 4168 "-" "Mozilla/5.0 (X11; Linux x86_64) AppleWebKit/537.36 (KHTML, like Gecko) Chrome/83.0.4103.97 Safari/537.36" "specialtymovingrigging.com"
54.213.157.84 - - [26/Nov/2022:14:12:09 -0800] "GET /favicon.ico HTTP/1.1" 404 88 "-" "Mozilla/5.0 (X11; Linux x86_64) AppleWebKit/537.36 (KHTML, like Gecko) Chrome/83.0.4103.97 Safari/537.36" "specialtymovingrigging.com"
54.213.157.84 - - [26/Nov/2022:14:12:10 -0800] "GET / HTTP/1.1" 200 4168 "-" "Mozilla/5.0 (X11; Linux x86_64) AppleWebKit/537.36 (KHTML, like Gecko) Chrome/83.0.4103.97 Safari/537.36" "specialtymovingrigging.com"
40.77.167.49 - - [26/Nov/2022:14:12:27 -0800] "GET /images/IMG00141.jpg HTTP/1.1" 200 632913 "-" "Mozilla/5.0 (compatible; bingbot/2.0; +http://www.bing.com/bingbot.htm)" "www.specialtymovingrigging.com"
216.244.66.231 - - [26/Nov/2022:14:13:21 -0800] "GET /image662.jpg HTTP/1.1" 200 28266 "-" "Mozilla/5.0 (compatible; DotBot/1.2; +https://opensiteexplorer.org/dotbot; help@moz.com)" "specialtymovingrigging.com"
216.244.66.231 - - [26/Nov/2022:14:13:55 -0800] "GET /images/DSC00140.JPG HTTP/1.1" 200 6680273 "-" "Mozilla/5.0 (compatible; DotBot/1.2; +https://opensiteexplorer.org/dotbot; help@moz.com)" "specialtymovingrigging.com"
216.244.66.231 - - [26/Nov/2022:14:16:54 -0800] "GET /images/000_0019.JPG HTTP/1.1" 200 701128 "-" "Mozilla/5.0 (compatible; DotBot/1.2; +https://opensiteexplorer.org/dotbot; help@moz.com)" "specialtymovingrigging.com"
40.77.167.49 - - [26/Nov/2022:15:13:34 -0800] "GET /images/482667_10151335818434685_2113971027_n.jpg HTTP/1.1" 200 74778 "-" "Mozilla/5.0 (compatible; bingbot/2.0; +http://www.bing.com/bingbot.htm)" "specialtymovingrigging.com"
157.55.39.152 - - [26/Nov/2022:15:20:21 -0800] "GET /images/scan0002.jpg HTTP/1.1" 200 460286 "-" "Mozilla/5.0 (compatible; bingbot/2.0; +http://www.bing.com/bingbot.htm)" "specialtymovingrigging.com"
114.119.155.235 - - [26/Nov/2022:15:30:04 -0800] "GET / HTTP/1.1" 200 4168 "http://oh-burgers.com/images/100-pounds.html" "Mozilla/5.0 (Linux; Android 7.0;) AppleWebKit/537.36 (KHTML, like Gecko) Mobile Safari/537.36 (compatible; PetalBot;+https://webmaster.petalsearch.com/site/petalbot)" "specialtymovingrigging.com"
45.61.48.195 - - [26/Nov/2022:15:42:43 -0800] "GET / HTTP/1.1" 200 21060 "-" "Mozilla/5.0 CK={} (Windows NT 6.1; WOW64; Trident/7.0; rv:11.0) like Gecko" "www.specialtymovingrigging.com"
40.77.167.49 - - [26/Nov/2022:15:53:37 -0800] "GET /images/DSC00141.JPG HTTP/1.1" 200 6641120 "-" "Mozilla/5.0 (compatible; bingbot/2.0; +http://www.bing.com/bingbot.htm)" "specialtymovingrigging.com"
42.236.10.107 - - [26/Nov/2022:16:07:27 -0800] "GET / HTTP/1.1" 200 4168 "http://specialtymovingrigging.com/" "Mozilla/5.0 (Windows NT 6.1; WOW64) AppleWebKit/537.36 (KHTML, like Gecko) Chrome/50.0.2661.102 Safari/537.36; 360Spider" "specialtymovingrigging.com"
207.46.13.21 - - [26/Nov/2022:16:34:57 -0800] "GET /sitebuilder/images/IMG_0055-379x300.jpg HTTP/1.1" 200 18946 "-" "Mozilla/5.0 AppleWebKit/537.36 (KHTML, like Gecko; compatible; bingbot/2.0; +http://www.bing.com/bingbot.htm) Chrome/103.0.5060.134 Safari/537.36" "www.specialtymovingrigging.com"
157.55.39.152 - - [26/Nov/2022:16:52:40 -0800] "GET /images/IMG_0033.JPG HTTP/1.1" 200 107940 "-" "Mozilla/5.0 (compatible; bingbot/2.0; +http://www.bing.com/bingbot.htm)" "specialtymovingrigging.com"
185.191.171.38 - - [26/Nov/2022:17:19:16 -0800] "GET /robots.txt HTTP/1.1" 200 67 "-" "Mozilla/5.0 (compatible; SemrushBot/7~bl; +http://www.semrush.com/bot.html)" "specialtymovingrigging.com"
185.191.171.25 - - [26/Nov/2022:17:19:16 -0800] "GET /index.html HTTP/1.1" 200 4168 "-" "Mozilla/5.0 (compatible; SemrushBot/7~bl; +http://www.semrush.com/bot.html)" "specialtymovingrigging.com"
34.77.4.106 - - [26/Nov/2022:17:38:12 -0800] "GET /robots.txt HTTP/1.1" 200 67 "-" "Mozilla/5.0 (Macintosh; Intel Mac OS X 10.11; rv:52.0) Gecko/20100101 Firefox/52.0" "specialtymovingrigging.com"
34.77.4.106 - - [26/Nov/2022:17:38:14 -0800] "GET / HTTP/1.1" 304 - "-" "Mozilla/5.0 (Macintosh; Intel Mac OS X 10.11; rv:52.0) Gecko/20100101 Firefox/52.0" "specialtymovingrigging.com"
34.77.4.106 - - [26/Nov/2022:17:38:16 -0800] "GET /sitebuilder/scripts/layers.js HTTP/1.1" 304 - "-" "Mozilla/5.0 (Macintosh; Intel Mac OS X 10.11; rv:52.0) Gecko/20100101 Firefox/52.0" "specialtymovingrigging.com"
34.77.4.106 - - [26/Nov/2022:17:38:16 -0800] "GET / HTTP/1.1" 304 - "-" "Mozilla/5.0 (Macintosh; Intel Mac OS X 10.11; rv:52.0) Gecko/20100101 Firefox/52.0" "www.specialtymovingrigging.com"
34.77.4.106 - - [26/Nov/2022:17:38:19 -0800] "GET /sitebuilder/scripts/layers.js HTTP/1.1" 304 - "-" "Mozilla/5.0 (Macintosh; Intel Mac OS X 10.11; rv:52.0) Gecko/20100101 Firefox/52.0" "www.specialtymovingrigging.com"
34.77.4.106 - - [26/Nov/2022:17:38:20 -0800] "GET / HTTP/1.1" 304 - "-" "Mozilla/5.0 (Macintosh; Intel Mac OS X 10.11; rv:52.0) Gecko/20100101 Firefox/52.0" "specialtymovingrigging.com"
34.77.4.106 - - [26/Nov/2022:17:38:21 -0800] "GET /sitebuilder/scripts/layers.js HTTP/1.1" 304 - "-" "Mozilla/5.0 (Macintosh; Intel Mac OS X 10.11; rv:52.0) Gecko/20100101 Firefox/52.0" "specialtymovingrigging.com"
34.77.4.106 - - [26/Nov/2022:17:38:27 -0800] "GET /Equipment.html HTTP/1.1" 304 - "-" "Mozilla/5.0 (Macintosh; Intel Mac OS X 10.11; rv:52.0) Gecko/20100101 Firefox/52.0" "specialtymovingrigging.com"
34.77.4.106 - - [26/Nov/2022:17:38:27 -0800] "GET / HTTP/1.1" 304 - "-" "Mozilla/5.0 (Macintosh; Intel Mac OS X 10.11; rv:52.0) Gecko/20100101 Firefox/52.0" "www.specialtymovingrigging.com"
34.77.4.106 - - [26/Nov/2022:17:38:28 -0800] "GET /Phothos.html HTTP/1.1" 304 - "-" "Mozilla/5.0 (Macintosh; Intel Mac OS X 10.11; rv:52.0) Gecko/20100101 Firefox/52.0" "specialtymovingrigging.com"
34.77.4.106 - - [26/Nov/2022:17:38:32 -0800] "GET /Service.html HTTP/1.1" 304 - "-" "Mozilla/5.0 (Macintosh; Intel Mac OS X 10.11; rv:52.0) Gecko/20100101 Firefox/52.0" "specialtymovingrigging.com"
34.77.4.106 - - [26/Nov/2022:17:38:32 -0800] "GET /sitebuilder/scripts/layers.js HTTP/1.1" 304 - "-" "Mozilla/5.0 (Macintosh; Intel Mac OS X 10.11; rv:52.0) Gecko/20100101 Firefox/52.0" "www.specialtymovingrigging.com"
34.77.4.106 - - [26/Nov/2022:17:38:34 -0800] "GET /Whoweare.html HTTP/1.1" 304 - "-" "Mozilla/5.0 (Macintosh; Intel Mac OS X 10.11; rv:52.0) Gecko/20100101 Firefox/52.0" "specialtymovingrigging.com"
34.77.4.106 - - [26/Nov/2022:17:38:37 -0800] "GET /index.html HTTP/1.1" 304 - "-" "Mozilla/5.0 (Macintosh; Intel Mac OS X 10.11; rv:52.0) Gecko/20100101 Firefox/52.0" "specialtymovingrigging.com"
34.77.4.106 - - [26/Nov/2022:17:38:42 -0800] "GET /Equipment.html HTTP/1.1" 304 - "-" "Mozilla/5.0 (Macintosh; Intel Mac OS X 10.11; rv:52.0) Gecko/20100101 Firefox/52.0" "www.specialtymovingrigging.com"
34.77.4.106 - - [26/Nov/2022:17:38:44 -0800] "GET /Phothos.html HTTP/1.1" 304 - "-" "Mozilla/5.0 (Macintosh; Intel Mac OS X 10.11; rv:52.0) Gecko/20100101 Firefox/52.0" "www.specialtymovingrigging.com"
34.77.4.106 - - [26/Nov/2022:17:38:45 -0800] "GET /Service.html HTTP/1.1" 304 - "-" "Mozilla/5.0 (Macintosh; Intel Mac OS X 10.11; rv:52.0) Gecko/20100101 Firefox/52.0" "www.specialtymovingrigging.com"
34.77.4.106 - - [26/Nov/2022:17:38:46 -0800] "GET /Whoweare.html HTTP/1.1" 304 - "-" "Mozilla/5.0 (Macintosh; Intel Mac OS X 10.11; rv:52.0) Gecko/20100101 Firefox/52.0" "www.specialtymovingrigging.com"
34.77.4.106 - - [26/Nov/2022:17:38:46 -0800] "GET /index.html HTTP/1.1" 304 - "-" "Mozilla/5.0 (Macintosh; Intel Mac OS X 10.11; rv:52.0) Gecko/20100101 Firefox/52.0" "www.specialtymovingrigging.com"
34.77.4.106 - - [26/Nov/2022:17:38:51 -0800] "GET /Equipment.html HTTP/1.1" 304 - "-" "Mozilla/5.0 (Macintosh; Intel Mac OS X 10.11; rv:52.0) Gecko/20100101 Firefox/52.0" "specialtymovingrigging.com"
34.77.4.106 - - [26/Nov/2022:17:38:51 -0800] "GET /Phothos.html HTTP/1.1" 304 - "-" "Mozilla/5.0 (Macintosh; Intel Mac OS X 10.11; rv:52.0) Gecko/20100101 Firefox/52.0" "specialtymovingrigging.com"
34.77.4.106 - - [26/Nov/2022:17:38:51 -0800] "GET /Service.html HTTP/1.1" 304 - "-" "Mozilla/5.0 (Macintosh; Intel Mac OS X 10.11; rv:52.0) Gecko/20100101 Firefox/52.0" "specialtymovingrigging.com"
34.77.4.106 - - [26/Nov/2022:17:38:52 -0800] "GET /index.html HTTP/1.1" 304 - "-" "Mozilla/5.0 (Macintosh; Intel Mac OS X 10.11; rv:52.0) Gecko/20100101 Firefox/52.0" "specialtymovingrigging.com"
34.77.4.106 - - [26/Nov/2022:17:38:52 -0800] "GET /Whoweare.html HTTP/1.1" 304 - "-" "Mozilla/5.0 (Macintosh; Intel Mac OS X 10.11; rv:52.0) Gecko/20100101 Firefox/52.0" "specialtymovingrigging.com"
34.77.4.106 - - [26/Nov/2022:17:38:59 -0800] "GET /Equipment.html HTTP/1.1" 304 - "-" "Mozilla/5.0 (Macintosh; Intel Mac OS X 10.11; rv:52.0) Gecko/20100101 Firefox/52.0" "www.specialtymovingrigging.com"
34.77.4.106 - - [26/Nov/2022:17:39:00 -0800] "GET /Service.html HTTP/1.1" 304 - "-" "Mozilla/5.0 (Macintosh; Intel Mac OS X 10.11; rv:52.0) Gecko/20100101 Firefox/52.0" "www.specialtymovingrigging.com"
34.77.4.106 - - [26/Nov/2022:17:39:00 -0800] "GET /Phothos.html HTTP/1.1" 304 - "-" "Mozilla/5.0 (Macintosh; Intel Mac OS X 10.11; rv:52.0) Gecko/20100101 Firefox/52.0" "www.specialtymovingrigging.com"
34.77.4.106 - - [26/Nov/2022:17:39:00 -0800] "GET /Whoweare.html HTTP/1.1" 304 - "-" "Mozilla/5.0 (Macintosh; Intel Mac OS X 10.11; rv:52.0) Gecko/20100101 Firefox/52.0" "www.specialtymovingrigging.com"
34.77.4.106 - - [26/Nov/2022:17:39:03 -0800] "GET /index.html HTTP/1.1" 304 - "-" "Mozilla/5.0 (Macintosh; Intel Mac OS X 10.11; rv:52.0) Gecko/20100101 Firefox/52.0" "www.specialtymovingrigging.com"
34.77.4.106 - - [26/Nov/2022:17:39:05 -0800] "GET /Aircasters.html HTTP/1.1" 304 - "-" "Mozilla/5.0 (Macintosh; Intel Mac OS X 10.11; rv:52.0) Gecko/20100101 Firefox/52.0" "specialtymovingrigging.com"
34.77.4.106 - - [26/Nov/2022:17:39:05 -0800] "GET /Aircasters.html HTTP/1.1" 304 - "-" "Mozilla/5.0 (Macintosh; Intel Mac OS X 10.11; rv:52.0) Gecko/20100101 Firefox/52.0" "specialtymovingrigging.com"
34.77.4.106 - - [26/Nov/2022:17:39:08 -0800] "GET /Aircasters.html HTTP/1.1" 304 - "-" "Mozilla/5.0 (Macintosh; Intel Mac OS X 10.11; rv:52.0) Gecko/20100101 Firefox/52.0" "www.specialtymovingrigging.com"
34.77.4.106 - - [26/Nov/2022:17:39:10 -0800] "GET /Aircasters.html HTTP/1.1" 304 - "-" "Mozilla/5.0 (Macintosh; Intel Mac OS X 10.11; rv:52.0) Gecko/20100101 Firefox/52.0" "www.specialtymovingrigging.com"
34.77.4.106 - - [26/Nov/2022:17:39:16 -0800] "GET / HTTP/1.1" 200 4168 "-" "Python/3.8 aiohttp/3.8.3" "specialtymovingrigging.com"
34.77.4.106 - - [26/Nov/2022:17:39:24 -0800] "GET / HTTP/1.1" 200 4168 "-" "Python/3.8 aiohttp/3.8.3" "specialtymovingrigging.com"
34.77.4.106 - - [26/Nov/2022:17:39:35 -0800] "GET /util/login.aspx HTTP/1.1" 404 88 "-" "Mozilla/5.0 (Macintosh; Intel Mac OS X 10.11; rv:52.0) Gecko/20100101 Firefox/52.0" "specialtymovingrigging.com"
34.77.4.106 - - [26/Nov/2022:17:39:36 -0800] "GET /install.php HTTP/1.1" 404 88 "-" "Mozilla/5.0 (Macintosh; Intel Mac OS X 10.11; rv:52.0) Gecko/20100101 Firefox/52.0" "specialtymovingrigging.com"
34.77.4.106 - - [26/Nov/2022:17:39:36 -0800] "GET /magento_version HTTP/1.1" 404 88 "-" "Mozilla/5.0 (Macintosh; Intel Mac OS X 10.11; rv:52.0) Gecko/20100101 Firefox/52.0" "specialtymovingrigging.com"
185.191.171.22 - - [26/Nov/2022:17:44:40 -0800] "GET /robots.txt HTTP/1.1" 200 67 "-" "Mozilla/5.0 (compatible; SemrushBot/7~bl; +http://www.semrush.com/bot.html)" "www.specialtymovingrigging.com"
185.191.171.26 - - [26/Nov/2022:17:44:40 -0800] "GET /Whoweare.html HTTP/1.1" 200 3062 "-" "Mozilla/5.0 (compatible; SemrushBot/7~bl; +http://www.semrush.com/bot.html)" "www.specialtymovingrigging.com"
157.55.39.179 - - [26/Nov/2022:17:58:09 -0800] "GET /images/IMG_0043.JPG HTTP/1.1" 200 143574 "-" "Mozilla/5.0 (compatible; bingbot/2.0; +http://www.bing.com/bingbot.htm)" "www.specialtymovingrigging.com"
123.183.224.5 - - [26/Nov/2022:19:07:43 -0800] "GET / HTTP/1.1" 200 4168 "-" "Sogou web spider/4.0(+http://www.sogou.com/docs/help/webmasters.htm#07)" "specialtymovingrigging.com"
40.77.167.8 - - [26/Nov/2022:19:15:22 -0800] "GET /images/DSC00084.JPG HTTP/1.1" 200 6580666 "-" "Mozilla/5.0 (compatible; bingbot/2.0; +http://www.bing.com/bingbot.htm)" "specialtymovingrigging.com"
52.8.2.58 - - [26/Nov/2022:19:35:22 -0800] "GET /blog/index.php/feed/ HTTP/1.1" 200 1721 "-" "robot;Owler;sthiyagarajan@owler-inc.com" "specialtymovingrigging.com"
10.247.24.53 - - [26/Nov/2022:19:35:24 -0800] "POST /blog/wp-cron.php?doing_wp_cron HTTP/1.1" 200 - "-" "WordPress/2.8.4; http://specialtymovingrigging.com/blog" "specialtymovingrigging.com"
157.55.39.179 - - [26/Nov/2022:19:37:49 -0800] "GET /images/IMG00482.jpg HTTP/1.1" 200 672391 "-" "Mozilla/5.0 AppleWebKit/537.36 (KHTML, like Gecko; compatible; bingbot/2.0; +http://www.bing.com/bingbot.htm) Chrome/103.0.5060.134 Safari/537.36" "specialtymovingrigging.com"
157.55.39.152 - - [26/Nov/2022:20:13:09 -0800] "GET /images/IMG_0024.JPG HTTP/1.1" 200 122152 "-" "Mozilla/5.0 (compatible; bingbot/2.0; +http://www.bing.com/bingbot.htm)" "specialtymovingrigging.com"
77.88.5.207 - - [26/Nov/2022:20:15:39 -0800] "GET /robots.txt HTTP/1.1" 200 53 "-" "Mozilla/5.0 (compatible; YandexBot/3.0; +http://yandex.com/bots)" "specialtymovingrigging.com"
93.158.161.58 - - [26/Nov/2022:20:15:43 -0800] "GET /images/461.JPG HTTP/1.1" 200 1253806 "-" "Mozilla/5.0 (compatible; YandexImages/3.0; +http://yandex.com/bots)" "specialtymovingrigging.com"
40.77.167.8 - - [26/Nov/2022:20:19:36 -0800] "GET /images/IMG_0044.JPG HTTP/1.1" 200 132528 "-" "Mozilla/5.0 (compatible; bingbot/2.0; +http://www.bing.com/bingbot.htm)" "www.specialtymovingrigging.com"
114.119.143.209 - - [26/Nov/2022:20:47:42 -0800] "GET /robots.txt HTTP/1.1" 200 67 "-" "Mozilla/5.0 (compatible;PetalBot;+https://webmaster.petalsearch.com/site/petalbot)" "specialtymovingrigging.com"
40.77.167.8 - - [26/Nov/2022:21:16:02 -0800] "GET /images/IMG_00042.JPG HTTP/1.1" 200 155014 "-" "Mozilla/5.0 AppleWebKit/537.36 (KHTML, like Gecko; compatible; bingbot/2.0; +http://www.bing.com/bingbot.htm) Chrome/103.0.5060.134 Safari/537.36" "specialtymovingrigging.com"
207.46.13.174 - - [26/Nov/2022:21:38:43 -0800] "GET /images/DSC00162.JPG HTTP/1.1" 200 6619976 "-" "Mozilla/5.0 (compatible; bingbot/2.0; +http://www.bing.com/bingbot.htm)" "www.specialtymovingrigging.com"
65.108.0.71 - - [26/Nov/2022:21:47:22 -0800] "GET /robots.txt HTTP/1.1" 200 53 "-" "Mozilla/5.0 (compatible; MJ12bot/v1.4.8; http://mj12bot.com/)" "www.specialtymovingrigging.com"
65.108.0.71 - - [26/Nov/2022:21:47:24 -0800] "GET /Aircasters.html HTTP/1.1" 200 934 "-" "Mozilla/5.0 (compatible; MJ12bot/v1.4.8; http://mj12bot.com/)" "www.specialtymovingrigging.com"
65.108.0.71 - - [26/Nov/2022:21:47:26 -0800] "GET /Equipment.html HTTP/1.1" 200 7547 "-" "Mozilla/5.0 (compatible; MJ12bot/v1.4.8; http://mj12bot.com/)" "www.specialtymovingrigging.com"
65.108.0.71 - - [26/Nov/2022:21:47:28 -0800] "GET /Phothos.html HTTP/1.1" 200 5419 "-" "Mozilla/5.0 (compatible; MJ12bot/v1.4.8; http://mj12bot.com/)" "www.specialtymovingrigging.com"
65.108.0.71 - - [26/Nov/2022:21:47:29 -0800] "GET /Service.html HTTP/1.1" 200 3811 "-" "Mozilla/5.0 (compatible; MJ12bot/v1.4.8; http://mj12bot.com/)" "www.specialtymovingrigging.com"
65.108.0.71 - - [26/Nov/2022:21:47:31 -0800] "GET /Whoweare.html HTTP/1.1" 200 3062 "-" "Mozilla/5.0 (compatible; MJ12bot/v1.4.8; http://mj12bot.com/)" "www.specialtymovingrigging.com"
65.108.0.71 - - [26/Nov/2022:21:47:32 -0800] "GET /index.html HTTP/1.1" 200 4168 "-" "Mozilla/5.0 (compatible; MJ12bot/v1.4.8; http://mj12bot.com/)" "www.specialtymovingrigging.com"
195.191.219.130 - - [26/Nov/2022:22:22:44 -0800] "GET /robots.txt HTTP/1.1" 200 53 "-" "Mozilla/5.0 (compatible; MJ12bot/v1.4.8; http://mj12bot.com/)" "specialtymovingrigging.com"
195.191.219.130 - - [26/Nov/2022:22:22:46 -0800] "GET / HTTP/1.1" 200 4168 "-" "Mozilla/5.0 (compatible; MJ12bot/v1.4.8; http://mj12bot.com/)" "specialtymovingrigging.com"
195.191.219.130 - - [26/Nov/2022:22:22:49 -0800] "GET /robots.txt HTTP/1.1" 200 53 "-" "Mozilla/5.0 (compatible; MJ12bot/v1.4.8; http://mj12bot.com/)" "www.specialtymovingrigging.com"
195.191.219.130 - - [26/Nov/2022:22:22:52 -0800] "GET / HTTP/1.1" 200 4168 "-" "Mozilla/5.0 (compatible; MJ12bot/v1.4.8; http://mj12bot.com/)" "www.specialtymovingrigging.com"
20.172.244.205 - - [26/Nov/2022:23:07:55 -0800] "GET /images/000_0029.JPG HTTP/1.1" 200 666266 "-" "Mozilla/5.0 (Windows NT 10.0; Win64; x64) AppleWebKit/537.36 (KHTML, like Gecko) Chrome/86.0.4240.75 Safari/537.36" "www.specialtymovingrigging.com"
20.172.244.238 - - [26/Nov/2022:23:12:19 -0800] "GET /images/CIMG0654_1_.JPG HTTP/1.1" 200 2225118 "-" "Mozilla/5.0 (Windows NT 10.0; Win64; x64) AppleWebKit/537.36 (KHTML, like Gecko) Chrome/86.0.4240.75 Safari/537.36" "www.specialtymovingrigging.com"
40.77.167.49 - - [26/Nov/2022:23:38:51 -0800] "GET /images/IMG_00342.JPG HTTP/1.1" 200 128672 "-" "Mozilla/5.0 AppleWebKit/537.36 (KHTML, like Gecko; compatible; bingbot/2.0; +http://www.bing.com/bingbot.htm) Chrome/103.0.5060.134 Safari/537.36" "specialtymovingrigging.com"
123.183.224.7 - - [26/Nov/2022:23:51:43 -0800] "GET / HTTP/1.1" 200 4168 "-" "Sogou web spider/4.0(+http://www.sogou.com/docs/help/webmasters.htm#07)" "www.specialtymovingrigging.com"
20.172.244.197 - - [26/Nov/2022:23:58:18 -0800] "GET /images/IMG00210.jpg HTTP/1.1" 200 534525 "-" "Mozilla/5.0 (Windows NT 10.0; Win64; x64) AppleWebKit/537.36 (KHTML, like Gecko) Chrome/86.0.4240.75 Safari/537.36" "www.specialtymovingrigging.com"
123.183.224.7 - - [27/Nov/2022:00:03:49 -0800] "GET / HTTP/1.1" 200 4168 "-" "Sogou web spider/4.0(+http://www.sogou.com/docs/help/webmasters.htm#07)" "www.specialtymovingrigging.com"
20.172.244.197 - - [27/Nov/2022:00:04:47 -0800] "GET /image490.jpg HTTP/1.1" 200 262182 "-" "Mozilla/5.0 (Windows NT 10.0; Win64; x64) AppleWebKit/537.36 (KHTML, like Gecko) Chrome/86.0.4240.75 Safari/537.36" "www.specialtymovingrigging.com"
20.172.244.218 - - [27/Nov/2022:00:09:34 -0800] "GET /images/IMG00362.jpg HTTP/1.1" 200 584692 "-" "Mozilla/5.0 (Windows NT 10.0; Win64; x64) AppleWebKit/537.36 (KHTML, like Gecko) Chrome/86.0.4240.75 Safari/537.36" "www.specialtymovingrigging.com"
20.172.245.154 - - [27/Nov/2022:00:18:52 -0800] "GET /images/IMG_0044.JPG HTTP/1.1" 200 132528 "-" "Mozilla/5.0 (Windows NT 10.0; Win64; x64) AppleWebKit/537.36 (KHTML, like Gecko) Chrome/86.0.4240.75 Safari/537.36" "www.specialtymovingrigging.com"
20.172.245.154 - - [27/Nov/2022:00:23:22 -0800] "GET /images/1049183_10151540335744685_1366322238_o.jpg HTTP/1.1" 200 297851 "-" "Mozilla/5.0 (Windows NT 10.0; Win64; x64) AppleWebKit/537.36 (KHTML, like Gecko) Chrome/86.0.4240.75 Safari/537.36" "www.specialtymovingrigging.com"
173.252.95.118 - - [27/Nov/2022:00:34:41 -0800] "GET / HTTP/1.1" 206 4168 "-" "facebookexternalhit/1.1 (+http://www.facebook.com/externalhit_uatext.php)" "www.specialtymovingrigging.com"
157.55.39.179 - - [27/Nov/2022:00:43:19 -0800] "GET /images/IMG_1010.jpg HTTP/1.1" 200 1385243 "-" "Mozilla/5.0 AppleWebKit/537.36 (KHTML, like Gecko; compatible; bingbot/2.0; +http://www.bing.com/bingbot.htm) Chrome/103.0.5060.134 Safari/537.36" "specialtymovingrigging.com"
34.79.174.58 - - [27/Nov/2022:01:02:45 -0800] "GET / HTTP/1.1" 200 21060 "-" "Mozilla/5.0 (Windows NT 10.0; Win64; x64) AppleWebKit/537.36 (KHTML, like Gecko) Chrome/84.0.4147.105 Safari/537.36" "www.specialtymovingrigging.com"
40.77.167.8 - - [27/Nov/2022:01:08:14 -0800] "GET /sitemap.xml HTTP/1.1" 200 178 "-" "Mozilla/5.0 (compatible; bingbot/2.0; +http://www.bing.com/bingbot.htm)" "www.specialtymovingrigging.com"
77.75.79.31 - - [27/Nov/2022:02:13:53 -0800] "GET /robots.txt HTTP/1.1" 200 67 "-" "Mozilla/5.0 (compatible; SeznamBot/4.0-RC1; +http://napoveda.seznam.cz/seznambot-intro/)" "specialtymovingrigging.com"
77.75.77.119 - - [27/Nov/2022:02:13:53 -0800] "GET /sitemap.xml HTTP/1.1" 200 178 "-" "Mozilla/5.0 (compatible; SeznamBot/4.0-RC1; +http://napoveda.seznam.cz/seznambot-intro/)" "specialtymovingrigging.com"
4.229.24.15 - - [27/Nov/2022:02:20:36 -0800] "GET / HTTP/1.1" 200 21060 "-" "Mozilla/5.0 (Windows NT 10.0; Win64; x64) AppleWebKit/537.36 (KHTML, like Gecko) Chrome/79.0 Safari/537.36" "specialtymovingrigging.com"
4.229.24.15 - - [27/Nov/2022:02:20:37 -0800] "GET / HTTP/1.1" 200 21060 "-" "Mozilla/5.0 (Windows NT 10.0; Win64; x64) AppleWebKit/537.36 (KHTML, like Gecko) Chrome/79.0 Safari/537.36" "specialtymovingrigging.com"
4.229.24.15 - - [27/Nov/2022:02:20:37 -0800] "GET /wp-includes/wlwmanifest.xml HTTP/1.1" 404 73 "-" "Mozilla/5.0 (Windows NT 10.0; Win64; x64) AppleWebKit/537.36 (KHTML, like Gecko) Chrome/79.0 Safari/537.36" "specialtymovingrigging.com"
4.229.24.15 - - [27/Nov/2022:02:20:37 -0800] "GET /xmlrpc.php?rsd HTTP/1.1" 404 73 "-" "Mozilla/5.0 (Windows NT 10.0; Win64; x64) AppleWebKit/537.36 (KHTML, like Gecko) Chrome/79.0 Safari/537.36" "specialtymovingrigging.com"
4.229.24.15 - - [27/Nov/2022:02:20:37 -0800] "GET / HTTP/1.1" 200 21060 "-" "Mozilla/5.0 (Windows NT 10.0; Win64; x64) AppleWebKit/537.36 (KHTML, like Gecko) Chrome/79.0 Safari/537.36" "specialtymovingrigging.com"
4.229.24.15 - - [27/Nov/2022:02:20:37 -0800] "GET /blog/wp-includes/wlwmanifest.xml HTTP/1.1" 200 1053 "-" "Mozilla/5.0 (Windows NT 10.0; Win64; x64) AppleWebKit/537.36 (KHTML, like Gecko) Chrome/79.0 Safari/537.36" "specialtymovingrigging.com"
4.229.24.15 - - [27/Nov/2022:02:20:37 -0800] "GET /blog//?author=1 HTTP/1.1" 200 5805 "-" "Mozilla/5.0 (Windows NT 10.0; Win64; x64) AppleWebKit/537.36 (KHTML, like Gecko) Chrome/79.0 Safari/537.36" "specialtymovingrigging.com"
4.229.24.15 - - [27/Nov/2022:02:20:39 -0800] "GET /blog//?author=2 HTTP/1.1" 200 4991 "-" "Mozilla/5.0 (Windows NT 10.0; Win64; x64) AppleWebKit/537.36 (KHTML, like Gecko) Chrome/79.0 Safari/537.36" "specialtymovingrigging.com"
4.229.24.15 - - [27/Nov/2022:02:20:40 -0800] "GET /blog/index.php//wp-json/wp/v2/users/ HTTP/1.1" 404 4611 "-" "Mozilla/5.0 (Windows NT 10.0; Win64; x64) AppleWebKit/537.36 (KHTML, like Gecko) Chrome/79.0 Safari/537.36" "specialtymovingrigging.com"
4.229.24.15 - - [27/Nov/2022:02:20:40 -0800] "GET /blog/index.php//wp-json/oembed/1.0/embed?url=http://specialtymovingrigging.com/blog/ HTTP/1.1" 404 4611 "-" "Mozilla/5.0 (Windows NT 10.0; Win64; x64) AppleWebKit/537.36 (KHTML, like Gecko) Chrome/79.0 Safari/537.36" "specialtymovingrigging.com"
4.229.24.15 - - [27/Nov/2022:02:20:41 -0800] "POST /blog/index.php//xmlrpc.php HTTP/1.1" 404 4611 "-" "Mozilla/5.0 (Windows NT 10.0; Win64; x64) AppleWebKit/537.36 (KHTML, like Gecko) Chrome/79.0 Safari/537.36" "specialtymovingrigging.com"
20.172.245.159 - - [27/Nov/2022:02:28:45 -0800] "GET /image1258.jpg HTTP/1.1" 200 37261 "-" "Mozilla/5.0 (Windows NT 10.0; Win64; x64) AppleWebKit/537.36 (KHTML, like Gecko) Chrome/86.0.4240.75 Safari/537.36" "www.specialtymovingrigging.com"
