20.151.69.203 - - [06/Nov/2022:04:06:52 -0800] "GET /blog/wp-content/plugins/iwp-client/readme.txt HTTP/1.1" 404 88 "https://www.google.com" "Mozilla/5.0 (Linux; Android 11; Lenovo YT-J706X) AppleWebKit/537.36 (KHTML, like Gecko) Chrome/104.0.0.0 Safari/537.36" "specialtymovingrigging.com"
20.151.69.203 - - [06/Nov/2022:04:06:53 -0800] "GET /blog/wp-content/plugins/wp-time-capsule/readme.txt HTTP/1.1" 404 88 "https://www.google.com" "Mozilla/5.0 (Windows NT 10.0; Win64; x64) AppleWebKit/537.36 (KHTML, like Gecko) Chrome/104.0.0.0 Safari/537.36" "specialtymovingrigging.com"
20.151.69.203 - - [06/Nov/2022:04:06:54 -0800] "GET /blog/wp-content/plugins/themegrill-demo-importer/readme.txt HTTP/1.1" 404 88 "https://www.google.com" "Mozilla/5.0 (Windows NT 10.0; Win64; x64) AppleWebKit/537.36 (KHTML, like Gecko) Chrome/104.0.0.0 Safari/537.36" "specialtymovingrigging.com"
20.151.69.203 - - [06/Nov/2022:04:13:25 -0800] "GET /blog/wp-content/plugins/advanced-import/readme.txt HTTP/1.1" 404 88 "https://www.google.com" "Mozilla/5.0 (iPhone14,3; U; CPU iPhone OS 15_0 like Mac OS X) AppleWebKit/602.1.50 (KHTML, like Gecko) Version/10.0 Mobile/19A346 Safari/602.1" "specialtymovingrigging.com"
20.151.69.203 - - [06/Nov/2022:04:13:27 -0800] "GET /blog/wp-content/plugins/woocommerce-jetpack/readme.txt HTTP/1.1" 404 88 "https://www.google.com" "Mozilla/5.0 (iPhone14,3; U; CPU iPhone OS 15_0 like Mac OS X) AppleWebKit/602.1.50 (KHTML, like Gecko) Version/10.0 Mobile/19A346 Safari/602.1" "specialtymovingrigging.com"
20.151.69.203 - - [06/Nov/2022:04:13:28 -0800] "GET /blog/wp-content/plugins/emails-verification-for-woocommerce/readme.txt HTTP/1.1" 404 88 "https://www.google.com" "Mozilla/5.0 (Linux; Android 11; Lenovo YT-J706X) AppleWebKit/537.36 (KHTML, like Gecko) Chrome/104.0.0.0 Safari/537.36" "specialtymovingrigging.com"
20.151.69.203 - - [06/Nov/2022:04:13:29 -0800] "GET /blog/wp-content/plugins/woocommerce-upload-files/js/wcuf-admin-menu.js HTTP/1.1" 404 88 "https://www.google.com" "Mozilla/5.0 (Linux; Android 11; Lenovo YT-J706X) AppleWebKit/537.36 (KHTML, like Gecko) Chrome/104.0.0.0 Safari/537.36" "specialtymovingrigging.com"
20.151.69.203 - - [06/Nov/2022:04:13:30 -0800] "GET /blog/wp-content/plugins/wp-user-extra-fields/js/wpuef-configurator.js HTTP/1.1" 404 88 "https://www.google.com" "Mozilla/5.0 (Linux; Android 12; SM-S906N Build/QP1A.190711.020; wv) AppleWebKit/537.36 (KHTML, like Gecko) Version/4.0 Chrome/105.0.0.0 Mobile Safari/537.36" "specialtymovingrigging.com"
20.151.69.203 - - [06/Nov/2022:04:13:31 -0800] "GET /blog/wp-content/plugins/wp-automatic/changelog HTTP/1.1" 404 88 "https://www.google.com" "Mozilla/5.0 (Linux; Android 12; SM-S906N Build/QP1A.190711.020; wv) AppleWebKit/537.36 (KHTML, like Gecko) Version/4.0 Chrome/105.0.0.0 Mobile Safari/537.36" "specialtymovingrigging.com"
20.151.69.203 - - [06/Nov/2022:04:13:32 -0800] "GET /blog/wp-content/plugins/wp-automatic/css/wp-automatic.css HTTP/1.1" 404 88 "https://www.google.com" "Mozilla/5.0 (Linux; Android 11; ONEPLUS A6013) AppleWebKit/537.36 (KHTML, like Gecko) Chrome/105.0.0.0 Mobile Safari/537.36" "specialtymovingrigging.com"
20.151.69.203 - - [06/Nov/2022:04:13:33 -0800] "GET /blog/wp-content/plugins/capability-manager-enhanced/readme.txt HTTP/1.1" 404 88 "https://www.google.com" "Mozilla/5.0 (Linux; Android 11; ONEPLUS A6013) AppleWebKit/537.36 (KHTML, like Gecko) Chrome/105.0.0.0 Mobile Safari/537.36" "specialtymovingrigging.com"
20.151.69.203 - - [06/Nov/2022:04:13:34 -0800] "GET /blog/wp-content/plugins/capabilities-pro/readme.txt HTTP/1.1" 404 88 "https://www.google.com" "Mozilla/5.0 (Linux; Android 11; ONEPLUS A6013) AppleWebKit/537.36 (KHTML, like Gecko) Chrome/105.0.0.0 Mobile Safari/537.36" "specialtymovingrigging.com"
20.151.69.203 - - [06/Nov/2022:04:13:35 -0800] "GET /blog/wp-content/plugins/wp-pinterest-automatic/changelog HTTP/1.1" 404 88 "https://www.google.com" "Mozilla/5.0 (Linux; Android 11; ONEPLUS A6013) AppleWebKit/537.36 (KHTML, like Gecko) Chrome/105.0.0.0 Mobile Safari/537.36" "specialtymovingrigging.com"
20.151.69.203 - - [06/Nov/2022:04:13:36 -0800] "GET /blog/wp-content/plugins/ulisting/readme.txt HTTP/1.1" 404 88 "https://www.google.com" "Mozilla/5.0 (Linux; Android 11; ONEPLUS A6013) AppleWebKit/537.36 (KHTML, like Gecko) Chrome/105.0.0.0 Mobile Safari/537.36" "specialtymovingrigging.com"
20.151.69.203 - - [06/Nov/2022:04:13:37 -0800] "GET /blog/wp-content/plugins/image-hover-effects-ultimate/readme.txt HTTP/1.1" 404 88 "https://www.google.com" "Mozilla/5.0 (Windows NT 10.0; Win64; x64) AppleWebKit/537.36 (KHTML, like Gecko) Chrome/104.0.0.0 Safari/537.36" "specialtymovingrigging.com"
20.151.69.203 - - [06/Nov/2022:04:13:38 -0800] "GET /blog/wp-content/plugins/ait-csv-import-export/changelog.txt HTTP/1.1" 404 88 "https://www.google.com" "Mozilla/5.0 (Windows NT 10.0; Win64; x64) AppleWebKit/537.36 (KHTML, like Gecko) Chrome/104.0.0.0 Safari/537.36" "specialtymovingrigging.com"
20.151.69.203 - - [06/Nov/2022:04:13:39 -0800] "GET /blog/wp-content/plugins/angwp/__%20UPDATES.txt HTTP/1.1" 404 88 "https://www.google.com" "Mozilla/5.0 (iPhone14,3; U; CPU iPhone OS 15_0 like Mac OS X) AppleWebKit/602.1.50 (KHTML, like Gecko) Version/10.0 Mobile/19A346 Safari/602.1" "specialtymovingrigging.com"
20.151.69.203 - - [06/Nov/2022:04:13:41 -0800] "GET /blog/wp-content/plugins/e-signature/page-template/default/style.css HTTP/1.1" 404 88 "https://www.google.com" "Mozilla/5.0 (iPhone14,3; U; CPU iPhone OS 15_0 like Mac OS X) AppleWebKit/602.1.50 (KHTML, like Gecko) Version/10.0 Mobile/19A346 Safari/602.1" "specialtymovingrigging.com"
20.151.69.203 - - [06/Nov/2022:04:13:42 -0800] "GET /blog/wp-content/plugins/superstorefinder-wp/css/ssf-wp-admin.css HTTP/1.1" 404 88 "https://www.google.com" "Mozilla/5.0 (Windows NT 10.0; Win64; x64) AppleWebKit/537.36 (KHTML, like Gecko) Chrome/104.0.0.0 Safari/537.36" "specialtymovingrigging.com"
20.151.69.203 - - [06/Nov/2022:04:13:43 -0800] "GET /blog/wp-content/plugins/super-interactive-maps/css/sim-wp-admin.css HTTP/1.1" 404 88 "https://www.google.com" "Mozilla/5.0 (Linux; Android 11; Lenovo YT-J706X) AppleWebKit/537.36 (KHTML, like Gecko) Chrome/104.0.0.0 Safari/537.36" "specialtymovingrigging.com"
20.151.69.203 - - [06/Nov/2022:04:13:44 -0800] "GET /blog/wp-content/plugins/superlogoshowcase-wp/css/sls-wp-admin.css HTTP/1.1" 404 88 "https://www.google.com" "Mozilla/5.0 (Linux; Android 11; Lenovo YT-J706X) AppleWebKit/537.36 (KHTML, like Gecko) Chrome/104.0.0.0 Safari/537.36" "specialtymovingrigging.com"
20.151.69.203 - - [06/Nov/2022:04:13:45 -0800] "GET /blog/wp-content/plugins/mstore-api/readme.txt HTTP/1.1" 404 88 "https://www.google.com" "Mozilla/5.0 (iPhone14,3; U; CPU iPhone OS 15_0 like Mac OS X) AppleWebKit/602.1.50 (KHTML, like Gecko) Version/10.0 Mobile/19A346 Safari/602.1" "specialtymovingrigging.com"
20.151.69.203 - - [06/Nov/2022:04:13:46 -0800] "GET /blog/wp-content/plugins/dzs-zoomsounds/admin/admin.css HTTP/1.1" 404 88 "https://www.google.com" "Mozilla/5.0 (iPhone14,3; U; CPU iPhone OS 15_0 like Mac OS X) AppleWebKit/602.1.50 (KHTML, like Gecko) Version/10.0 Mobile/19A346 Safari/602.1" "specialtymovingrigging.com"
20.151.69.203 - - [06/Nov/2022:04:13:47 -0800] "GET /blog/wp-content/plugins/shortcode-addons/readme.txt HTTP/1.1" 404 88 "https://www.google.com" "Mozilla/5.0 (iPhone14,3; U; CPU iPhone OS 15_0 like Mac OS X) AppleWebKit/602.1.50 (KHTML, like Gecko) Version/10.0 Mobile/19A346 Safari/602.1" "specialtymovingrigging.com"
20.151.69.203 - - [06/Nov/2022:04:13:48 -0800] "GET /blog/wp-content/plugins/vc-tabs/readme.txt HTTP/1.1" 404 88 "https://www.google.com" "Mozilla/5.0 (iPhone14,3; U; CPU iPhone OS 15_0 like Mac OS X) AppleWebKit/602.1.50 (KHTML, like Gecko) Version/10.0 Mobile/19A346 Safari/602.1" "specialtymovingrigging.com"
20.151.69.203 - - [06/Nov/2022:04:13:49 -0800] "GET /blog/wp-content/plugins/wp-file-manager/readme.txt HTTP/1.1" 404 88 "https://www.google.com" "Mozilla/5.0 (iPhone14,3; U; CPU iPhone OS 15_0 like Mac OS X) AppleWebKit/602.1.50 (KHTML, like Gecko) Version/10.0 Mobile/19A346 Safari/602.1" "specialtymovingrigging.com"
20.151.69.203 - - [06/Nov/2022:04:13:50 -0800] "GET /blog/wp-content/plugins/masterstudy-lms-learning-management-system/readme.txt HTTP/1.1" 404 88 "https://www.google.com" "Mozilla/5.0 (iPhone14,3; U; CPU iPhone OS 15_0 like Mac OS X) AppleWebKit/602.1.50 (KHTML, like Gecko) Version/10.0 Mobile/19A346 Safari/602.1" "specialtymovingrigging.com"
20.151.69.203 - - [06/Nov/2022:04:13:51 -0800] "GET /blog/wp-content/plugins/mapsvg-lite-interactive-vector-maps/gm_download.php?file=/wp-config.php HTTP/1.1" 404 88 "https://www.google.com" "Mozilla/5.0 (iPhone14,3; U; CPU iPhone OS 15_0 like Mac OS X) AppleWebKit/602.1.50 (KHTML, like Gecko) Version/10.0 Mobile/19A346 Safari/602.1" "specialtymovingrigging.com"
20.151.69.203 - - [06/Nov/2022:04:13:52 -0800] "GET /blog/wp-content/plugins/mapsvg/gm_download.php?file=/wp-config.php HTTP/1.1" 404 88 "https://www.google.com" "Mozilla/5.0 (Macintosh; Intel Mac OS X 10_14_6) AppleWebKit/537.36 (KHTML, like Gecko) Chrome/104.0.0.0 Safari/537.36" "specialtymovingrigging.com"
20.151.69.203 - - [06/Nov/2022:04:13:53 -0800] "GET /blog/wp-admin/admin-ajax.php?action=duplicator_download&file=../wp-config.php HTTP/1.1" 200 2 "https://www.google.com" "Mozilla/5.0 (Macintosh; Intel Mac OS X 10_14_6) AppleWebKit/537.36 (KHTML, like Gecko) Chrome/104.0.0.0 Safari/537.36" "specialtymovingrigging.com"
20.151.69.203 - - [06/Nov/2022:04:13:56 -0800] "GET /blog/wp-admin/admin-ajax.php?action=revslider_show_image&img=../wp-config.php HTTP/1.1" 200 2 "https://www.google.com" "Mozilla/5.0 (Macintosh; Intel Mac OS X 10_14_6) AppleWebKit/537.36 (KHTML, like Gecko) Chrome/104.0.0.0 Safari/537.36" "specialtymovingrigging.com"
20.151.69.203 - - [06/Nov/2022:04:13:58 -0800] "GET /blog/wp-content/plugins/cherry-plugin/admin/import-export/download-content.php?file=../../../../../wp-config.php HTTP/1.1" 404 88 "https://www.google.com" "Mozilla/5.0 (Linux; Android 11; ONEPLUS A6013) AppleWebKit/537.36 (KHTML, like Gecko) Chrome/105.0.0.0 Mobile Safari/537.36" "specialtymovingrigging.com"
20.151.69.203 - - [06/Nov/2022:04:13:59 -0800] "GET /blog/wp-admin/admin-ajax.php?action=handle_downloads&alg_wc_pif_download_file=../../../../../wp-config.php HTTP/1.1" 200 2 "https://www.google.com" "Mozilla/5.0 (Linux; Android 11; ONEPLUS A6013) AppleWebKit/537.36 (KHTML, like Gecko) Chrome/105.0.0.0 Mobile Safari/537.36" "specialtymovingrigging.com"
20.151.69.203 - - [06/Nov/2022:04:14:02 -0800] "GET /blog/wp-content/plugins/wp-ecommerce-shop-styling/includes/download.php?filename=../../../../wp-config.php HTTP/1.1" 404 88 "https://www.google.com" "Mozilla/5.0 (Linux; Android 11; ONEPLUS A6013) AppleWebKit/537.36 (KHTML, like Gecko) Chrome/105.0.0.0 Mobile Safari/537.36" "specialtymovingrigging.com"
20.151.69.203 - - [06/Nov/2022:04:14:03 -0800] "GET /blog/wp-content/plugins/web-portal-lite-client-portal-secure-file-sharing-private-messaging/includes/libs/pdf/dompdf.php?input_file=../../../../../../wp-config.php HTTP/1.1" 404 88 "https://www.google.com" "Mozilla/5.0 (Linux; Android 11; ONEPLUS A6013) AppleWebKit/537.36 (KHTML, like Gecko) Chrome/105.0.0.0 Mobile Safari/537.36" "specialtymovingrigging.com"
20.151.69.203 - - [06/Nov/2022:04:14:04 -0800] "GET /blog/wp-content/plugins/post-pdf-export/dompdf/dompdf.php?input_file=../../../../wp-config.php HTTP/1.1" 404 88 "https://www.google.com" "Mozilla/5.0 (Linux; Android 11; ONEPLUS A6013) AppleWebKit/537.36 (KHTML, like Gecko) Chrome/105.0.0.0 Mobile Safari/537.36" "specialtymovingrigging.com"
20.151.69.203 - - [06/Nov/2022:04:14:05 -0800] "GET /blog/wp-content/plugins/tatsu/changelog.md HTTP/1.1" 404 88 "https://www.google.com" "Mozilla/5.0 (Linux; Android 11; ONEPLUS A6013) AppleWebKit/537.36 (KHTML, like Gecko) Chrome/105.0.0.0 Mobile Safari/537.36" "specialtymovingrigging.com"
20.151.69.203 - - [06/Nov/2022:04:14:06 -0800] "GET /blog/wp-content/plugins/udraw/readme.txt HTTP/1.1" 404 88 "https://www.google.com" "Mozilla/5.0 (Linux; Android 11; ONEPLUS A6013) AppleWebKit/537.36 (KHTML, like Gecko) Chrome/105.0.0.0 Mobile Safari/537.36" "specialtymovingrigging.com"
20.151.69.203 - - [06/Nov/2022:04:14:07 -0800] "GET /blog/wp-content/plugins/woo-product-table/readme.txt HTTP/1.1" 404 88 "https://www.google.com" "Mozilla/5.0 (Linux; Android 11; ONEPLUS A6013) AppleWebKit/537.36 (KHTML, like Gecko) Chrome/105.0.0.0 Mobile Safari/537.36" "specialtymovingrigging.com"
20.151.69.203 - - [06/Nov/2022:04:14:08 -0800] "GET /blog/wp-content/plugins/wpcargo/readme.txt HTTP/1.1" 404 88 "https://www.google.com" "Mozilla/5.0 (Windows NT 10.0; Win64; x64) AppleWebKit/537.36 (KHTML, like Gecko) Chrome/104.0.0.0 Safari/537.36" "specialtymovingrigging.com"
20.151.69.203 - - [06/Nov/2022:04:14:09 -0800] "GET /blog/wp-content/plugins/nd-learning/readme.txt HTTP/1.1" 404 88 "https://www.google.com" "Mozilla/5.0 (Windows NT 10.0; Win64; x64) AppleWebKit/537.36 (KHTML, like Gecko) Chrome/104.0.0.0 Safari/537.36" "specialtymovingrigging.com"
20.151.69.203 - - [06/Nov/2022:04:14:10 -0800] "GET /blog/wp-content/plugins/nd-shortcodes/readme.txt HTTP/1.1" 404 88 "https://www.google.com" "Mozilla/5.0 (Windows NT 10.0; Win64; x64) AppleWebKit/537.36 (KHTML, like Gecko) Chrome/104.0.0.0 Safari/537.36" "specialtymovingrigging.com"
20.151.69.203 - - [06/Nov/2022:04:14:11 -0800] "GET /blog/wp-content/plugins/nd-booking/readme.txt HTTP/1.1" 404 88 "https://www.google.com" "Mozilla/5.0 (Windows NT 10.0; Win64; x64) AppleWebKit/537.36 (KHTML, like Gecko) Chrome/104.0.0.0 Safari/537.36" "specialtymovingrigging.com"
20.151.69.203 - - [06/Nov/2022:04:14:12 -0800] "GET /blog/wp-content/plugins/nd-donations/readme.txt HTTP/1.1" 404 88 "https://www.google.com" "Mozilla/5.0 (Linux; Android 12; SM-S906N Build/QP1A.190711.020; wv) AppleWebKit/537.36 (KHTML, like Gecko) Version/4.0 Chrome/105.0.0.0 Mobile Safari/537.36" "specialtymovingrigging.com"
20.151.69.203 - - [06/Nov/2022:04:14:13 -0800] "GET /blog/wp-content/plugins/nd-restaurant-reservations/readme.txt HTTP/1.1" 404 88 "https://www.google.com" "Mozilla/5.0 (Linux; Android 12; SM-S906N Build/QP1A.190711.020; wv) AppleWebKit/537.36 (KHTML, like Gecko) Version/4.0 Chrome/105.0.0.0 Mobile Safari/537.36" "specialtymovingrigging.com"
20.151.69.203 - - [06/Nov/2022:04:14:14 -0800] "GET /blog/wp-content/plugins/sitemap-by-click5/readme.txt HTTP/1.1" 404 88 "https://www.google.com" "Mozilla/5.0 (Linux; Android 12; SM-S906N Build/QP1A.190711.020; wv) AppleWebKit/537.36 (KHTML, like Gecko) Version/4.0 Chrome/105.0.0.0 Mobile Safari/537.36" "specialtymovingrigging.com"
20.151.69.203 - - [06/Nov/2022:04:14:15 -0800] "GET /blog/wp-content/plugins/wp-user-avatar/changelog.txt HTTP/1.1" 404 88 "https://www.google.com" "Mozilla/5.0 (Linux; Android 12; SM-S906N Build/QP1A.190711.020; wv) AppleWebKit/537.36 (KHTML, like Gecko) Version/4.0 Chrome/105.0.0.0 Mobile Safari/537.36" "specialtymovingrigging.com"
20.151.69.203 - - [06/Nov/2022:04:14:17 -0800] "GET /blog/ HTTP/1.1" 200 6238 "https://www.google.com" "Mozilla/5.0 (Linux; Android 12; SM-S906N Build/QP1A.190711.020; wv) AppleWebKit/537.36 (KHTML, like Gecko) Version/4.0 Chrome/105.0.0.0 Mobile Safari/537.36" "specialtymovingrigging.com"
20.151.69.203 - - [06/Nov/2022:04:14:19 -0800] "GET /blog/wp-content/plugins/quiz-master-next/readme.txt HTTP/1.1" 404 88 "https://www.google.com" "Mozilla/5.0 (Linux; Android 12; SM-S906N Build/QP1A.190711.020; wv) AppleWebKit/537.36 (KHTML, like Gecko) Version/4.0 Chrome/105.0.0.0 Mobile Safari/537.36" "specialtymovingrigging.com"
20.151.69.203 - - [06/Nov/2022:04:14:20 -0800] "GET /blog/wp-content/plugins/wp-live-chat-support-pro/css/wplc_styles_pro.css HTTP/1.1" 404 88 "https://www.google.com" "Mozilla/5.0 (Linux; Android 11; Lenovo YT-J706X) AppleWebKit/537.36 (KHTML, like Gecko) Chrome/104.0.0.0 Safari/537.36" "specialtymovingrigging.com"
20.151.69.203 - - [06/Nov/2022:04:14:21 -0800] "GET /blog/wp-content/plugins/armember-membership/readme.txt HTTP/1.1" 404 88 "https://www.google.com" "Mozilla/5.0 (Linux; Android 11; Lenovo YT-J706X) AppleWebKit/537.36 (KHTML, like Gecko) Chrome/104.0.0.0 Safari/537.36" "specialtymovingrigging.com"
20.151.69.203 - - [06/Nov/2022:04:14:22 -0800] "GET /blog/wp-content/plugins/ninja-forms/readme.txt HTTP/1.1" 404 88 "https://www.google.com" "Mozilla/5.0 (Linux; Android 11; Lenovo YT-J706X) AppleWebKit/537.36 (KHTML, like Gecko) Chrome/104.0.0.0 Safari/537.36" "specialtymovingrigging.com"
20.151.69.203 - - [06/Nov/2022:04:14:23 -0800] "GET /blog/wp-content/plugins/ultimate-member/readme.txt HTTP/1.1" 404 88 "https://www.google.com" "Mozilla/5.0 (Linux; Android 11; Lenovo YT-J706X) AppleWebKit/537.36 (KHTML, like Gecko) Chrome/104.0.0.0 Safari/537.36" "specialtymovingrigging.com"
20.151.69.203 - - [06/Nov/2022:04:14:24 -0800] "GET /blog/wp-content/plugins/wpgateway/css/style.css HTTP/1.1" 404 88 "https://www.google.com" "Mozilla/5.0 (Linux; Android 11; Lenovo YT-J706X) AppleWebKit/537.36 (KHTML, like Gecko) Chrome/104.0.0.0 Safari/537.36" "specialtymovingrigging.com"
20.151.69.203 - - [06/Nov/2022:04:14:25 -0800] "GET /blog/wp-content/themes/workreap/style.css HTTP/1.1" 404 88 "https://www.google.com" "Mozilla/5.0 (Linux; Android 11; Lenovo YT-J706X) AppleWebKit/537.36 (KHTML, like Gecko) Chrome/104.0.0.0 Safari/537.36" "specialtymovingrigging.com"
20.151.69.203 - - [06/Nov/2022:04:14:26 -0800] "GET /blog/wp-content/plugins/scripts-organizer/plugins/meta-box/readme.txt HTTP/1.1" 404 88 "https://www.google.com" "Mozilla/5.0 (Linux; Android 11; Lenovo YT-J706X) AppleWebKit/537.36 (KHTML, like Gecko) Chrome/104.0.0.0 Safari/537.36" "specialtymovingrigging.com"
20.151.69.203 - - [06/Nov/2022:04:14:27 -0800] "GET /blog/wp-content/plugins/alphabetic-pagination/readme.txt HTTP/1.1" 404 88 "https://www.google.com" "Mozilla/5.0 (Linux; Android 11; Lenovo YT-J706X) AppleWebKit/537.36 (KHTML, like Gecko) Chrome/104.0.0.0 Safari/537.36" "specialtymovingrigging.com"
20.151.69.203 - - [06/Nov/2022:04:14:28 -0800] "GET /blog/wp-content/plugins/all-in-one-video-gallery/readme.txt HTTP/1.1" 404 88 "https://www.google.com" "Mozilla/5.0 (Linux; Android 11; Lenovo YT-J706X) AppleWebKit/537.36 (KHTML, like Gecko) Chrome/104.0.0.0 Safari/537.36" "specialtymovingrigging.com"
20.151.69.203 - - [06/Nov/2022:04:14:30 -0800] "GET /blog/wp-content/plugins/directorist/readme.txt HTTP/1.1" 404 88 "https://www.google.com" "Mozilla/5.0 (Linux; Android 11; Lenovo YT-J706X) AppleWebKit/537.36 (KHTML, like Gecko) Chrome/104.0.0.0 Safari/537.36" "specialtymovingrigging.com"
20.151.69.203 - - [06/Nov/2022:04:14:31 -0800] "GET /blog/wp-content/plugins/simply-schedule-appointments/readme.txt HTTP/1.1" 404 88 "https://www.google.com" "Mozilla/5.0 (Macintosh; Intel Mac OS X 10_14_6) AppleWebKit/537.36 (KHTML, like Gecko) Chrome/104.0.0.0 Safari/537.36" "specialtymovingrigging.com"
20.151.69.203 - - [06/Nov/2022:04:14:32 -0800] "GET /blog/wp-content/themes/greyd_suite/style.css HTTP/1.1" 404 88 "https://www.google.com" "Mozilla/5.0 (Macintosh; Intel Mac OS X 10_14_6) AppleWebKit/537.36 (KHTML, like Gecko) Chrome/104.0.0.0 Safari/537.36" "specialtymovingrigging.com"
40.77.167.56 - - [06/Nov/2022:04:18:49 -0800] "GET /images/DSC00157.JPG HTTP/1.1" 200 6683936 "-" "Mozilla/5.0 AppleWebKit/537.36 (KHTML, like Gecko; compatible; bingbot/2.0; +http://www.bing.com/bingbot.htm) Chrome/103.0.5060.134 Safari/537.36" "www.specialtymovingrigging.com"
77.111.247.117 - - [06/Nov/2022:04:24:29 -0800] "HEAD / HTTP/1.1" 200 - "-" "Mozilla/5.0 (Windows NT 10.0; Win64; x64) AppleWebKit/537.36 (KHTML, like Gecko) Chrome/106.0.0.0 Safari/537.36" "specialtymovingrigging.com"
207.46.13.5 - - [06/Nov/2022:04:40:42 -0800] "GET /images/IMG_00512.JPG HTTP/1.1" 200 142160 "-" "Mozilla/5.0 AppleWebKit/537.36 (KHTML, like Gecko; compatible; bingbot/2.0; +http://www.bing.com/bingbot.htm) Chrome/103.0.5060.134 Safari/537.36" "www.specialtymovingrigging.com"
35.231.183.32 - - [06/Nov/2022:05:06:07 -0800] "GET /robots.txt HTTP/1.1" 200 67 "-" "ZoominfoBot (zoominfobot at zoominfo dot com)" "specialtymovingrigging.com"
35.231.183.32 - - [06/Nov/2022:05:06:08 -0800] "GET / HTTP/1.1" 200 4168 "-" "ZoominfoBot (zoominfobot at zoominfo dot com)" "specialtymovingrigging.com"
114.119.136.190 - - [06/Nov/2022:05:41:43 -0800] "GET /robots.txt HTTP/1.1" 200 67 "-" "Mozilla/5.0 (compatible;PetalBot;+https://webmaster.petalsearch.com/site/petalbot)" "www.specialtymovingrigging.com"
157.55.39.14 - - [06/Nov/2022:05:42:10 -0800] "GET /sitebuilder/images/IMG00398-227x150.jpg HTTP/1.1" 200 7797 "-" "Mozilla/5.0 (compatible; bingbot/2.0; +http://www.bing.com/bingbot.htm)" "www.specialtymovingrigging.com"
40.77.167.42 - - [06/Nov/2022:05:45:25 -0800] "GET /images/DSC00088.JPG HTTP/1.1" 200 6580628 "-" "Mozilla/5.0 AppleWebKit/537.36 (KHTML, like Gecko; compatible; bingbot/2.0; +http://www.bing.com/bingbot.htm) Chrome/103.0.5060.134 Safari/537.36" "specialtymovingrigging.com"
207.46.13.5 - - [06/Nov/2022:05:51:19 -0800] "GET /images/DSC00142.JPG HTTP/1.1" 200 6698566 "-" "Mozilla/5.0 (compatible; bingbot/2.0; +http://www.bing.com/bingbot.htm)" "www.specialtymovingrigging.com"
207.46.13.5 - - [06/Nov/2022:05:55:29 -0800] "GET /images/Press.jpg HTTP/1.1" 200 62376 "-" "Mozilla/5.0 (compatible; bingbot/2.0; +http://www.bing.com/bingbot.htm)" "www.specialtymovingrigging.com"
157.55.39.14 - - [06/Nov/2022:06:00:22 -0800] "GET /sitebuilder/images/1049183_10151540335744685_1366322238_o-187x250.jpg HTTP/1.1" 200 11552 "-" "Mozilla/5.0 AppleWebKit/537.36 (KHTML, like Gecko; compatible; bingbot/2.0; +http://www.bing.com/bingbot.htm) Chrome/103.0.5060.134 Safari/537.36" "www.specialtymovingrigging.com"
157.55.39.157 - - [06/Nov/2022:06:10:12 -0800] "GET /images/000_0048.JPG HTTP/1.1" 200 677778 "-" "Mozilla/5.0 (compatible; bingbot/2.0; +http://www.bing.com/bingbot.htm)" "www.specialtymovingrigging.com"
40.77.167.61 - - [06/Nov/2022:06:22:46 -0800] "GET /images/000_0198.jpg HTTP/1.1" 200 680492 "-" "Mozilla/5.0 (compatible; bingbot/2.0; +http://www.bing.com/bingbot.htm)" "www.specialtymovingrigging.com"
157.55.39.157 - - [06/Nov/2022:06:27:44 -0800] "GET /images/IMG_00482.JPG HTTP/1.1" 200 128606 "-" "Mozilla/5.0 AppleWebKit/537.36 (KHTML, like Gecko; compatible; bingbot/2.0; +http://www.bing.com/bingbot.htm) Chrome/103.0.5060.134 Safari/537.36" "www.specialtymovingrigging.com"
157.55.39.157 - - [06/Nov/2022:06:29:05 -0800] "GET /images/IMG00236.jpg HTTP/1.1" 200 838159 "-" "Mozilla/5.0 (compatible; bingbot/2.0; +http://www.bing.com/bingbot.htm)" "www.specialtymovingrigging.com"
40.77.167.42 - - [06/Nov/2022:06:30:21 -0800] "GET /image662.jpg HTTP/1.1" 200 28266 "-" "Mozilla/5.0 AppleWebKit/537.36 (KHTML, like Gecko; compatible; bingbot/2.0; +http://www.bing.com/bingbot.htm) Chrome/103.0.5060.134 Safari/537.36" "www.specialtymovingrigging.com"
40.77.167.42 - - [06/Nov/2022:06:41:22 -0800] "GET /images/000_0021.JPG HTTP/1.1" 200 633660 "-" "Mozilla/5.0 (compatible; bingbot/2.0; +http://www.bing.com/bingbot.htm)" "www.specialtymovingrigging.com"
40.77.167.61 - - [06/Nov/2022:06:43:48 -0800] "GET /images/DSC00020.JPG HTTP/1.1" 200 6469778 "-" "Mozilla/5.0 AppleWebKit/537.36 (KHTML, like Gecko; compatible; bingbot/2.0; +http://www.bing.com/bingbot.htm) Chrome/103.0.5060.134 Safari/537.36" "specialtymovingrigging.com"
40.77.167.61 - - [06/Nov/2022:06:46:48 -0800] "GET /sitebuilder/images/scan0003-225x120.jpg HTTP/1.1" 200 6346 "-" "Mozilla/5.0 (compatible; bingbot/2.0; +http://www.bing.com/bingbot.htm)" "www.specialtymovingrigging.com"
40.77.167.42 - - [06/Nov/2022:07:16:37 -0800] "GET /images/DSC00153.JPG HTTP/1.1" 200 6663164 "-" "Mozilla/5.0 (compatible; bingbot/2.0; +http://www.bing.com/bingbot.htm)" "specialtymovingrigging.com"
10.247.24.54 - - [06/Nov/2022:07:34:38 -0800] "POST /blog/wp-cron.php?doing_wp_cron HTTP/1.1" 200 - "-" "WordPress/2.8.4; http://specialtymovingrigging.com/blog" "specialtymovingrigging.com"
52.8.2.58 - - [06/Nov/2022:07:34:37 -0800] "GET /blog/index.php/feed/ HTTP/1.1" 200 1721 "-" "robot;Owler;sthiyagarajan@owler-inc.com" "specialtymovingrigging.com"
157.55.39.157 - - [06/Nov/2022:07:52:52 -0800] "GET /Equipment.html HTTP/1.1" 200 7547 "-" "Mozilla/5.0 (compatible; bingbot/2.0; +http://www.bing.com/bingbot.htm)" "specialtymovingrigging.com"
207.46.13.5 - - [06/Nov/2022:08:07:42 -0800] "GET /images/DSC00060.JPG HTTP/1.1" 200 6700782 "-" "Mozilla/5.0 AppleWebKit/537.36 (KHTML, like Gecko; compatible; bingbot/2.0; +http://www.bing.com/bingbot.htm) Chrome/103.0.5060.134 Safari/537.36" "specialtymovingrigging.com"
157.55.39.157 - - [06/Nov/2022:08:10:04 -0800] "GET /images/DSC00143.JPG HTTP/1.1" 200 6590821 "-" "Mozilla/5.0 AppleWebKit/537.36 (KHTML, like Gecko; compatible; bingbot/2.0; +http://www.bing.com/bingbot.htm) Chrome/103.0.5060.134 Safari/537.36" "specialtymovingrigging.com"
40.77.167.56 - - [06/Nov/2022:08:16:03 -0800] "GET /images/IMG00398.jpg HTTP/1.1" 200 589312 "-" "Mozilla/5.0 (compatible; bingbot/2.0; +http://www.bing.com/bingbot.htm)" "specialtymovingrigging.com"
157.55.39.157 - - [06/Nov/2022:08:37:47 -0800] "GET /images/DSC00140.JPG HTTP/1.1" 200 6680273 "-" "Mozilla/5.0 AppleWebKit/537.36 (KHTML, like Gecko; compatible; bingbot/2.0; +http://www.bing.com/bingbot.htm) Chrome/103.0.5060.134 Safari/537.36" "specialtymovingrigging.com"
40.77.167.42 - - [06/Nov/2022:08:45:56 -0800] "GET /images/000_0091.jpg HTTP/1.1" 200 832865 "-" "Mozilla/5.0 AppleWebKit/537.36 (KHTML, like Gecko; compatible; bingbot/2.0; +http://www.bing.com/bingbot.htm) Chrome/103.0.5060.134 Safari/537.36" "specialtymovingrigging.com"
168.119.4.44 - - [06/Nov/2022:08:52:01 -0800] "GET /robots.txt HTTP/1.1" 200 67 "-" "Mozilla/5.0 (compatible; BLEXBot/1.0; +http://webmeup-crawler.com/)" "specialtymovingrigging.com"
168.119.4.44 - - [06/Nov/2022:08:52:03 -0800] "GET /Aircasters.html HTTP/1.1" 200 934 "-" "Mozilla/5.0 (compatible; BLEXBot/1.0; +http://webmeup-crawler.com/)" "specialtymovingrigging.com"
34.78.59.100 - - [06/Nov/2022:09:14:52 -0800] "HEAD / HTTP/1.1" 200 - "-" "Apache-HttpClient/4.5.5 (Java/11.0.9)" "www.specialtymovingrigging.com"
40.77.167.61 - - [06/Nov/2022:09:21:33 -0800] "GET /sitebuilder/images/image490-225x150.jpg HTTP/1.1" 200 7889 "-" "Mozilla/5.0 (compatible; bingbot/2.0; +http://www.bing.com/bingbot.htm)" "www.specialtymovingrigging.com"
40.77.167.42 - - [06/Nov/2022:09:31:30 -0800] "GET /images/DSC00047.JPG HTTP/1.1" 200 6658567 "-" "Mozilla/5.0 AppleWebKit/537.36 (KHTML, like Gecko; compatible; bingbot/2.0; +http://www.bing.com/bingbot.htm) Chrome/103.0.5060.134 Safari/537.36" "specialtymovingrigging.com"
40.77.167.56 - - [06/Nov/2022:09:36:31 -0800] "GET /images/DSC00149.JPG HTTP/1.1" 200 6596914 "-" "Mozilla/5.0 AppleWebKit/537.36 (KHTML, like Gecko; compatible; bingbot/2.0; +http://www.bing.com/bingbot.htm) Chrome/103.0.5060.134 Safari/537.36" "www.specialtymovingrigging.com"
40.77.167.42 - - [06/Nov/2022:10:01:04 -0800] "GET /images/DSC00093.JPG HTTP/1.1" 200 6675949 "-" "Mozilla/5.0 AppleWebKit/537.36 (KHTML, like Gecko; compatible; bingbot/2.0; +http://www.bing.com/bingbot.htm) Chrome/103.0.5060.134 Safari/537.36" "specialtymovingrigging.com"
157.55.39.157 - - [06/Nov/2022:10:01:15 -0800] "GET /images/press2.jpg HTTP/1.1" 200 93206 "-" "Mozilla/5.0 AppleWebKit/537.36 (KHTML, like Gecko; compatible; bingbot/2.0; +http://www.bing.com/bingbot.htm) Chrome/103.0.5060.134 Safari/537.36" "www.specialtymovingrigging.com"
157.55.39.157 - - [06/Nov/2022:10:30:37 -0800] "GET /images/DSC00140.JPG HTTP/1.1" 200 6680273 "-" "Mozilla/5.0 (compatible; bingbot/2.0; +http://www.bing.com/bingbot.htm)" "www.specialtymovingrigging.com"
167.86.98.167 - - [06/Nov/2022:10:43:37 -0800] "GET /wp-login.php HTTP/1.1" 404 88 "-" "Mozilla/5.0 (Windows NT 10.0; Win64; x64; rv:96.0) Gecko/20100101 Firefox/96" "specialtymovingrigging.com"
40.77.167.42 - - [06/Nov/2022:10:52:41 -0800] "GET /sitebuilder/images/000_0023-268x199.jpg HTTP/1.1" 200 12819 "-" "Mozilla/5.0 (compatible; bingbot/2.0; +http://www.bing.com/bingbot.htm)" "www.specialtymovingrigging.com"
40.77.167.61 - - [06/Nov/2022:11:10:44 -0800] "GET /images/000_0045.JPG HTTP/1.1" 200 638882 "-" "Mozilla/5.0 AppleWebKit/537.36 (KHTML, like Gecko; compatible; bingbot/2.0; +http://www.bing.com/bingbot.htm) Chrome/103.0.5060.134 Safari/537.36" "www.specialtymovingrigging.com"
207.46.13.5 - - [06/Nov/2022:11:11:01 -0800] "GET /images/CIMG0648_1_.JPG HTTP/1.1" 200 2227465 "-" "Mozilla/5.0 (compatible; bingbot/2.0; +http://www.bing.com/bingbot.htm)" "specialtymovingrigging.com"
185.191.171.3 - - [06/Nov/2022:11:30:07 -0800] "GET /robots.txt HTTP/1.1" 200 67 "-" "Mozilla/5.0 (compatible; SemrushBot/7~bl; +http://www.semrush.com/bot.html)" "specialtymovingrigging.com"
185.191.171.39 - - [06/Nov/2022:11:30:07 -0800] "GET / HTTP/1.1" 200 4168 "-" "Mozilla/5.0 (compatible; SemrushBot/7~bl; +http://www.semrush.com/bot.html)" "specialtymovingrigging.com"
40.77.167.105 - - [06/Nov/2022:12:57:27 -0800] "GET /robots.txt HTTP/1.1" 200 67 "-" "Mozilla/5.0 AppleWebKit/537.36 (KHTML, like Gecko; compatible; bingbot/2.0; +http://www.bing.com/bingbot.htm) Chrome/103.0.5060.134 Safari/537.36" "specialtymovingrigging.com"
157.55.39.14 - - [06/Nov/2022:12:57:32 -0800] "GET / HTTP/1.1" 304 - "-" "Mozilla/5.0 (compatible; bingbot/2.0; +http://www.bing.com/bingbot.htm)" "specialtymovingrigging.com"
34.168.92.221 - - [06/Nov/2022:13:16:57 -0800] "GET / HTTP/1.1" 200 21060 "-" "Mozilla/5.0 (Windows NT 10.0; Win64; x64; rv:79.0) Gecko/20100101 Firefox/79.0" "specialtymovingrigging.com"
34.168.92.221 - - [06/Nov/2022:13:16:57 -0800] "GET / HTTP/1.1" 200 21060 "-" "Mozilla/5.0 (Windows NT 10.0; Win64; x64; rv:79.0) Gecko/20100101 Firefox/79.0" "www.specialtymovingrigging.com"
34.168.92.221 - - [06/Nov/2022:13:16:57 -0800] "GET / HTTP/1.1" 200 21060 "-" "Mozilla/5.0 (Windows NT 10.0; Win64; x64; rv:79.0) Gecko/20100101 Firefox/79.0" "specialtymovingrigging.com"
34.168.92.221 - - [06/Nov/2022:13:16:57 -0800] "GET / HTTP/1.1" 200 21060 "-" "Mozilla/5.0 (Windows NT 10.0; Win64; x64; rv:79.0) Gecko/20100101 Firefox/79.0" "www.specialtymovingrigging.com"
207.46.13.5 - - [06/Nov/2022:13:43:25 -0800] "GET /images/IMG_0023.JPG HTTP/1.1" 200 129556 "-" "Mozilla/5.0 (compatible; bingbot/2.0; +http://www.bing.com/bingbot.htm)" "www.specialtymovingrigging.com"
40.77.167.105 - - [06/Nov/2022:13:54:31 -0800] "GET /robots.txt HTTP/1.1" 200 67 "-" "Mozilla/5.0 (compatible; bingbot/2.0; +http://www.bing.com/bingbot.htm)" "specialtymovingrigging.com"
157.55.39.157 - - [06/Nov/2022:13:54:39 -0800] "GET /images/IMG00130.jpg HTTP/1.1" 200 627134 "-" "Mozilla/5.0 (compatible; bingbot/2.0; +http://www.bing.com/bingbot.htm)" "specialtymovingrigging.com"
114.119.140.38 - - [06/Nov/2022:14:06:11 -0800] "GET / HTTP/1.1" 200 4168 "-" "Mozilla/5.0 (Linux; Android 7.0;) AppleWebKit/537.36 (KHTML, like Gecko) Mobile Safari/537.36 (compatible; PetalBot;+https://webmaster.petalsearch.com/site/petalbot)" "www.specialtymovingrigging.com"
35.164.4.167 - - [06/Nov/2022:14:17:14 -0800] "GET / HTTP/1.1" 200 4168 "-" "Mozilla/5.0 (X11; Linux x86_64) AppleWebKit/537.36 (KHTML, like Gecko) Chrome/83.0.4103.97 Safari/537.36" "specialtymovingrigging.com"
54.212.212.81 - - [06/Nov/2022:14:17:24 -0800] "GET / HTTP/1.1" 200 4168 "-" "Mozilla/5.0 (X11; Linux x86_64) AppleWebKit/537.36 (KHTML, like Gecko) Chrome/83.0.4103.97 Safari/537.36" "specialtymovingrigging.com"
54.203.50.57 - - [06/Nov/2022:14:19:13 -0800] "GET /favicon.ico HTTP/1.1" 404 88 "-" "Mozilla/5.0 (X11; Linux x86_64) AppleWebKit/537.36 (KHTML, like Gecko) Chrome/83.0.4103.97 Safari/537.36" "specialtymovingrigging.com"
54.203.50.57 - - [06/Nov/2022:14:19:16 -0800] "GET / HTTP/1.1" 200 4168 "-" "Mozilla/5.0 (X11; Linux x86_64) AppleWebKit/537.36 (KHTML, like Gecko) Chrome/83.0.4103.97 Safari/537.36" "specialtymovingrigging.com"
34.214.29.110 - - [06/Nov/2022:14:19:52 -0800] "GET /favicon.ico HTTP/1.1" 404 88 "-" "Mozilla/5.0 (X11; Linux x86_64) AppleWebKit/537.36 (KHTML, like Gecko) Chrome/83.0.4103.97 Safari/537.36" "specialtymovingrigging.com"
34.214.29.110 - - [06/Nov/2022:14:19:53 -0800] "GET / HTTP/1.1" 200 4168 "-" "Mozilla/5.0 (X11; Linux x86_64) AppleWebKit/537.36 (KHTML, like Gecko) Chrome/83.0.4103.97 Safari/537.36" "specialtymovingrigging.com"
207.46.13.5 - - [06/Nov/2022:14:21:29 -0800] "GET /images/DSCF0110.JPG HTTP/1.1" 200 124078 "-" "Mozilla/5.0 AppleWebKit/537.36 (KHTML, like Gecko; compatible; bingbot/2.0; +http://www.bing.com/bingbot.htm) Chrome/103.0.5060.134 Safari/537.36" "www.specialtymovingrigging.com"
18.236.158.9 - - [06/Nov/2022:14:22:24 -0800] "GET /favicon.ico HTTP/1.1" 404 88 "-" "Mozilla/5.0 (X11; Linux x86_64) AppleWebKit/537.36 (KHTML, like Gecko) Chrome/83.0.4103.97 Safari/537.36" "specialtymovingrigging.com"
18.236.158.9 - - [06/Nov/2022:14:22:24 -0800] "GET / HTTP/1.1" 200 4168 "-" "Mozilla/5.0 (X11; Linux x86_64) AppleWebKit/537.36 (KHTML, like Gecko) Chrome/83.0.4103.97 Safari/537.36" "specialtymovingrigging.com"
40.77.167.42 - - [06/Nov/2022:14:22:42 -0800] "GET /images/DSC00084.JPG HTTP/1.1" 200 6580666 "-" "Mozilla/5.0 (compatible; bingbot/2.0; +http://www.bing.com/bingbot.htm)" "specialtymovingrigging.com"
34.220.25.254 - - [06/Nov/2022:14:37:21 -0800] "GET / HTTP/1.1" 200 4168 "-" "Mozilla/5.0 (X11; Linux x86_64) AppleWebKit/537.36 (KHTML, like Gecko) Chrome/83.0.4103.97 Safari/537.36" "specialtymovingrigging.com"
114.119.132.163 - - [06/Nov/2022:14:38:33 -0800] "GET /robots.txt HTTP/1.1" 200 67 "-" "Mozilla/5.0 (compatible;PetalBot;+https://webmaster.petalsearch.com/site/petalbot)" "specialtymovingrigging.com"
18.236.86.170 - - [06/Nov/2022:14:38:42 -0800] "GET / HTTP/1.1" 200 4168 "-" "Mozilla/5.0 (X11; Linux x86_64) AppleWebKit/537.36 (KHTML, like Gecko) Chrome/83.0.4103.97 Safari/537.36" "specialtymovingrigging.com"
157.55.39.14 - - [06/Nov/2022:14:45:53 -0800] "GET /images/DSC00162.JPG HTTP/1.1" 200 6619976 "-" "Mozilla/5.0 AppleWebKit/537.36 (KHTML, like Gecko; compatible; bingbot/2.0; +http://www.bing.com/bingbot.htm) Chrome/103.0.5060.134 Safari/537.36" "specialtymovingrigging.com"
52.30.171.182 - - [06/Nov/2022:14:52:28 -0800] "GET /wp-commentin.php HTTP/1.1" 404 73 "-" "-" "specialtymovingrigging.com"
148.251.11.147 - - [06/Nov/2022:14:56:57 -0800] "GET /robots.txt HTTP/1.1" 200 67 "-" "serpstatbot/2.1 (advanced backlink tracking bot; https://serpstatbot.com/; abuse@serpstatbot.com)" "specialtymovingrigging.com"
148.251.11.147 - - [06/Nov/2022:14:56:57 -0800] "GET /index.html HTTP/1.1" 200 4168 "-" "serpstatbot/2.1 (advanced backlink tracking bot; https://serpstatbot.com/; abuse@serpstatbot.com)" "specialtymovingrigging.com"
148.251.11.147 - - [06/Nov/2022:14:57:42 -0800] "GET /Whoweare.html HTTP/1.1" 200 3062 "-" "serpstatbot/2.1 (advanced backlink tracking bot; https://serpstatbot.com/; abuse@serpstatbot.com)" "specialtymovingrigging.com"
148.251.11.147 - - [06/Nov/2022:14:58:19 -0800] "GET /Service.html HTTP/1.1" 200 3811 "-" "serpstatbot/2.1 (advanced backlink tracking bot; https://serpstatbot.com/; abuse@serpstatbot.com)" "specialtymovingrigging.com"
148.251.11.147 - - [06/Nov/2022:14:59:01 -0800] "GET /Phothos.html HTTP/1.1" 200 5419 "-" "serpstatbot/2.1 (advanced backlink tracking bot; https://serpstatbot.com/; abuse@serpstatbot.com)" "specialtymovingrigging.com"
148.251.11.147 - - [06/Nov/2022:14:59:34 -0800] "GET /Equipment.html HTTP/1.1" 200 7547 "-" "serpstatbot/2.1 (advanced backlink tracking bot; https://serpstatbot.com/; abuse@serpstatbot.com)" "specialtymovingrigging.com"
148.251.11.147 - - [06/Nov/2022:15:00:08 -0800] "GET / HTTP/1.1" 200 4168 "-" "serpstatbot/2.1 (advanced backlink tracking bot; https://serpstatbot.com/; abuse@serpstatbot.com)" "specialtymovingrigging.com"
40.77.167.56 - - [06/Nov/2022:15:16:30 -0800] "GET /images/IMG00482.jpg HTTP/1.1" 200 672391 "-" "Mozilla/5.0 AppleWebKit/537.36 (KHTML, like Gecko; compatible; bingbot/2.0; +http://www.bing.com/bingbot.htm) Chrome/103.0.5060.134 Safari/537.36" "specialtymovingrigging.com"
148.251.11.147 - - [06/Nov/2022:15:30:10 -0800] "GET /Aircasters.html HTTP/1.1" 200 934 "-" "serpstatbot/2.1 (advanced backlink tracking bot; https://serpstatbot.com/; abuse@serpstatbot.com)" "specialtymovingrigging.com"
114.119.149.199 - - [06/Nov/2022:16:09:24 -0800] "GET /robots.txt HTTP/1.1" 200 67 "-" "Mozilla/5.0 (compatible;PetalBot;+https://webmaster.petalsearch.com/site/petalbot)" "specialtymovingrigging.com"
162.255.45.97 - - [06/Nov/2022:16:29:04 -0800] "GET / HTTP/1.1" 200 4168 "-" "Mozilla/5.0 (Windows NT 10.0; Win64; x64; rv:102.0) Gecko/20100101 Firefox/102.0" "www.specialtymovingrigging.com"
95.163.255.64 - - [06/Nov/2022:16:48:20 -0800] "GET /robots.txt HTTP/1.1" 200 53 "-" "Mozilla/5.0 (compatible; Linux x86_64; Mail.RU_Bot/2.0; +https://help.mail.ru/webmaster/indexing/robots)" "specialtymovingrigging.com"
95.163.255.64 - - [06/Nov/2022:16:48:22 -0800] "GET /sitemap.xml HTTP/1.1" 200 178 "-" "Mozilla/5.0 (compatible; Linux x86_64; Mail.RU_Bot/2.0; +https://help.mail.ru/webmaster/indexing/robots)" "specialtymovingrigging.com"
157.55.39.14 - - [06/Nov/2022:16:58:25 -0800] "GET /images/DSC00158.JPG HTTP/1.1" 200 6636385 "-" "Mozilla/5.0 AppleWebKit/537.36 (KHTML, like Gecko; compatible; bingbot/2.0; +http://www.bing.com/bingbot.htm) Chrome/103.0.5060.134 Safari/537.36" "specialtymovingrigging.com"
34.76.158.233 - - [06/Nov/2022:16:59:30 -0800] "GET / HTTP/1.1" 200 4168 "-" "python-requests/2.28.1" "specialtymovingrigging.com"
40.77.167.61 - - [06/Nov/2022:17:05:41 -0800] "GET /images/IMG00141.jpg HTTP/1.1" 200 632913 "-" "Mozilla/5.0 (compatible; bingbot/2.0; +http://www.bing.com/bingbot.htm)" "www.specialtymovingrigging.com"
3.230.144.7 - - [06/Nov/2022:17:19:04 -0800] "GET / HTTP/1.1" 200 4168 "-" "Mozilla/5.0 (compatible; MSIE 9.0; Windows NT 6.1; WOW64; Trident/5.0; SLCC2; Media Center PC 6.0; InfoPath.3; MS-RTC LM 8; Zune 4.7)" "specialtymovingrigging.com"
3.230.144.7 - - [06/Nov/2022:17:19:21 -0800] "GET /scripts/layers.js HTTP/1.1" 200 1140 "-" "Mozilla/5.0 (Linux; Android 7.0; SM-G930F) AppleWebKit/537.36 (KHTML, like Gecko) Chrome/76.0.3809.111 Mobile Safari/537.36" "specialtymovingrigging.com"
3.230.144.7 - - [06/Nov/2022:17:20:03 -0800] "GET /scripts/layers.js HTTP/1.1" 200 1140 "-" "Mozilla/5.0 (Macintosh; Intel Mac OS X 10_12_6) AppleWebKit/537.36 (KHTML, like Gecko) Chrome/76.0.3809.87 Safari/537.36" "specialtymovingrigging.com"
35.231.36.88 - - [06/Nov/2022:17:29:40 -0800] "GET /robots.txt HTTP/1.1" 200 67 "-" "ZoominfoBot (zoominfobot at zoominfo dot com)" "www.specialtymovingrigging.com"
35.231.36.88 - - [06/Nov/2022:17:29:40 -0800] "GET / HTTP/1.1" 200 4168 "-" "ZoominfoBot (zoominfobot at zoominfo dot com)" "www.specialtymovingrigging.com"
114.119.140.238 - - [06/Nov/2022:17:42:46 -0800] "GET /sitebuilder/images/IMG_0035-150x112.jpg HTTP/1.1" 200 5028 "http://www.specialtymovingrigging.com/Phothos.html" "Mozilla/5.0 (Linux; Android 7.0;) AppleWebKit/537.36 (KHTML, like Gecko) Mobile Safari/537.36 (compatible; PetalBot;+https://webmaster.petalsearch.com/site/petalbot)" "www.specialtymovingrigging.com"
157.55.39.157 - - [06/Nov/2022:17:56:23 -0800] "GET /images/DSC00143.JPG HTTP/1.1" 200 6590821 "-" "Mozilla/5.0 (compatible; bingbot/2.0; +http://www.bing.com/bingbot.htm)" "www.specialtymovingrigging.com"
157.55.39.157 - - [06/Nov/2022:17:58:33 -0800] "GET /images/IMG_0024.JPG HTTP/1.1" 200 122152 "-" "Mozilla/5.0 (compatible; bingbot/2.0; +http://www.bing.com/bingbot.htm)" "www.specialtymovingrigging.com"
35.231.36.88 - - [06/Nov/2022:18:09:01 -0800] "GET /robots.txt HTTP/1.1" 200 67 "-" "ZoominfoBot (zoominfobot at zoominfo dot com)" "specialtymovingrigging.com"
35.231.36.88 - - [06/Nov/2022:18:09:01 -0800] "GET / HTTP/1.1" 200 4168 "-" "ZoominfoBot (zoominfobot at zoominfo dot com)" "specialtymovingrigging.com"
164.92.225.122 - - [06/Nov/2022:18:30:53 -0800] "POST / HTTP/1.1" 200 21060 "-" "Mozilla/5.0 (Windows NT 10.0; Win64; x64) AppleWebKit/537.36 (KHTML, like Gecko) Chrome/83.0.4103.116 Safari/537.36" "specialtymovingrigging.com"
43.154.18.73 - - [06/Nov/2022:18:35:23 -0800] "GET / HTTP/1.1" 200 4168 "http://specialtymovingrigging.com" "Mozilla/5.0 (Windows NT 10.0; Win64; x64) AppleWebKit/537.36 (KHTML, like Gecko) Chrome/87.0.4280.67 Safari/537.36 Edg/87.0.664.52" "specialtymovingrigging.com"
40.77.167.61 - - [06/Nov/2022:18:58:32 -0800] "GET /images/DSC00141.JPG HTTP/1.1" 200 6641120 "-" "Mozilla/5.0 AppleWebKit/537.36 (KHTML, like Gecko; compatible; bingbot/2.0; +http://www.bing.com/bingbot.htm) Chrome/103.0.5060.134 Safari/537.36" "specialtymovingrigging.com"
40.77.167.61 - - [06/Nov/2022:19:21:24 -0800] "GET /images/IMG00160.jpg HTTP/1.1" 200 595292 "-" "Mozilla/5.0 AppleWebKit/537.36 (KHTML, like Gecko; compatible; bingbot/2.0; +http://www.bing.com/bingbot.htm) Chrome/103.0.5060.134 Safari/537.36" "www.specialtymovingrigging.com"
157.55.39.157 - - [06/Nov/2022:19:23:01 -0800] "GET /images/IMG00143.jpg HTTP/1.1" 200 588422 "-" "Mozilla/5.0 (compatible; bingbot/2.0; +http://www.bing.com/bingbot.htm)" "www.specialtymovingrigging.com"
35.229.38.99 - - [06/Nov/2022:19:25:19 -0800] "GET /robots.txt HTTP/1.1" 200 67 "-" "ZoominfoBot (zoominfobot at zoominfo dot com)" "www.specialtymovingrigging.com"
35.229.38.99 - - [06/Nov/2022:19:25:19 -0800] "GET / HTTP/1.1" 200 4168 "-" "ZoominfoBot (zoominfobot at zoominfo dot com)" "www.specialtymovingrigging.com"
35.225.33.125 - - [06/Nov/2022:19:27:08 -0800] "GET /wp-includes/class-index-wordpress.php HTTP/1.1" 404 88 "-" "Mozlila/5.0 (Linux; Android 7.0; SM-G892A Bulid/NRD90M; wv) AppleWebKit/537.36 (KHTML, like Gecko) Version/4.0 Chrome/60.0.3112.107 Moblie Safari/537.36" "specialtymovingrigging.com"
35.225.33.125 - - [06/Nov/2022:19:27:13 -0800] "GET /wp-admin/js/widgets/wp-login.php HTTP/1.1" 404 88 "-" "Mozlila/5.0 (Linux; Android 7.0; SM-G892A Bulid/NRD90M; wv) AppleWebKit/537.36 (KHTML, like Gecko) Version/4.0 Chrome/60.0.3112.107 Moblie Safari/537.36" "specialtymovingrigging.com"
35.225.33.125 - - [06/Nov/2022:19:27:18 -0800] "GET /wp-includes/wp-system-cloud.php HTTP/1.1" 404 88 "-" "Mozlila/5.0 (Linux; Android 7.0; SM-G892A Bulid/NRD90M; wv) AppleWebKit/537.36 (KHTML, like Gecko) Version/4.0 Chrome/60.0.3112.107 Moblie Safari/537.36" "specialtymovingrigging.com"
35.225.33.125 - - [06/Nov/2022:19:27:24 -0800] "GET /wp-includes/class-wp-page-icon.php HTTP/1.1" 404 88 "-" "Mozlila/5.0 (Linux; Android 7.0; SM-G892A Bulid/NRD90M; wv) AppleWebKit/537.36 (KHTML, like Gecko) Version/4.0 Chrome/60.0.3112.107 Moblie Safari/537.36" "specialtymovingrigging.com"
35.225.33.125 - - [06/Nov/2022:19:27:27 -0800] "GET /wp-content/class-index-wordpress.php HTTP/1.1" 404 88 "-" "Mozlila/5.0 (Linux; Android 7.0; SM-G892A Bulid/NRD90M; wv) AppleWebKit/537.36 (KHTML, like Gecko) Version/4.0 Chrome/60.0.3112.107 Moblie Safari/537.36" "specialtymovingrigging.com"
35.225.33.125 - - [06/Nov/2022:19:27:32 -0800] "GET /wp-includes/class-wordpress-license.php HTTP/1.1" 404 88 "-" "Mozlila/5.0 (Linux; Android 7.0; SM-G892A Bulid/NRD90M; wv) AppleWebKit/537.36 (KHTML, like Gecko) Version/4.0 Chrome/60.0.3112.107 Moblie Safari/537.36" "specialtymovingrigging.com"
35.225.33.125 - - [06/Nov/2022:19:27:37 -0800] "GET /wp-content/themes/seotheme/db.php?u HTTP/1.1" 404 88 "-" "Mozlila/5.0 (Linux; Android 7.0; SM-G892A Bulid/NRD90M; wv) AppleWebKit/537.36 (KHTML, like Gecko) Version/4.0 Chrome/60.0.3112.107 Moblie Safari/537.36" "specialtymovingrigging.com"
35.225.33.125 - - [06/Nov/2022:19:27:43 -0800] "GET /wp-includes/pomo/umpomone.php HTTP/1.1" 404 88 "-" "Mozlila/5.0 (Linux; Android 7.0; SM-G892A Bulid/NRD90M; wv) AppleWebKit/537.36 (KHTML, like Gecko) Version/4.0 Chrome/60.0.3112.107 Moblie Safari/537.36" "specialtymovingrigging.com"
35.225.33.125 - - [06/Nov/2022:19:27:47 -0800] "GET /wp-content/plugins/indeed-membership-pro/classes/PaymentGateways/mollie/vendor/phpunit/phpunit/phpunit.xsd HTTP/1.1" 404 88 "-" "Mozlila/5.0 (Linux; Android 7.0; SM-G892A Bulid/NRD90M; wv) AppleWebKit/537.36 (KHTML, like Gecko) Version/4.0 Chrome/60.0.3112.107 Moblie Safari/537.36" "specialtymovingrigging.com"
35.229.38.99 - - [06/Nov/2022:19:29:20 -0800] "GET /robots.txt HTTP/1.1" 200 67 "-" "ZoominfoBot (zoominfobot at zoominfo dot com)" "specialtymovingrigging.com"
35.229.38.99 - - [06/Nov/2022:19:29:20 -0800] "GET / HTTP/1.1" 200 4168 "-" "ZoominfoBot (zoominfobot at zoominfo dot com)" "specialtymovingrigging.com"
118.184.177.5 - - [06/Nov/2022:19:33:36 -0800] "GET / HTTP/1.1" 200 4168 "-" "Sogou web spider/4.0(+http://www.sogou.com/docs/help/webmasters.htm#07)" "www.specialtymovingrigging.com"
3.239.81.138 - - [06/Nov/2022:19:35:44 -0800] "GET / HTTP/1.1" 200 4168 "-" "osee2unifiedRelease/1466 osee2unifiedReleaseVersion/6.9.1 Mozilla/5.0 (iPhone; CPU iPhone OS 12_4 like Mac OS X) AppleWebKit/605.1.15 (KHTML, like Gecko) Mobile/15E148" "specialtymovingrigging.com"
3.239.81.138 - - [06/Nov/2022:19:35:58 -0800] "GET /scripts/layers.js HTTP/1.1" 200 1140 "-" "Mozilla/5.0 (Windows NT 10.0; WOW64) AppleWebKit/537.36 (KHTML, like Gecko) Chrome/76.0.3809.100 Safari/537.36 OPR/63.0.3368.35" "specialtymovingrigging.com"
3.239.81.138 - - [06/Nov/2022:19:36:41 -0800] "GET /scripts/layers.js HTTP/1.1" 200 1140 "-" "Mozilla/5.0 (Linux; U; Android 2.3.4; en-us; BNTV250 Build/GINGERBREAD) AppleWebKit/533.1 (KHTML, like Gecko) Version/4.0 Safari/533.1" "specialtymovingrigging.com"
123.183.224.9 - - [06/Nov/2022:19:37:25 -0800] "GET / HTTP/1.1" 200 4168 "-" "Sogou web spider/4.0(+http://www.sogou.com/docs/help/webmasters.htm#07)" "www.specialtymovingrigging.com"
51.222.253.4 - - [06/Nov/2022:19:40:12 -0800] "GET /robots.txt HTTP/1.1" 200 67 "-" "Mozilla/5.0 (compatible; AhrefsBot/7.0; +http://ahrefs.com/robot/)" "specialtymovingrigging.com"
51.222.253.1 - - [06/Nov/2022:19:40:13 -0800] "GET / HTTP/1.1" 200 4168 "-" "Mozilla/5.0 (compatible; AhrefsBot/7.0; +http://ahrefs.com/robot/)" "specialtymovingrigging.com"
52.8.2.58 - - [06/Nov/2022:19:41:20 -0800] "GET /blog/index.php/feed/ HTTP/1.1" 200 1721 "-" "robot;Owler;sthiyagarajan@owler-inc.com" "specialtymovingrigging.com"
10.247.24.52 - - [06/Nov/2022:19:41:22 -0800] "POST /blog/wp-cron.php?doing_wp_cron HTTP/1.1" 200 - "-" "WordPress/2.8.4; http://specialtymovingrigging.com/blog" "specialtymovingrigging.com"
157.55.39.14 - - [06/Nov/2022:19:43:12 -0800] "GET /images/DSC00024.JPG HTTP/1.1" 200 6468104 "-" "Mozilla/5.0 AppleWebKit/537.36 (KHTML, like Gecko; compatible; bingbot/2.0; +http://www.bing.com/bingbot.htm) Chrome/103.0.5060.134 Safari/537.36" "specialtymovingrigging.com"
40.77.167.61 - - [06/Nov/2022:19:45:16 -0800] "GET /images/DSCF0113.JPG HTTP/1.1" 200 123383 "-" "Mozilla/5.0 (compatible; bingbot/2.0; +http://www.bing.com/bingbot.htm)" "www.specialtymovingrigging.com"
40.77.167.61 - - [06/Nov/2022:19:45:45 -0800] "GET /images/DSC00141.JPG HTTP/1.1" 200 6641120 "-" "Mozilla/5.0 AppleWebKit/537.36 (KHTML, like Gecko; compatible; bingbot/2.0; +http://www.bing.com/bingbot.htm) Chrome/103.0.5060.134 Safari/537.36" "www.specialtymovingrigging.com"
157.55.39.157 - - [06/Nov/2022:20:04:35 -0800] "GET /images/IMG_1056.jpg HTTP/1.1" 200 948966 "-" "Mozilla/5.0 AppleWebKit/537.36 (KHTML, like Gecko; compatible; bingbot/2.0; +http://www.bing.com/bingbot.htm) Chrome/103.0.5060.134 Safari/537.36" "www.specialtymovingrigging.com"
208.100.26.246 - - [06/Nov/2022:20:04:59 -0800] "GET / HTTP/1.1" 200 4168 "-" "Mozilla/5.0 (Macintosh; Intel Mac OS X 10_12_2) AppleWebKit/537.36 (KHTML, like Gecko) Chrome/79.0.3945.130 Safari/537.36" "specialtymovingrigging.com"
208.100.26.237 - - [06/Nov/2022:20:05:02 -0800] "GET / HTTP/1.1" 200 4168 "-" "Mozilla/5.0 (Windows NT 10.0; WOW64; Trident/7.0; Touch; MDDCJS; rv:11.0) like Gecko" "specialtymovingrigging.com"
85.104.50.116 - - [06/Nov/2022:20:06:57 -0800] "GET /robots.txt HTTP/1.1" 200 67 "-" "Mozilla/5.0 (Windows NT 10.0; Win64; x64) AppleWebKit/537.36 (KHTML, like Gecko) Chrome/92.0.4515.159 Safari/537.36" "specialtymovingrigging.com"
185.191.171.3 - - [06/Nov/2022:20:14:39 -0800] "GET /robots.txt HTTP/1.1" 200 67 "-" "Mozilla/5.0 (compatible; SemrushBot/7~bl; +http://www.semrush.com/bot.html)" "www.specialtymovingrigging.com"
185.191.171.21 - - [06/Nov/2022:20:14:39 -0800] "GET /index.html HTTP/1.1" 200 4168 "-" "Mozilla/5.0 (compatible; SemrushBot/7~bl; +http://www.semrush.com/bot.html)" "www.specialtymovingrigging.com"
207.46.13.5 - - [06/Nov/2022:20:18:05 -0800] "GET /sitebuilder/images/000_0231-225x135.jpg HTTP/1.1" 200 6466 "-" "Mozilla/5.0 (compatible; bingbot/2.0; +http://www.bing.com/bingbot.htm)" "www.specialtymovingrigging.com"
77.75.78.166 - - [06/Nov/2022:20:26:18 -0800] "GET /robots.txt HTTP/1.1" 200 67 "-" "Mozilla/5.0 (compatible; SeznamBot/3.2; +http://napoveda.seznam.cz/en/seznambot-intro/)" "specialtymovingrigging.com"
77.75.78.166 - - [06/Nov/2022:20:26:19 -0800] "GET /images/461.JPG HTTP/1.1" 304 - "-" "Mozilla/5.0 (compatible; SeznamBot/3.2; +http://napoveda.seznam.cz/en/seznambot-intro/)" "specialtymovingrigging.com"
185.191.171.43 - - [06/Nov/2022:20:36:19 -0800] "GET /robots.txt HTTP/1.1" 200 67 "-" "Mozilla/5.0 (compatible; SemrushBot/7~bl; +http://www.semrush.com/bot.html)" "specialtymovingrigging.com"
185.191.171.5 - - [06/Nov/2022:20:36:19 -0800] "GET /Equipment.html HTTP/1.1" 200 7547 "-" "Mozilla/5.0 (compatible; SemrushBot/7~bl; +http://www.semrush.com/bot.html)" "specialtymovingrigging.com"
157.230.186.195 - - [06/Nov/2022:20:38:50 -0800] "GET / HTTP/1.1" 200 21060 "-" "Mozlila/5.0 (Linux; Android 7.0; SM-G892A Bulid/NRD90M; wv) AppleWebKit/537.36 (KHTML, like Gecko) Version/4.0 Chrome/60.0.3112.107 Moblie Safari/537.36" "specialtymovingrigging.com"
