49.7.21.69 - - [16/Sep/2022:05:37:24 -0700] "GET / HTTP/1.1" 200 4168 "-" "Sogou web spider/4.0(+http://www.sogou.com/docs/help/webmasters.htm#07)" "www.specialtymovingrigging.com"
49.7.21.69 - - [16/Sep/2022:05:38:42 -0700] "GET / HTTP/1.1" 200 4168 "-" "Sogou web spider/4.0(+http://www.sogou.com/docs/help/webmasters.htm#07)" "specialtymovingrigging.com"
13.92.87.157 - - [16/Sep/2022:05:41:57 -0700] "GET /images/IMG_0024.JPG HTTP/1.1" 200 122152 "-" "Mozilla/5.0 (Windows NT 10.0; Win64; x64) AppleWebKit/537.36 (KHTML, like Gecko) Chrome/86.0.4240.75 Safari/537.36" "www.specialtymovingrigging.com"
34.77.127.183 - - [16/Sep/2022:05:51:22 -0700] "GET / HTTP/1.1" 200 4168 "-" "python-requests/2.28.1" "specialtymovingrigging.com"
34.140.248.32 - - [16/Sep/2022:05:51:23 -0700] "GET / HTTP/1.1" 200 4168 "-" "python-requests/2.28.1" "specialtymovingrigging.com"
185.191.171.2 - - [16/Sep/2022:05:57:47 -0700] "GET /robots.txt HTTP/1.1" 200 67 "-" "Mozilla/5.0 (compatible; SemrushBot/7~bl; +http://www.semrush.com/bot.html)" "specialtymovingrigging.com"
185.191.171.37 - - [16/Sep/2022:05:57:48 -0700] "GET /Whoweare.html HTTP/1.1" 200 3062 "-" "Mozilla/5.0 (compatible; SemrushBot/7~bl; +http://www.semrush.com/bot.html)" "specialtymovingrigging.com"
132.145.9.189 - - [16/Sep/2022:06:24:20 -0700] "GET /wp-class.php HTTP/1.1" 404 73 "-" "-" "specialtymovingrigging.com"
5.255.253.143 - - [16/Sep/2022:06:34:27 -0700] "GET /robots.txt HTTP/1.1" 200 53 "-" "Mozilla/5.0 (compatible; YandexBot/3.0; +http://yandex.com/bots)" "www.specialtymovingrigging.com"
5.45.207.101 - - [16/Sep/2022:06:34:31 -0700] "GET / HTTP/1.1" 200 4168 "-" "Mozilla/5.0 (compatible; YandexBot/3.0; +http://yandex.com/bots)" "www.specialtymovingrigging.com"
52.249.183.11 - - [16/Sep/2022:06:44:13 -0700] "GET /images/scan0003.jpg HTTP/1.1" 200 385102 "-" "Mozilla/5.0 (Windows NT 10.0; Win64; x64) AppleWebKit/537.36 (KHTML, like Gecko) Chrome/86.0.4240.75 Safari/537.36" "www.specialtymovingrigging.com"
207.46.13.168 - - [16/Sep/2022:06:55:16 -0700] "GET /images/IMG_0051.JPG HTTP/1.1" 200 122390 "-" "Mozilla/5.0 (compatible; bingbot/2.0; +http://www.bing.com/bingbot.htm)" "specialtymovingrigging.com"
207.46.13.168 - - [16/Sep/2022:07:04:18 -0700] "GET /sitebuilder/images/scan0001-210x120.jpg HTTP/1.1" 200 9003 "-" "Mozilla/5.0 (compatible; bingbot/2.0; +http://www.bing.com/bingbot.htm)" "www.specialtymovingrigging.com"
20.163.147.159 - - [16/Sep/2022:07:30:39 -0700] "GET /images/000_0050_0001.JPG HTTP/1.1" 200 630498 "-" "Mozilla/5.0 (Windows NT 10.0; Win64; x64) AppleWebKit/537.36 (KHTML, like Gecko) Chrome/86.0.4240.75 Safari/537.36" "www.specialtymovingrigging.com"
52.234.179.28 - - [16/Sep/2022:07:33:37 -0700] "GET /images/scan0002.jpg HTTP/1.1" 200 460286 "-" "Mozilla/5.0 (Windows NT 10.0; Win64; x64) AppleWebKit/537.36 (KHTML, like Gecko) Chrome/86.0.4240.75 Safari/537.36" "www.specialtymovingrigging.com"
114.119.136.190 - - [16/Sep/2022:07:47:39 -0700] "GET /robots.txt HTTP/1.1" 200 67 "-" "Mozilla/5.0 (compatible;PetalBot;+https://webmaster.petalsearch.com/site/petalbot)" "www.specialtymovingrigging.com"
52.226.227.211 - - [16/Sep/2022:08:08:48 -0700] "GET /robots.txt HTTP/1.1" 200 67 "-" "python-requests/2.27.1" "specialtymovingrigging.com"
52.226.227.211 - - [16/Sep/2022:08:08:54 -0700] "HEAD /sitebuilder/images/IMG00036_1_-319x187.jpg HTTP/1.1" 200 - "-" "Mozilla/5.0 (Windows NT 10.0; Win64; x64) AppleWebKit/537.36 (KHTML, like Gecko) Chrome/76.0.3809.100 Safari/537.36" "specialtymovingrigging.com"
49.7.21.71 - - [16/Sep/2022:08:15:06 -0700] "GET / HTTP/1.1" 200 4168 "-" "Sogou web spider/4.0(+http://www.sogou.com/docs/help/webmasters.htm#07)" "www.specialtymovingrigging.com"
52.234.179.28 - - [16/Sep/2022:08:26:42 -0700] "GET /images/IMG_0018.JPG HTTP/1.1" 200 127342 "-" "Mozilla/5.0 (Windows NT 10.0; Win64; x64) AppleWebKit/537.36 (KHTML, like Gecko) Chrome/86.0.4240.75 Safari/537.36" "www.specialtymovingrigging.com"
51.222.253.19 - - [16/Sep/2022:08:29:35 -0700] "GET /index.html HTTP/1.1" 200 4168 "-" "Mozilla/5.0 (compatible; AhrefsBot/7.0; +http://ahrefs.com/robot/)" "specialtymovingrigging.com"
52.8.2.58 - - [16/Sep/2022:08:35:42 -0700] "GET /blog/index.php/feed/ HTTP/1.1" 200 1721 "-" "robot;Owler;sthiyagarajan@owler-inc.com" "specialtymovingrigging.com"
10.247.24.52 - - [16/Sep/2022:08:35:43 -0700] "POST /blog/wp-cron.php?doing_wp_cron HTTP/1.1" 200 - "-" "WordPress/2.8.4; http://specialtymovingrigging.com/blog" "specialtymovingrigging.com"
114.119.130.109 - - [16/Sep/2022:08:44:42 -0700] "GET /robots.txt HTTP/1.1" 200 67 "-" "Mozilla/5.0 (compatible;PetalBot;+https://webmaster.petalsearch.com/site/petalbot)" "specialtymovingrigging.com"
138.197.175.225 - - [16/Sep/2022:08:44:44 -0700] "GET /wp-admin/install.php?step=1 HTTP/1.1" 404 88 "-" "Mozilla/5.0 (X11; Linux x86_64; rv:52.0) Gecko/20100101 Firefox/52.0" "specialtymovingrigging.com"
138.197.175.225 - - [16/Sep/2022:08:44:44 -0700] "GET /wp-admin/setup-config.php HTTP/1.1" 404 88 "-" "Mozilla/5.0 (X11; Linux x86_64; rv:52.0) Gecko/20100101 Firefox/52.0" "specialtymovingrigging.com"
138.197.175.225 - - [16/Sep/2022:08:44:44 -0700] "GET /new/wp-admin/install.php?step=1 HTTP/1.1" 404 88 "-" "Mozilla/5.0 (X11; Linux x86_64; rv:52.0) Gecko/20100101 Firefox/52.0" "specialtymovingrigging.com"
138.197.175.225 - - [16/Sep/2022:08:44:44 -0700] "GET /new/wp-admin/setup-config.php HTTP/1.1" 404 88 "-" "Mozilla/5.0 (X11; Linux x86_64; rv:52.0) Gecko/20100101 Firefox/52.0" "specialtymovingrigging.com"
138.197.175.225 - - [16/Sep/2022:08:44:44 -0700] "GET /blog/wp-admin/install.php?step=1 HTTP/1.1" 200 715 "-" "Mozilla/5.0 (X11; Linux x86_64; rv:52.0) Gecko/20100101 Firefox/52.0" "specialtymovingrigging.com"
138.197.175.225 - - [16/Sep/2022:08:44:45 -0700] "GET /blog/wp-admin/setup-config.php HTTP/1.1" 500 1273 "-" "Mozilla/5.0 (X11; Linux x86_64; rv:52.0) Gecko/20100101 Firefox/52.0" "specialtymovingrigging.com"
138.197.175.225 - - [16/Sep/2022:08:44:46 -0700] "GET /blogs/wp-admin/install.php?step=1 HTTP/1.1" 404 88 "-" "Mozilla/5.0 (X11; Linux x86_64; rv:52.0) Gecko/20100101 Firefox/52.0" "specialtymovingrigging.com"
138.197.175.225 - - [16/Sep/2022:08:44:46 -0700] "GET /blogs/wp-admin/setup-config.php HTTP/1.1" 404 88 "-" "Mozilla/5.0 (X11; Linux x86_64; rv:52.0) Gecko/20100101 Firefox/52.0" "specialtymovingrigging.com"
138.197.175.225 - - [16/Sep/2022:08:44:46 -0700] "GET /demo/wp-admin/install.php?step=1 HTTP/1.1" 404 88 "-" "Mozilla/5.0 (X11; Linux x86_64; rv:52.0) Gecko/20100101 Firefox/52.0" "specialtymovingrigging.com"
138.197.175.225 - - [16/Sep/2022:08:44:46 -0700] "GET /demo/wp-admin/setup-config.php HTTP/1.1" 404 88 "-" "Mozilla/5.0 (X11; Linux x86_64; rv:52.0) Gecko/20100101 Firefox/52.0" "specialtymovingrigging.com"
138.197.175.225 - - [16/Sep/2022:08:44:46 -0700] "GET /wp/wp-admin/install.php?step=1 HTTP/1.1" 404 88 "-" "Mozilla/5.0 (X11; Linux x86_64; rv:52.0) Gecko/20100101 Firefox/52.0" "specialtymovingrigging.com"
138.197.175.225 - - [16/Sep/2022:08:44:46 -0700] "GET /wp/wp-admin/setup-config.php HTTP/1.1" 404 88 "-" "Mozilla/5.0 (X11; Linux x86_64; rv:52.0) Gecko/20100101 Firefox/52.0" "specialtymovingrigging.com"
138.197.175.225 - - [16/Sep/2022:08:44:46 -0700] "GET /wordpress/wp-admin/install.php?step=1 HTTP/1.1" 404 88 "-" "Mozilla/5.0 (X11; Linux x86_64; rv:52.0) Gecko/20100101 Firefox/52.0" "specialtymovingrigging.com"
138.197.175.225 - - [16/Sep/2022:08:44:46 -0700] "GET /wordpress/wp-admin/setup-config.php HTTP/1.1" 404 88 "-" "Mozilla/5.0 (X11; Linux x86_64; rv:52.0) Gecko/20100101 Firefox/52.0" "specialtymovingrigging.com"
138.197.175.225 - - [16/Sep/2022:08:44:46 -0700] "GET /tes/wp-admin/install.php?step=1 HTTP/1.1" 404 88 "-" "Mozilla/5.0 (X11; Linux x86_64; rv:52.0) Gecko/20100101 Firefox/52.0" "specialtymovingrigging.com"
138.197.175.225 - - [16/Sep/2022:08:44:46 -0700] "GET /tes/wp-admin/setup-config.php HTTP/1.1" 404 88 "-" "Mozilla/5.0 (X11; Linux x86_64; rv:52.0) Gecko/20100101 Firefox/52.0" "specialtymovingrigging.com"
138.197.175.225 - - [16/Sep/2022:08:44:46 -0700] "GET /test/wp-admin/install.php?step=1 HTTP/1.1" 404 88 "-" "Mozilla/5.0 (X11; Linux x86_64; rv:52.0) Gecko/20100101 Firefox/52.0" "specialtymovingrigging.com"
138.197.175.225 - - [16/Sep/2022:08:44:46 -0700] "GET /test/wp-admin/setup-config.php HTTP/1.1" 404 88 "-" "Mozilla/5.0 (X11; Linux x86_64; rv:52.0) Gecko/20100101 Firefox/52.0" "specialtymovingrigging.com"
138.197.175.225 - - [16/Sep/2022:08:44:47 -0700] "GET /web/wp-admin/install.php?step=1 HTTP/1.1" 404 88 "-" "Mozilla/5.0 (X11; Linux x86_64; rv:52.0) Gecko/20100101 Firefox/52.0" "specialtymovingrigging.com"
138.197.175.225 - - [16/Sep/2022:08:44:47 -0700] "GET /web/wp-admin/setup-config.php HTTP/1.1" 404 88 "-" "Mozilla/5.0 (X11; Linux x86_64; rv:52.0) Gecko/20100101 Firefox/52.0" "specialtymovingrigging.com"
138.197.175.225 - - [16/Sep/2022:08:44:47 -0700] "GET /cms/wp-admin/install.php?step=1 HTTP/1.1" 404 88 "-" "Mozilla/5.0 (X11; Linux x86_64; rv:52.0) Gecko/20100101 Firefox/52.0" "specialtymovingrigging.com"
138.197.175.225 - - [16/Sep/2022:08:44:47 -0700] "GET /cms/wp-admin/setup-config.php HTTP/1.1" 404 88 "-" "Mozilla/5.0 (X11; Linux x86_64; rv:52.0) Gecko/20100101 Firefox/52.0" "specialtymovingrigging.com"
138.197.175.225 - - [16/Sep/2022:08:44:47 -0700] "POST /wp-admin/admin-ajax.php HTTP/1.1" 404 88 "-" "Mozilla/5.0 (X11; Linux x86_64; rv:52.0) Gecko/20100101 Firefox/52.0" "specialtymovingrigging.com"
138.197.175.225 - - [16/Sep/2022:08:44:47 -0700] "GET /wp-admin/ HTTP/1.1" 404 88 "-" "Mozilla/5.0 (X11; Linux x86_64; rv:52.0) Gecko/20100101 Firefox/52.0" "specialtymovingrigging.com"
20.85.218.85 - - [16/Sep/2022:08:56:12 -0700] "GET /images/IMG_00042.JPG HTTP/1.1" 200 155014 "-" "Mozilla/5.0 (Windows NT 10.0; Win64; x64) AppleWebKit/537.36 (KHTML, like Gecko) Chrome/86.0.4240.75 Safari/537.36" "www.specialtymovingrigging.com"
20.85.218.85 - - [16/Sep/2022:08:56:24 -0700] "GET /image654.jpg HTTP/1.1" 200 26105 "-" "Mozilla/5.0 (Windows NT 10.0; Win64; x64) AppleWebKit/537.36 (KHTML, like Gecko) Chrome/86.0.4240.75 Safari/537.36" "www.specialtymovingrigging.com"
13.92.87.157 - - [16/Sep/2022:08:59:55 -0700] "GET /image490.jpg HTTP/1.1" 200 262182 "-" "Mozilla/5.0 (Windows NT 10.0; Win64; x64) AppleWebKit/537.36 (KHTML, like Gecko) Chrome/86.0.4240.75 Safari/537.36" "www.specialtymovingrigging.com"
49.7.21.71 - - [16/Sep/2022:09:07:19 -0700] "GET / HTTP/1.1" 200 4168 "-" "Sogou web spider/4.0(+http://www.sogou.com/docs/help/webmasters.htm#07)" "www.specialtymovingrigging.com"
207.46.13.93 - - [16/Sep/2022:09:09:00 -0700] "GET /Whoweare.html HTTP/1.1" 200 3062 "-" "Mozilla/5.0 (compatible; bingbot/2.0; +http://www.bing.com/bingbot.htm)" "specialtymovingrigging.com"
20.84.102.54 - - [16/Sep/2022:09:16:14 -0700] "GET /images/8865_10151207846424685_1263408496_n.jpg HTTP/1.1" 200 54010 "-" "Mozilla/5.0 (Windows NT 10.0; Win64; x64) AppleWebKit/537.36 (KHTML, like Gecko) Chrome/86.0.4240.75 Safari/537.36" "www.specialtymovingrigging.com"
20.232.107.212 - - [16/Sep/2022:09:24:16 -0700] "GET /images/000_0052.JPG HTTP/1.1" 200 691768 "-" "Mozilla/5.0 (Windows NT 10.0; Win64; x64) AppleWebKit/537.36 (KHTML, like Gecko) Chrome/86.0.4240.75 Safari/537.36" "www.specialtymovingrigging.com"
20.85.218.162 - - [16/Sep/2022:09:26:51 -0700] "GET /images/000_0019.JPG HTTP/1.1" 200 701128 "-" "Mozilla/5.0 (Windows NT 10.0; Win64; x64) AppleWebKit/537.36 (KHTML, like Gecko) Chrome/86.0.4240.75 Safari/537.36" "www.specialtymovingrigging.com"
88.214.43.118 - - [16/Sep/2022:09:57:12 -0700] "GET /phpinf0.php HTTP/1.1" 404 88 "-" "Mozilla/5.0 (X11; Linux x86_64) AppleWebKit/537.36 (KHTML, like Gecko) Chrome/81.0.4044.129 Safari/537.36" "specialtymovingrigging.com"
88.214.43.118 - - [16/Sep/2022:09:57:13 -0700] "GET /phpinf0.php HTTP/1.1" 404 88 "-" "Mozilla/5.0 (X11; Linux x86_64) AppleWebKit/537.36 (KHTML, like Gecko) Chrome/81.0.4044.129 Safari/537.36" "specialtymovingrigging.com"
114.119.140.238 - - [16/Sep/2022:10:06:08 -0700] "GET /Service.html HTTP/1.1" 200 3811 "http://www.specialtymovingrigging.com/" "Mozilla/5.0 (Linux; Android 7.0;) AppleWebKit/537.36 (KHTML, like Gecko) Mobile Safari/537.36 (compatible; PetalBot;+https://webmaster.petalsearch.com/site/petalbot)" "www.specialtymovingrigging.com"
207.46.13.93 - - [16/Sep/2022:10:21:46 -0700] "GET /images/DSC00141.JPG HTTP/1.1" 200 6641120 "-" "Mozilla/5.0 (compatible; bingbot/2.0; +http://www.bing.com/bingbot.htm)" "www.specialtymovingrigging.com"
20.163.151.33 - - [16/Sep/2022:10:38:58 -0700] "GET /image494.jpg HTTP/1.1" 200 319104 "-" "Mozilla/5.0 (Windows NT 10.0; Win64; x64) AppleWebKit/537.36 (KHTML, like Gecko) Chrome/86.0.4240.75 Safari/537.36" "www.specialtymovingrigging.com"
114.119.138.188 - - [16/Sep/2022:10:57:17 -0700] "GET /robots.txt HTTP/1.1" 200 67 "-" "Mozilla/5.0 (compatible;PetalBot;+https://webmaster.petalsearch.com/site/petalbot)" "specialtymovingrigging.com"
84.14.205.54 - - [16/Sep/2022:11:18:51 -0700] "GET / HTTP/1.1" 200 4168 "-" "Mozilla/5.0 (X11; Linux x86_64) AppleWebKit/537.36 (KHTML, like Gecko) HeadlessChrome/64.0.3282.140 Safari/537.36" "www.specialtymovingrigging.com"
84.14.205.54 - - [16/Sep/2022:11:18:51 -0700] "GET /sitebuilder/images/000_0039-467x319.jpg HTTP/1.1" 200 35368 "http://www.specialtymovingrigging.com/" "Mozilla/5.0 (X11; Linux x86_64) AppleWebKit/537.36 (KHTML, like Gecko) HeadlessChrome/64.0.3282.140 Safari/537.36" "www.specialtymovingrigging.com"
84.14.205.54 - - [16/Sep/2022:11:18:51 -0700] "GET /sitebuilder/scripts/layers.js HTTP/1.1" 200 1140 "http://www.specialtymovingrigging.com/" "Mozilla/5.0 (X11; Linux x86_64) AppleWebKit/537.36 (KHTML, like Gecko) HeadlessChrome/64.0.3282.140 Safari/537.36" "www.specialtymovingrigging.com"
84.14.205.54 - - [16/Sep/2022:11:18:51 -0700] "GET /sitebuilder/images/bar-0-active-29906.png HTTP/1.1" 200 2339 "http://www.specialtymovingrigging.com/" "Mozilla/5.0 (X11; Linux x86_64) AppleWebKit/537.36 (KHTML, like Gecko) HeadlessChrome/64.0.3282.140 Safari/537.36" "www.specialtymovingrigging.com"
84.14.205.54 - - [16/Sep/2022:11:18:51 -0700] "GET /sitebuilder/images/smr-1109x122.png HTTP/1.1" 200 78641 "http://www.specialtymovingrigging.com/" "Mozilla/5.0 (X11; Linux x86_64) AppleWebKit/537.36 (KHTML, like Gecko) HeadlessChrome/64.0.3282.140 Safari/537.36" "www.specialtymovingrigging.com"
84.14.205.54 - - [16/Sep/2022:11:18:51 -0700] "GET /sitebuilder/images/DSC00162-421x323.jpg HTTP/1.1" 200 30025 "http://www.specialtymovingrigging.com/" "Mozilla/5.0 (X11; Linux x86_64) AppleWebKit/537.36 (KHTML, like Gecko) HeadlessChrome/64.0.3282.140 Safari/537.36" "www.specialtymovingrigging.com"
84.14.205.54 - - [16/Sep/2022:11:18:51 -0700] "GET /sitebuilder/images/bar-1-inactive-29984.png HTTP/1.1" 200 2693 "http://www.specialtymovingrigging.com/" "Mozilla/5.0 (X11; Linux x86_64) AppleWebKit/537.36 (KHTML, like Gecko) HeadlessChrome/64.0.3282.140 Safari/537.36" "www.specialtymovingrigging.com"
84.14.205.54 - - [16/Sep/2022:11:18:51 -0700] "GET /sitebuilder/images/bar-2-inactive-30125.png HTTP/1.1" 200 2681 "http://www.specialtymovingrigging.com/" "Mozilla/5.0 (X11; Linux x86_64) AppleWebKit/537.36 (KHTML, like Gecko) HeadlessChrome/64.0.3282.140 Safari/537.36" "www.specialtymovingrigging.com"
84.14.205.54 - - [16/Sep/2022:11:18:51 -0700] "GET /sitebuilder/images/bar-3-inactive-30250.png HTTP/1.1" 200 2438 "http://www.specialtymovingrigging.com/" "Mozilla/5.0 (X11; Linux x86_64) AppleWebKit/537.36 (KHTML, like Gecko) HeadlessChrome/64.0.3282.140 Safari/537.36" "www.specialtymovingrigging.com"
84.14.205.54 - - [16/Sep/2022:11:18:51 -0700] "GET /sitebuilder/images/bar-4-inactive-30375.png HTTP/1.1" 200 2501 "http://www.specialtymovingrigging.com/" "Mozilla/5.0 (X11; Linux x86_64) AppleWebKit/537.36 (KHTML, like Gecko) HeadlessChrome/64.0.3282.140 Safari/537.36" "www.specialtymovingrigging.com"
84.14.205.54 - - [16/Sep/2022:11:18:51 -0700] "GET /sitebuilder/images/image1099-247x271.png HTTP/1.1" 200 8088 "http://www.specialtymovingrigging.com/" "Mozilla/5.0 (X11; Linux x86_64) AppleWebKit/537.36 (KHTML, like Gecko) HeadlessChrome/64.0.3282.140 Safari/537.36" "www.specialtymovingrigging.com"
84.14.205.54 - - [16/Sep/2022:11:18:51 -0700] "GET /sitebuilder/images/000_0023-268x199.jpg HTTP/1.1" 200 12819 "http://www.specialtymovingrigging.com/" "Mozilla/5.0 (X11; Linux x86_64) AppleWebKit/537.36 (KHTML, like Gecko) HeadlessChrome/64.0.3282.140 Safari/537.36" "www.specialtymovingrigging.com"
84.14.205.54 - - [16/Sep/2022:11:18:51 -0700] "GET /sitebuilder/images/000_0091-405x330.jpg HTTP/1.1" 200 28383 "http://www.specialtymovingrigging.com/" "Mozilla/5.0 (X11; Linux x86_64) AppleWebKit/537.36 (KHTML, like Gecko) HeadlessChrome/64.0.3282.140 Safari/537.36" "www.specialtymovingrigging.com"
84.14.205.54 - - [16/Sep/2022:11:18:51 -0700] "GET /sitebuilder/images/100_0778-360x217.jpg HTTP/1.1" 200 18083 "http://www.specialtymovingrigging.com/" "Mozilla/5.0 (X11; Linux x86_64) AppleWebKit/537.36 (KHTML, like Gecko) HeadlessChrome/64.0.3282.140 Safari/537.36" "www.specialtymovingrigging.com"
84.14.205.54 - - [16/Sep/2022:11:18:51 -0700] "GET /sitebuilder/images/100_1251-312x216.jpg HTTP/1.1" 200 16638 "http://www.specialtymovingrigging.com/" "Mozilla/5.0 (X11; Linux x86_64) AppleWebKit/537.36 (KHTML, like Gecko) HeadlessChrome/64.0.3282.140 Safari/537.36" "www.specialtymovingrigging.com"
84.14.205.54 - - [16/Sep/2022:11:18:51 -0700] "GET /sitebuilder/images/100_1628-287x209.jpg HTTP/1.1" 200 14485 "http://www.specialtymovingrigging.com/" "Mozilla/5.0 (X11; Linux x86_64) AppleWebKit/537.36 (KHTML, like Gecko) HeadlessChrome/64.0.3282.140 Safari/537.36" "www.specialtymovingrigging.com"
84.14.205.54 - - [16/Sep/2022:11:18:52 -0700] "GET /sitebuilder/images/100_1631-364x228.jpg HTTP/1.1" 200 18502 "http://www.specialtymovingrigging.com/" "Mozilla/5.0 (X11; Linux x86_64) AppleWebKit/537.36 (KHTML, like Gecko) HeadlessChrome/64.0.3282.140 Safari/537.36" "www.specialtymovingrigging.com"
84.14.205.54 - - [16/Sep/2022:11:18:52 -0700] "GET /sitebuilder/images/IMG00290-296x223.jpg HTTP/1.1" 200 15830 "http://www.specialtymovingrigging.com/" "Mozilla/5.0 (X11; Linux x86_64) AppleWebKit/537.36 (KHTML, like Gecko) HeadlessChrome/64.0.3282.140 Safari/537.36" "www.specialtymovingrigging.com"
84.14.205.54 - - [16/Sep/2022:11:18:52 -0700] "GET /sitebuilder/images/IMG00490_1_-180x313.jpg HTTP/1.1" 200 11444 "http://www.specialtymovingrigging.com/" "Mozilla/5.0 (X11; Linux x86_64) AppleWebKit/537.36 (KHTML, like Gecko) HeadlessChrome/64.0.3282.140 Safari/537.36" "www.specialtymovingrigging.com"
84.14.205.54 - - [16/Sep/2022:11:18:52 -0700] "GET /sitebuilder/images/DSC00078-417x319.jpg HTTP/1.1" 200 28022 "http://www.specialtymovingrigging.com/" "Mozilla/5.0 (X11; Linux x86_64) AppleWebKit/537.36 (KHTML, like Gecko) HeadlessChrome/64.0.3282.140 Safari/537.36" "www.specialtymovingrigging.com"
84.14.205.54 - - [16/Sep/2022:11:18:52 -0700] "GET /sitebuilder/images/20130806_085117-695x507.jpg HTTP/1.1" 200 52763 "http://www.specialtymovingrigging.com/" "Mozilla/5.0 (X11; Linux x86_64) AppleWebKit/537.36 (KHTML, like Gecko) HeadlessChrome/64.0.3282.140 Safari/537.36" "www.specialtymovingrigging.com"
84.14.205.54 - - [16/Sep/2022:11:18:52 -0700] "GET /sitebuilder/images/371-468x309.jpg HTTP/1.1" 200 29787 "http://www.specialtymovingrigging.com/" "Mozilla/5.0 (X11; Linux x86_64) AppleWebKit/537.36 (KHTML, like Gecko) HeadlessChrome/64.0.3282.140 Safari/537.36" "www.specialtymovingrigging.com"
84.14.205.54 - - [16/Sep/2022:11:18:52 -0700] "GET /sitebuilder/images/35536_10151324149554685_372572478_n-400x250.jpg HTTP/1.1" 200 21981 "http://www.specialtymovingrigging.com/" "Mozilla/5.0 (X11; Linux x86_64) AppleWebKit/537.36 (KHTML, like Gecko) HeadlessChrome/64.0.3282.140 Safari/537.36" "www.specialtymovingrigging.com"
84.14.205.54 - - [16/Sep/2022:11:18:52 -0700] "GET /sitebuilder/images/72528_10151231096319685_1188432133_n-308x225.jpg HTTP/1.1" 200 11280 "http://www.specialtymovingrigging.com/" "Mozilla/5.0 (X11; Linux x86_64) AppleWebKit/537.36 (KHTML, like Gecko) HeadlessChrome/64.0.3282.140 Safari/537.36" "www.specialtymovingrigging.com"
84.14.205.54 - - [16/Sep/2022:11:18:52 -0700] "GET /sitebuilder/images/IMG00036_1_-319x187.jpg HTTP/1.1" 200 14486 "http://www.specialtymovingrigging.com/" "Mozilla/5.0 (X11; Linux x86_64) AppleWebKit/537.36 (KHTML, like Gecko) HeadlessChrome/64.0.3282.140 Safari/537.36" "www.specialtymovingrigging.com"
84.14.205.54 - - [16/Sep/2022:11:18:52 -0700] "GET /sitebuilder/images/IMG_1010-396x187.jpg HTTP/1.1" 200 16395 "http://www.specialtymovingrigging.com/" "Mozilla/5.0 (X11; Linux x86_64) AppleWebKit/537.36 (KHTML, like Gecko) HeadlessChrome/64.0.3282.140 Safari/537.36" "www.specialtymovingrigging.com"
52.249.183.11 - - [16/Sep/2022:11:33:30 -0700] "GET /image519.jpg HTTP/1.1" 200 205012 "-" "Mozilla/5.0 (Windows NT 10.0; Win64; x64) AppleWebKit/537.36 (KHTML, like Gecko) Chrome/86.0.4240.75 Safari/537.36" "www.specialtymovingrigging.com"
172.14.50.20 - - [16/Sep/2022:11:37:22 -0700] "GET / HTTP/1.1" 200 4168 "https://www.google.com/" "Mozilla/5.0 (Windows NT 10.0; Win64; x64) AppleWebKit/537.36 (KHTML, like Gecko) Chrome/105.0.0.0 Safari/537.36" "www.specialtymovingrigging.com"
172.14.50.20 - - [16/Sep/2022:11:37:22 -0700] "GET /sitebuilder/scripts/layers.js HTTP/1.1" 200 1140 "http://www.specialtymovingrigging.com/" "Mozilla/5.0 (Windows NT 10.0; Win64; x64) AppleWebKit/537.36 (KHTML, like Gecko) Chrome/105.0.0.0 Safari/537.36" "www.specialtymovingrigging.com"
172.14.50.20 - - [16/Sep/2022:11:37:22 -0700] "GET /sitebuilder/images/bar-1-inactive-29984.png HTTP/1.1" 200 2693 "http://www.specialtymovingrigging.com/" "Mozilla/5.0 (Windows NT 10.0; Win64; x64) AppleWebKit/537.36 (KHTML, like Gecko) Chrome/105.0.0.0 Safari/537.36" "www.specialtymovingrigging.com"
172.14.50.20 - - [16/Sep/2022:11:37:22 -0700] "GET /sitebuilder/images/bar-0-active-29906.png HTTP/1.1" 200 2339 "http://www.specialtymovingrigging.com/" "Mozilla/5.0 (Windows NT 10.0; Win64; x64) AppleWebKit/537.36 (KHTML, like Gecko) Chrome/105.0.0.0 Safari/537.36" "www.specialtymovingrigging.com"
172.14.50.20 - - [16/Sep/2022:11:37:22 -0700] "GET /sitebuilder/images/bar-2-inactive-30125.png HTTP/1.1" 200 2681 "http://www.specialtymovingrigging.com/" "Mozilla/5.0 (Windows NT 10.0; Win64; x64) AppleWebKit/537.36 (KHTML, like Gecko) Chrome/105.0.0.0 Safari/537.36" "www.specialtymovingrigging.com"
172.14.50.20 - - [16/Sep/2022:11:37:22 -0700] "GET /sitebuilder/images/bar-3-inactive-30250.png HTTP/1.1" 200 2438 "http://www.specialtymovingrigging.com/" "Mozilla/5.0 (Windows NT 10.0; Win64; x64) AppleWebKit/537.36 (KHTML, like Gecko) Chrome/105.0.0.0 Safari/537.36" "www.specialtymovingrigging.com"
172.14.50.20 - - [16/Sep/2022:11:37:22 -0700] "GET /sitebuilder/images/000_0039-467x319.jpg HTTP/1.1" 200 35368 "http://www.specialtymovingrigging.com/" "Mozilla/5.0 (Windows NT 10.0; Win64; x64) AppleWebKit/537.36 (KHTML, like Gecko) Chrome/105.0.0.0 Safari/537.36" "www.specialtymovingrigging.com"
172.14.50.20 - - [16/Sep/2022:11:37:22 -0700] "GET /sitebuilder/images/bar-4-inactive-30375.png HTTP/1.1" 200 2501 "http://www.specialtymovingrigging.com/" "Mozilla/5.0 (Windows NT 10.0; Win64; x64) AppleWebKit/537.36 (KHTML, like Gecko) Chrome/105.0.0.0 Safari/537.36" "www.specialtymovingrigging.com"
172.14.50.20 - - [16/Sep/2022:11:37:22 -0700] "GET /sitebuilder/images/image1099-247x271.png HTTP/1.1" 200 8088 "http://www.specialtymovingrigging.com/" "Mozilla/5.0 (Windows NT 10.0; Win64; x64) AppleWebKit/537.36 (KHTML, like Gecko) Chrome/105.0.0.0 Safari/537.36" "www.specialtymovingrigging.com"
172.14.50.20 - - [16/Sep/2022:11:37:22 -0700] "GET /sitebuilder/images/000_0023-268x199.jpg HTTP/1.1" 200 12819 "http://www.specialtymovingrigging.com/" "Mozilla/5.0 (Windows NT 10.0; Win64; x64) AppleWebKit/537.36 (KHTML, like Gecko) Chrome/105.0.0.0 Safari/537.36" "www.specialtymovingrigging.com"
172.14.50.20 - - [16/Sep/2022:11:37:22 -0700] "GET /sitebuilder/images/smr-1109x122.png HTTP/1.1" 200 78641 "http://www.specialtymovingrigging.com/" "Mozilla/5.0 (Windows NT 10.0; Win64; x64) AppleWebKit/537.36 (KHTML, like Gecko) Chrome/105.0.0.0 Safari/537.36" "www.specialtymovingrigging.com"
172.14.50.20 - - [16/Sep/2022:11:37:22 -0700] "GET /sitebuilder/images/100_1251-312x216.jpg HTTP/1.1" 200 16638 "http://www.specialtymovingrigging.com/" "Mozilla/5.0 (Windows NT 10.0; Win64; x64) AppleWebKit/537.36 (KHTML, like Gecko) Chrome/105.0.0.0 Safari/537.36" "www.specialtymovingrigging.com"
172.14.50.20 - - [16/Sep/2022:11:37:22 -0700] "GET /sitebuilder/images/100_0778-360x217.jpg HTTP/1.1" 200 18083 "http://www.specialtymovingrigging.com/" "Mozilla/5.0 (Windows NT 10.0; Win64; x64) AppleWebKit/537.36 (KHTML, like Gecko) Chrome/105.0.0.0 Safari/537.36" "www.specialtymovingrigging.com"
172.14.50.20 - - [16/Sep/2022:11:37:22 -0700] "GET /sitebuilder/images/000_0091-405x330.jpg HTTP/1.1" 200 28383 "http://www.specialtymovingrigging.com/" "Mozilla/5.0 (Windows NT 10.0; Win64; x64) AppleWebKit/537.36 (KHTML, like Gecko) Chrome/105.0.0.0 Safari/537.36" "www.specialtymovingrigging.com"
172.14.50.20 - - [16/Sep/2022:11:37:22 -0700] "GET /sitebuilder/images/100_1628-287x209.jpg HTTP/1.1" 200 14485 "http://www.specialtymovingrigging.com/" "Mozilla/5.0 (Windows NT 10.0; Win64; x64) AppleWebKit/537.36 (KHTML, like Gecko) Chrome/105.0.0.0 Safari/537.36" "www.specialtymovingrigging.com"
172.14.50.20 - - [16/Sep/2022:11:37:22 -0700] "GET /sitebuilder/images/IMG00290-296x223.jpg HTTP/1.1" 200 15830 "http://www.specialtymovingrigging.com/" "Mozilla/5.0 (Windows NT 10.0; Win64; x64) AppleWebKit/537.36 (KHTML, like Gecko) Chrome/105.0.0.0 Safari/537.36" "www.specialtymovingrigging.com"
172.14.50.20 - - [16/Sep/2022:11:37:22 -0700] "GET /sitebuilder/images/100_1631-364x228.jpg HTTP/1.1" 200 18502 "http://www.specialtymovingrigging.com/" "Mozilla/5.0 (Windows NT 10.0; Win64; x64) AppleWebKit/537.36 (KHTML, like Gecko) Chrome/105.0.0.0 Safari/537.36" "www.specialtymovingrigging.com"
172.14.50.20 - - [16/Sep/2022:11:37:22 -0700] "GET /sitebuilder/images/IMG00490_1_-180x313.jpg HTTP/1.1" 200 11444 "http://www.specialtymovingrigging.com/" "Mozilla/5.0 (Windows NT 10.0; Win64; x64) AppleWebKit/537.36 (KHTML, like Gecko) Chrome/105.0.0.0 Safari/537.36" "www.specialtymovingrigging.com"
172.14.50.20 - - [16/Sep/2022:11:37:22 -0700] "GET /sitebuilder/images/DSC00078-417x319.jpg HTTP/1.1" 200 28022 "http://www.specialtymovingrigging.com/" "Mozilla/5.0 (Windows NT 10.0; Win64; x64) AppleWebKit/537.36 (KHTML, like Gecko) Chrome/105.0.0.0 Safari/537.36" "www.specialtymovingrigging.com"
172.14.50.20 - - [16/Sep/2022:11:37:22 -0700] "GET /sitebuilder/images/DSC00162-421x323.jpg HTTP/1.1" 200 30025 "http://www.specialtymovingrigging.com/" "Mozilla/5.0 (Windows NT 10.0; Win64; x64) AppleWebKit/537.36 (KHTML, like Gecko) Chrome/105.0.0.0 Safari/537.36" "www.specialtymovingrigging.com"
172.14.50.20 - - [16/Sep/2022:11:37:22 -0700] "GET /sitebuilder/images/371-468x309.jpg HTTP/1.1" 200 29787 "http://www.specialtymovingrigging.com/" "Mozilla/5.0 (Windows NT 10.0; Win64; x64) AppleWebKit/537.36 (KHTML, like Gecko) Chrome/105.0.0.0 Safari/537.36" "www.specialtymovingrigging.com"
172.14.50.20 - - [16/Sep/2022:11:37:22 -0700] "GET /sitebuilder/images/35536_10151324149554685_372572478_n-400x250.jpg HTTP/1.1" 200 21981 "http://www.specialtymovingrigging.com/" "Mozilla/5.0 (Windows NT 10.0; Win64; x64) AppleWebKit/537.36 (KHTML, like Gecko) Chrome/105.0.0.0 Safari/537.36" "www.specialtymovingrigging.com"
172.14.50.20 - - [16/Sep/2022:11:37:22 -0700] "GET /sitebuilder/images/20130806_085117-695x507.jpg HTTP/1.1" 200 52763 "http://www.specialtymovingrigging.com/" "Mozilla/5.0 (Windows NT 10.0; Win64; x64) AppleWebKit/537.36 (KHTML, like Gecko) Chrome/105.0.0.0 Safari/537.36" "www.specialtymovingrigging.com"
172.14.50.20 - - [16/Sep/2022:11:37:22 -0700] "GET /sitebuilder/images/IMG00036_1_-319x187.jpg HTTP/1.1" 200 14486 "http://www.specialtymovingrigging.com/" "Mozilla/5.0 (Windows NT 10.0; Win64; x64) AppleWebKit/537.36 (KHTML, like Gecko) Chrome/105.0.0.0 Safari/537.36" "www.specialtymovingrigging.com"
172.14.50.20 - - [16/Sep/2022:11:37:22 -0700] "GET /sitebuilder/images/72528_10151231096319685_1188432133_n-308x225.jpg HTTP/1.1" 200 11280 "http://www.specialtymovingrigging.com/" "Mozilla/5.0 (Windows NT 10.0; Win64; x64) AppleWebKit/537.36 (KHTML, like Gecko) Chrome/105.0.0.0 Safari/537.36" "www.specialtymovingrigging.com"
172.14.50.20 - - [16/Sep/2022:11:37:22 -0700] "GET /sitebuilder/images/IMG_1010-396x187.jpg HTTP/1.1" 200 16395 "http://www.specialtymovingrigging.com/" "Mozilla/5.0 (Windows NT 10.0; Win64; x64) AppleWebKit/537.36 (KHTML, like Gecko) Chrome/105.0.0.0 Safari/537.36" "www.specialtymovingrigging.com"
111.207.155.211 - - [16/Sep/2022:11:45:27 -0700] "GET / HTTP/1.1" 200 21060 "-" "Mozilla/5.0 Firefox/35.0" "specialtymovingrigging.com"
52.234.179.28 - - [16/Sep/2022:11:45:44 -0700] "GET /Aircasters.html HTTP/1.1" 200 934 "-" "Mozilla/5.0 (Windows NT 10.0; Win64; x64) AppleWebKit/537.36 (KHTML, like Gecko) Chrome/86.0.4240.75 Safari/537.36" "www.specialtymovingrigging.com"
17.121.112.229 - - [16/Sep/2022:11:57:16 -0700] "GET /robots.txt HTTP/1.1" 200 67 "-" "Mozilla/5.0 (Macintosh; Intel Mac OS X 10_15_5) AppleWebKit/605.1.15 (KHTML, like Gecko) Version/13.1.1 Safari/605.1.15 (Applebot/0.1; +http://www.apple.com/go/applebot)" "www.specialtymovingrigging.com"
17.121.112.229 - - [16/Sep/2022:11:57:16 -0700] "GET /Phothos.html HTTP/1.1" 200 5419 "-" "Mozilla/5.0 (Macintosh; Intel Mac OS X 10_15_5) AppleWebKit/605.1.15 (KHTML, like Gecko) Version/13.1.1 Safari/605.1.15 (Applebot/0.1; +http://www.apple.com/go/applebot)" "www.specialtymovingrigging.com"
91.224.23.225 - - [16/Sep/2022:12:15:28 -0700] "GET /wp-login.php HTTP/1.1" 404 88 "-" "Mozilla/5.0 (Windows NT 10.0; Win64; x64; rv:96.0) Gecko/20100101 Firefox/96" "specialtymovingrigging.com"
20.85.218.162 - - [16/Sep/2022:12:15:32 -0700] "GET /image334.jpg HTTP/1.1" 200 29390 "-" "Mozilla/5.0 (Windows NT 10.0; Win64; x64) AppleWebKit/537.36 (KHTML, like Gecko) Chrome/86.0.4240.75 Safari/537.36" "www.specialtymovingrigging.com"
52.234.179.28 - - [16/Sep/2022:12:20:43 -0700] "GET /images/000_0045.JPG HTTP/1.1" 200 638882 "-" "Mozilla/5.0 (Windows NT 10.0; Win64; x64) AppleWebKit/537.36 (KHTML, like Gecko) Chrome/86.0.4240.75 Safari/537.36" "www.specialtymovingrigging.com"
20.85.218.85 - - [16/Sep/2022:12:28:17 -0700] "GET /images/000_0228.jpg HTTP/1.1" 200 642164 "-" "Mozilla/5.0 (Windows NT 10.0; Win64; x64) AppleWebKit/537.36 (KHTML, like Gecko) Chrome/86.0.4240.75 Safari/537.36" "www.specialtymovingrigging.com"
157.55.39.64 - - [16/Sep/2022:12:31:14 -0700] "GET /images/DSC00084.JPG HTTP/1.1" 200 6580666 "-" "Mozilla/5.0 (compatible; bingbot/2.0; +http://www.bing.com/bingbot.htm)" "specialtymovingrigging.com"
20.85.218.85 - - [16/Sep/2022:12:36:30 -0700] "GET /images/000_0231.jpg HTTP/1.1" 200 520118 "-" "Mozilla/5.0 (Windows NT 10.0; Win64; x64) AppleWebKit/537.36 (KHTML, like Gecko) Chrome/86.0.4240.75 Safari/537.36" "www.specialtymovingrigging.com"
20.84.102.54 - - [16/Sep/2022:12:45:42 -0700] "GET /images/IMG_0055.JPG HTTP/1.1" 200 122534 "-" "Mozilla/5.0 (Windows NT 10.0; Win64; x64) AppleWebKit/537.36 (KHTML, like Gecko) Chrome/86.0.4240.75 Safari/537.36" "www.specialtymovingrigging.com"
20.0.84.50 - - [16/Sep/2022:12:45:52 -0700] "POST /alfacgiapi/perl.alfa HTTP/1.1" 404 73 "www.google.com" "Mozlila/5.0 (Linux; Android 7.0; SM-G892A Bulid/NRD90M; wv) AppleWebKit/537.36 (KHTML, like Gecko) Version/4.0 Chrome/60.0.3112.107 Moblie Safari/537.36" "specialtymovingrigging.com"
20.84.102.54 - - [16/Sep/2022:12:46:41 -0700] "GET /images/IMG_0083.JPG HTTP/1.1" 200 101856 "-" "Mozilla/5.0 (Windows NT 10.0; Win64; x64) AppleWebKit/537.36 (KHTML, like Gecko) Chrome/86.0.4240.75 Safari/537.36" "www.specialtymovingrigging.com"
20.127.47.247 - - [16/Sep/2022:12:49:29 -0700] "GET /images/scan0001.jpg HTTP/1.1" 200 505372 "-" "Mozilla/5.0 (Windows NT 10.0; Win64; x64) AppleWebKit/537.36 (KHTML, like Gecko) Chrome/86.0.4240.75 Safari/537.36" "www.specialtymovingrigging.com"
20.127.47.247 - - [16/Sep/2022:12:50:05 -0700] "GET /images/IMG_0027.JPG HTTP/1.1" 200 178548 "-" "Mozilla/5.0 (Windows NT 10.0; Win64; x64) AppleWebKit/537.36 (KHTML, like Gecko) Chrome/86.0.4240.75 Safari/537.36" "www.specialtymovingrigging.com"
207.46.13.168 - - [16/Sep/2022:13:05:03 -0700] "GET /images/000_0048.JPG HTTP/1.1" 200 677778 "-" "Mozilla/5.0 AppleWebKit/537.36 (KHTML, like Gecko; compatible; bingbot/2.0; +http://www.bing.com/bingbot.htm) Chrome/103.0.5060.134 Safari/537.36" "www.specialtymovingrigging.com"
157.55.39.212 - - [16/Sep/2022:13:07:17 -0700] "GET /images/CIMG0655_1_.JPG HTTP/1.1" 200 2210250 "-" "Mozilla/5.0 AppleWebKit/537.36 (KHTML, like Gecko; compatible; bingbot/2.0; +http://www.bing.com/bingbot.htm) Chrome/103.0.5060.134 Safari/537.36" "www.specialtymovingrigging.com"
207.46.13.168 - - [16/Sep/2022:13:08:43 -0700] "GET /images/IMG00143.jpg HTTP/1.1" 200 588422 "-" "Mozilla/5.0 (compatible; bingbot/2.0; +http://www.bing.com/bingbot.htm)" "specialtymovingrigging.com"
196.19.243.246 - - [16/Sep/2022:13:26:54 -0700] "GET / HTTP/1.1" 200 21060 "-" "Mozilla/5.0 (Windows NT 6.3; Win64; x64) AppleWebKit/537.36 (KHTML, like Gecko) Chrome/102.0.0.0 Safari/537.36" "specialtymovingrigging.com"
49.7.21.97 - - [16/Sep/2022:13:36:25 -0700] "GET /robots.txt HTTP/1.1" 200 67 "-" "Sogou web spider/4.0(+http://www.sogou.com/docs/help/webmasters.htm#07)" "www.specialtymovingrigging.com"
207.46.13.93 - - [16/Sep/2022:13:38:14 -0700] "GET /images/000_0198.jpg HTTP/1.1" 200 680492 "-" "Mozilla/5.0 (compatible; bingbot/2.0; +http://www.bing.com/bingbot.htm)" "www.specialtymovingrigging.com"
207.46.13.168 - - [16/Sep/2022:14:06:48 -0700] "GET /images/000_0034.JPG HTTP/1.1" 200 660604 "-" "Mozilla/5.0 (compatible; bingbot/2.0; +http://www.bing.com/bingbot.htm)" "www.specialtymovingrigging.com"
93.158.92.11 - - [16/Sep/2022:14:10:03 -0700] "GET /robots.txt HTTP/1.1" 200 67 "-" "Mozilla/5.0 (Linux; Android 9; BDL8051C Build/BDL3552T; wv) AppleWebKit/537.36 (KHTML, like Gecko) Version/4.0 Chrome/66.0.3359.158 Safari/537.36" "specialtymovingrigging.com"
93.158.91.251 - - [16/Sep/2022:14:10:04 -0700] "GET /sitemap.xml HTTP/1.1" 200 178 "-" "Mozilla/5.0 (Linux; Android 9; BDL8051C Build/BDL3552T; wv) AppleWebKit/537.36 (KHTML, like Gecko) Version/4.0 Chrome/66.0.3359.158 Safari/537.36" "specialtymovingrigging.com"
93.158.91.247 - - [16/Sep/2022:14:10:04 -0700] "GET /humans.txt HTTP/1.1" 404 88 "-" "Mozilla/5.0 (Linux; Android 9; BDL8051C Build/BDL3552T; wv) AppleWebKit/537.36 (KHTML, like Gecko) Version/4.0 Chrome/66.0.3359.158 Safari/537.36" "specialtymovingrigging.com"
93.158.92.11 - - [16/Sep/2022:14:10:04 -0700] "GET /ads.txt HTTP/1.1" 404 88 "-" "Mozilla/5.0 (Linux; Android 9; BDL8051C Build/BDL3552T; wv) AppleWebKit/537.36 (KHTML, like Gecko) Version/4.0 Chrome/66.0.3359.158 Safari/537.36" "specialtymovingrigging.com"
93.158.91.245 - - [16/Sep/2022:14:10:05 -0700] "GET / HTTP/1.1" 200 4168 "-" "Mozilla/5.0 (Linux; Android 9; BDL8051C Build/BDL3552T; wv) AppleWebKit/537.36 (KHTML, like Gecko) Version/4.0 Chrome/66.0.3359.158 Safari/537.36" "specialtymovingrigging.com"
20.232.107.212 - - [16/Sep/2022:14:15:27 -0700] "GET /images/000_0199.jpg HTTP/1.1" 200 658354 "-" "Mozilla/5.0 (Windows NT 10.0; Win64; x64) AppleWebKit/537.36 (KHTML, like Gecko) Chrome/86.0.4240.75 Safari/537.36" "www.specialtymovingrigging.com"
207.46.13.168 - - [16/Sep/2022:14:15:29 -0700] "GET /images/IMG00236.jpg HTTP/1.1" 200 838159 "-" "Mozilla/5.0 (compatible; bingbot/2.0; +http://www.bing.com/bingbot.htm)" "www.specialtymovingrigging.com"
13.68.190.201 - - [16/Sep/2022:14:19:18 -0700] "GET /images/461.JPG HTTP/1.1" 200 1253806 "-" "Mozilla/5.0 (Windows NT 10.0; Win64; x64) AppleWebKit/537.36 (KHTML, like Gecko) Chrome/86.0.4240.75 Safari/537.36" "www.specialtymovingrigging.com"
52.226.210.206 - - [16/Sep/2022:14:25:42 -0700] "GET /robots.txt HTTP/1.1" 200 67 "-" "python-requests/2.27.1" "specialtymovingrigging.com"
52.226.210.206 - - [16/Sep/2022:14:26:07 -0700] "HEAD /sitebuilder/images/72528_10151231096319685_1188432133_n-308x225.jpg HTTP/1.1" 200 - "-" "Mozilla/5.0 (Windows NT 10.0; Win64; x64) AppleWebKit/537.36 (KHTML, like Gecko) Chrome/76.0.3809.100 Safari/537.36" "specialtymovingrigging.com"
20.232.107.212 - - [16/Sep/2022:14:28:29 -0700] "GET /images/Cheman_En_Su_Porsche_.JPG HTTP/1.1" 200 125029 "-" "Mozilla/5.0 (Windows NT 10.0; Win64; x64) AppleWebKit/537.36 (KHTML, like Gecko) Chrome/86.0.4240.75 Safari/537.36" "www.specialtymovingrigging.com"
157.55.39.217 - - [16/Sep/2022:14:34:57 -0700] "GET /images/IMG_0023.JPG HTTP/1.1" 200 129556 "-" "Mozilla/5.0 AppleWebKit/537.36 (KHTML, like Gecko; compatible; bingbot/2.0; +http://www.bing.com/bingbot.htm) Chrome/103.0.5060.134 Safari/537.36" "www.specialtymovingrigging.com"
54.36.148.224 - - [16/Sep/2022:14:56:26 -0700] "GET / HTTP/1.1" 200 4168 "-" "Mozilla/5.0 (compatible; AhrefsBot/7.0; +http://ahrefs.com/robot/)" "www.specialtymovingrigging.com"
207.46.13.168 - - [16/Sep/2022:15:06:14 -0700] "GET /images/IMG_00482.JPG HTTP/1.1" 200 128606 "-" "Mozilla/5.0 (compatible; bingbot/2.0; +http://www.bing.com/bingbot.htm)" "www.specialtymovingrigging.com"
35.86.133.94 - - [16/Sep/2022:15:21:36 -0700] "GET / HTTP/1.1" 200 4168 "-" "Mozilla/5.0 (X11; Linux x86_64) AppleWebKit/537.36 (KHTML, like Gecko) Chrome/83.0.4103.97 Safari/537.36" "specialtymovingrigging.com"
35.89.54.230 - - [16/Sep/2022:15:21:45 -0700] "GET / HTTP/1.1" 200 4168 "-" "Mozilla/5.0 (X11; Linux x86_64) AppleWebKit/537.36 (KHTML, like Gecko) Chrome/83.0.4103.97 Safari/537.36" "specialtymovingrigging.com"
52.25.234.41 - - [16/Sep/2022:15:22:07 -0700] "GET /favicon.ico HTTP/1.1" 404 88 "-" "Mozilla/5.0 (X11; Linux x86_64) AppleWebKit/537.36 (KHTML, like Gecko) Chrome/83.0.4103.97 Safari/537.36" "specialtymovingrigging.com"
54.68.230.153 - - [16/Sep/2022:15:22:08 -0700] "GET /favicon.ico HTTP/1.1" 404 88 "-" "Mozilla/5.0 (X11; Linux x86_64) AppleWebKit/537.36 (KHTML, like Gecko) Chrome/83.0.4103.97 Safari/537.36" "specialtymovingrigging.com"
52.25.234.41 - - [16/Sep/2022:15:22:10 -0700] "GET / HTTP/1.1" 200 4168 "-" "Mozilla/5.0 (X11; Linux x86_64) AppleWebKit/537.36 (KHTML, like Gecko) Chrome/83.0.4103.97 Safari/537.36" "specialtymovingrigging.com"
54.68.230.153 - - [16/Sep/2022:15:22:10 -0700] "GET / HTTP/1.1" 200 4168 "-" "Mozilla/5.0 (X11; Linux x86_64) AppleWebKit/537.36 (KHTML, like Gecko) Chrome/83.0.4103.97 Safari/537.36" "specialtymovingrigging.com"
34.75.27.93 - - [16/Sep/2022:15:26:45 -0700] "GET /robots.txt HTTP/1.1" 200 67 "-" "ZoominfoBot (zoominfobot at zoominfo dot com)" "www.specialtymovingrigging.com"
34.75.27.93 - - [16/Sep/2022:15:26:45 -0700] "GET / HTTP/1.1" 200 4168 "-" "ZoominfoBot (zoominfobot at zoominfo dot com)" "www.specialtymovingrigging.com"
207.46.13.168 - - [16/Sep/2022:15:45:39 -0700] "GET /images/DSC00140.JPG HTTP/1.1" 200 6680273 "-" "Mozilla/5.0 (compatible; bingbot/2.0; +http://www.bing.com/bingbot.htm)" "www.specialtymovingrigging.com"
20.84.102.54 - - [16/Sep/2022:15:58:34 -0700] "GET /image484.jpg HTTP/1.1" 200 92068 "-" "Mozilla/5.0 (Windows NT 10.0; Win64; x64) AppleWebKit/537.36 (KHTML, like Gecko) Chrome/86.0.4240.75 Safari/537.36" "www.specialtymovingrigging.com"
157.55.39.64 - - [16/Sep/2022:16:02:23 -0700] "GET /images/DSC00078.JPG HTTP/1.1" 200 6636378 "-" "Mozilla/5.0 AppleWebKit/537.36 (KHTML, like Gecko; compatible; bingbot/2.0; +http://www.bing.com/bingbot.htm) Chrome/103.0.5060.134 Safari/537.36" "www.specialtymovingrigging.com"
20.84.102.54 - - [16/Sep/2022:16:03:04 -0700] "GET /images/IMG_0001.JPG HTTP/1.1" 200 138202 "-" "Mozilla/5.0 (Windows NT 10.0; Win64; x64) AppleWebKit/537.36 (KHTML, like Gecko) Chrome/86.0.4240.75 Safari/537.36" "www.specialtymovingrigging.com"
207.46.13.168 - - [16/Sep/2022:16:19:52 -0700] "GET /images/000_0199.jpg HTTP/1.1" 200 658354 "-" "Mozilla/5.0 (compatible; bingbot/2.0; +http://www.bing.com/bingbot.htm)" "www.specialtymovingrigging.com"
157.55.39.212 - - [16/Sep/2022:16:29:56 -0700] "GET /images/DSC00158.JPG HTTP/1.1" 200 6636385 "-" "Mozilla/5.0 (compatible; bingbot/2.0; +http://www.bing.com/bingbot.htm)" "www.specialtymovingrigging.com"
157.55.39.64 - - [16/Sep/2022:16:34:36 -0700] "GET /sitebuilder/images/000_0023-268x199.jpg HTTP/1.1" 200 12819 "-" "Mozilla/5.0 (compatible; bingbot/2.0; +http://www.bing.com/bingbot.htm)" "www.specialtymovingrigging.com"
157.55.39.217 - - [16/Sep/2022:16:36:48 -0700] "GET /images/Press.jpg HTTP/1.1" 200 62376 "-" "Mozilla/5.0 (compatible; bingbot/2.0; +http://www.bing.com/bingbot.htm)" "www.specialtymovingrigging.com"
34.75.27.93 - - [16/Sep/2022:16:59:46 -0700] "GET /robots.txt HTTP/1.1" 200 67 "-" "ZoominfoBot (zoominfobot at zoominfo dot com)" "specialtymovingrigging.com"
34.75.27.93 - - [16/Sep/2022:16:59:46 -0700] "GET / HTTP/1.1" 200 4168 "-" "ZoominfoBot (zoominfobot at zoominfo dot com)" "specialtymovingrigging.com"
157.55.39.64 - - [16/Sep/2022:17:15:19 -0700] "GET /images/DSC00088.JPG HTTP/1.1" 200 6580628 "-" "Mozilla/5.0 (compatible; bingbot/2.0; +http://www.bing.com/bingbot.htm)" "specialtymovingrigging.com"
20.127.47.247 - - [16/Sep/2022:17:23:09 -0700] "GET /images/000_0131.jpg HTTP/1.1" 200 817556 "-" "Mozilla/5.0 (Windows NT 10.0; Win64; x64) AppleWebKit/537.36 (KHTML, like Gecko) Chrome/86.0.4240.75 Safari/537.36" "www.specialtymovingrigging.com"
20.85.218.85 - - [16/Sep/2022:17:25:13 -0700] "GET /images/000_0198.jpg HTTP/1.1" 200 680492 "-" "Mozilla/5.0 (Windows NT 10.0; Win64; x64) AppleWebKit/537.36 (KHTML, like Gecko) Chrome/86.0.4240.75 Safari/537.36" "www.specialtymovingrigging.com"
207.46.13.93 - - [16/Sep/2022:18:06:21 -0700] "GET /sitebuilder/images/scan0003-225x120.jpg HTTP/1.1" 200 6346 "-" "Mozilla/5.0 AppleWebKit/537.36 (KHTML, like Gecko; compatible; bingbot/2.0; +http://www.bing.com/bingbot.htm) Chrome/103.0.5060.134 Safari/537.36" "www.specialtymovingrigging.com"
114.119.139.202 - - [16/Sep/2022:18:09:31 -0700] "GET /robots.txt HTTP/1.1" 200 67 "-" "Mozilla/5.0 (compatible;PetalBot;+https://webmaster.petalsearch.com/site/petalbot)" "www.specialtymovingrigging.com"
207.46.13.168 - - [16/Sep/2022:18:25:44 -0700] "GET /images/IMG_0049.JPG HTTP/1.1" 200 124632 "-" "Mozilla/5.0 AppleWebKit/537.36 (KHTML, like Gecko; compatible; bingbot/2.0; +http://www.bing.com/bingbot.htm) Chrome/103.0.5060.134 Safari/537.36" "www.specialtymovingrigging.com"
207.46.13.92 - - [16/Sep/2022:18:27:02 -0700] "GET /sitebuilder/images/000_0240-225x135.jpg HTTP/1.1" 200 6533 "-" "Mozilla/5.0 AppleWebKit/537.36 (KHTML, like Gecko; compatible; bingbot/2.0; +http://www.bing.com/bingbot.htm) Chrome/103.0.5060.134 Safari/537.36" "www.specialtymovingrigging.com"
17.121.114.234 - - [16/Sep/2022:18:29:31 -0700] "GET / HTTP/1.1" 200 4168 "-" "Mozilla/5.0 (Macintosh; Intel Mac OS X 10_15_5) AppleWebKit/605.1.15 (KHTML, like Gecko) Version/13.1.1 Safari/605.1.15 (Applebot/0.1; +http://www.apple.com/go/applebot)" "specialtymovingrigging.com"
17.121.114.234 - - [16/Sep/2022:18:29:31 -0700] "GET /robots.txt HTTP/1.1" 200 67 "-" "Mozilla/5.0 (Macintosh; Intel Mac OS X 10_15_5) AppleWebKit/605.1.15 (KHTML, like Gecko) Version/13.1.1 Safari/605.1.15 (Applebot/0.1; +http://www.apple.com/go/applebot)" "specialtymovingrigging.com"
52.226.227.211 - - [16/Sep/2022:18:40:23 -0700] "GET /robots.txt HTTP/1.1" 200 67 "-" "python-requests/2.27.1" "specialtymovingrigging.com"
52.226.227.211 - - [16/Sep/2022:18:40:29 -0700] "HEAD /sitebuilder/images/100_1628-287x209.jpg HTTP/1.1" 200 - "-" "Mozilla/5.0 (Windows NT 10.0; Win64; x64) AppleWebKit/537.36 (KHTML, like Gecko) Chrome/76.0.3809.100 Safari/537.36" "specialtymovingrigging.com"
207.46.13.168 - - [16/Sep/2022:19:07:08 -0700] "GET /images/IMG_0021.JPG HTTP/1.1" 200 115570 "-" "Mozilla/5.0 (compatible; bingbot/2.0; +http://www.bing.com/bingbot.htm)" "www.specialtymovingrigging.com"
207.46.13.168 - - [16/Sep/2022:19:13:18 -0700] "GET /images/IMG00228.jpg HTTP/1.1" 200 525510 "-" "Mozilla/5.0 (compatible; bingbot/2.0; +http://www.bing.com/bingbot.htm)" "www.specialtymovingrigging.com"
147.78.47.249 - - [16/Sep/2022:19:14:24 -0700] "GET /_ignition/health-check/ HTTP/1.1" 404 88 "-" "Mozilla/5.0 (Windows NT 10.0; Win64; x64) AppleWebKit/537.36 (KHTML, like Gecko) Chrome/105.0.0.0 Safari/537.36" "specialtymovingrigging.com"
147.78.47.249 - - [16/Sep/2022:19:14:26 -0700] "GET /public/_ignition/health-check/ HTTP/1.1" 404 88 "-" "Mozilla/5.0 (Windows NT 10.0; Win64; x64) AppleWebKit/537.36 (KHTML, like Gecko) Chrome/105.0.0.0 Safari/537.36" "specialtymovingrigging.com"
147.78.47.249 - - [16/Sep/2022:19:14:28 -0700] "GET /wp-includes/wlwmanifest.xml HTTP/1.1" 404 88 "-" "Mozilla/5.0 (Windows NT 10.0; Win64; x64) AppleWebKit/537.36 (KHTML, like Gecko) Chrome/105.0.0.0 Safari/537.36" "specialtymovingrigging.com"
157.55.39.217 - - [16/Sep/2022:19:26:44 -0700] "GET /images/IMG00142.jpg HTTP/1.1" 200 462721 "-" "Mozilla/5.0 AppleWebKit/537.36 (KHTML, like Gecko; compatible; bingbot/2.0; +http://www.bing.com/bingbot.htm) Chrome/103.0.5060.134 Safari/537.36" "www.specialtymovingrigging.com"
13.68.190.201 - - [16/Sep/2022:19:33:42 -0700] "GET /images/IMG_0043.JPG HTTP/1.1" 200 143574 "-" "Mozilla/5.0 (Windows NT 10.0; Win64; x64) AppleWebKit/537.36 (KHTML, like Gecko) Chrome/86.0.4240.75 Safari/537.36" "www.specialtymovingrigging.com"
123.183.224.9 - - [16/Sep/2022:20:13:15 -0700] "GET / HTTP/1.1" 200 4168 "-" "Sogou web spider/4.0(+http://www.sogou.com/docs/help/webmasters.htm#07)" "specialtymovingrigging.com"
157.55.39.64 - - [16/Sep/2022:20:19:17 -0700] "GET /images/000_0021.JPG HTTP/1.1" 200 633660 "-" "Mozilla/5.0 AppleWebKit/537.36 (KHTML, like Gecko; compatible; bingbot/2.0; +http://www.bing.com/bingbot.htm) Chrome/103.0.5060.134 Safari/537.36" "www.specialtymovingrigging.com"
35.195.46.191 - - [16/Sep/2022:20:26:05 -0700] "HEAD / HTTP/1.1" 200 - "-" "Apache-HttpClient/4.5.5 (Java/11.0.9)" "www.specialtymovingrigging.com"
52.8.2.58 - - [16/Sep/2022:20:35:34 -0700] "GET /blog/index.php/feed/ HTTP/1.1" 200 1721 "-" "robot;Owler;sthiyagarajan@owler-inc.com" "specialtymovingrigging.com"
10.247.24.54 - - [16/Sep/2022:20:35:35 -0700] "POST /blog/wp-cron.php?doing_wp_cron HTTP/1.1" 200 - "-" "WordPress/2.8.4; http://specialtymovingrigging.com/blog" "specialtymovingrigging.com"
20.84.102.54 - - [16/Sep/2022:20:58:11 -0700] "GET /images/000_0048.JPG HTTP/1.1" 200 677778 "-" "Mozilla/5.0 (Windows NT 10.0; Win64; x64) AppleWebKit/537.36 (KHTML, like Gecko) Chrome/86.0.4240.75 Safari/537.36" "www.specialtymovingrigging.com"
118.184.177.2 - - [16/Sep/2022:21:12:09 -0700] "GET / HTTP/1.1" 200 4168 "-" "Sogou web spider/4.0(+http://www.sogou.com/docs/help/webmasters.htm#07)" "specialtymovingrigging.com"
20.127.47.247 - - [16/Sep/2022:21:27:21 -0700] "GET /images/000_0032.JPG HTTP/1.1" 200 656676 "-" "Mozilla/5.0 (Windows NT 10.0; Win64; x64) AppleWebKit/537.36 (KHTML, like Gecko) Chrome/86.0.4240.75 Safari/537.36" "www.specialtymovingrigging.com"
157.55.39.212 - - [16/Sep/2022:21:32:14 -0700] "GET /images/000_0029.JPG HTTP/1.1" 200 666266 "-" "Mozilla/5.0 AppleWebKit/537.36 (KHTML, like Gecko; compatible; bingbot/2.0; +http://www.bing.com/bingbot.htm) Chrome/103.0.5060.134 Safari/537.36" "specialtymovingrigging.com"
157.55.39.64 - - [16/Sep/2022:21:32:24 -0700] "GET /images/DSC00002.JPG HTTP/1.1" 200 6712861 "-" "Mozilla/5.0 (compatible; bingbot/2.0; +http://www.bing.com/bingbot.htm)" "specialtymovingrigging.com"
46.161.27.155 - - [16/Sep/2022:22:20:34 -0700] "GET /wp-login.php HTTP/1.1" 404 88 "-" "Mozilla/5.0 (Windows NT 10.0; Win64; x64) AppleWebKit/537.36 (KHTML, like Gecko) Chrome/64.0.3282.140 Safari/537.36 Edge/18.17763" "specialtymovingrigging.com"
40.77.167.96 - - [16/Sep/2022:23:02:28 -0700] "GET /robots.txt HTTP/1.1" 200 67 "-" "Mozilla/5.0 (compatible; bingbot/2.0; +http://www.bing.com/bingbot.htm)" "specialtymovingrigging.com"
40.77.167.96 - - [16/Sep/2022:23:02:28 -0700] "GET /robots.txt HTTP/1.1" 200 67 "-" "Mozilla/5.0 (compatible; bingbot/2.0; +http://www.bing.com/bingbot.htm)" "specialtymovingrigging.com"
157.55.39.64 - - [16/Sep/2022:23:02:32 -0700] "GET /images/000_0091.jpg HTTP/1.1" 200 832865 "-" "Mozilla/5.0 AppleWebKit/537.36 (KHTML, like Gecko; compatible; bingbot/2.0; +http://www.bing.com/bingbot.htm) Chrome/103.0.5060.134 Safari/537.36" "specialtymovingrigging.com"
157.55.39.64 - - [16/Sep/2022:23:07:43 -0700] "GET /images/DSC00093.JPG HTTP/1.1" 200 6675949 "-" "Mozilla/5.0 AppleWebKit/537.36 (KHTML, like Gecko; compatible; bingbot/2.0; +http://www.bing.com/bingbot.htm) Chrome/103.0.5060.134 Safari/537.36" "specialtymovingrigging.com"
207.46.13.93 - - [16/Sep/2022:23:21:50 -0700] "GET /sitebuilder/images/image1099-148x165.png HTTP/1.1" 200 4125 "-" "Mozilla/5.0 (compatible; bingbot/2.0; +http://www.bing.com/bingbot.htm)" "www.specialtymovingrigging.com"
157.55.39.217 - - [16/Sep/2022:23:54:03 -0700] "GET /images/IMG_00512.JPG HTTP/1.1" 200 142160 "-" "Mozilla/5.0 (compatible; bingbot/2.0; +http://www.bing.com/bingbot.htm)" "www.specialtymovingrigging.com"
51.222.253.13 - - [16/Sep/2022:23:57:36 -0700] "GET / HTTP/1.1" 200 4168 "-" "Mozilla/5.0 (compatible; AhrefsBot/7.0; +http://ahrefs.com/robot/)" "specialtymovingrigging.com"
195.178.120.89 - - [17/Sep/2022:00:09:08 -0700] "GET /wp-admin/admin-post.php?local-download=../../../etc/passwd&local-destination-id=../../../etc/passwd HTTP/1.1" 404 88 "www.google.com" "Mozlila/5.0 (Linux; Android 7.0; SM-G892A Bulid/NRD90M; wv) AppleWebKit/537.36 (KHTML, like Gecko) Version/4.0 Chrome/60.0.3112.107 Moblie Safari/537.36" "www.specialtymovingrigging.com"
